INSERT INTO ezcobj_state (
  default_language_id,
  group_id,
  id,
  identifier,
  language_mask,
  priority
) VALUES (
  2,
  2,
  1,
  'not_locked',
  3,
  0
);
INSERT INTO ezcobj_state (
  default_language_id,
  group_id,
  id,
  identifier,
  language_mask,
  priority
) VALUES (
  2,
  2,
  2,
  'locked',
  3,
  1
);

INSERT INTO ezcobj_state_group (
  default_language_id,
  id,
  identifier,
  language_mask
) VALUES (
  2,
  2,
  'ez_lock',
  3
);

INSERT INTO ezcobj_state_group_language (
  contentobject_state_group_id,
  description,
  language_id,
  name
) VALUES (
  2,
  '',
  3,
  'Lock'
);

INSERT INTO ezcobj_state_language (
  contentobject_state_id,
  description,
  language_id,
  name
) VALUES (
  1,
  '',
  3,
  'Not locked'
);
INSERT INTO ezcobj_state_language (
  contentobject_state_id,
  description,
  language_id,
  name
) VALUES (
  2,
  '',
  3,
  'Locked'
);

INSERT INTO ezcobj_state_link (
  contentobject_id,
  contentobject_state_id
) VALUES (
  1,
  1
);
INSERT INTO ezcobj_state_link (
  contentobject_id,
  contentobject_state_id
) VALUES (
  4,
  1
);
INSERT INTO ezcobj_state_link (
  contentobject_id,
  contentobject_state_id
) VALUES (
  10,
  1
);
INSERT INTO ezcobj_state_link (
  contentobject_id,
  contentobject_state_id
) VALUES (
  11,
  1
);
INSERT INTO ezcobj_state_link (
  contentobject_id,
  contentobject_state_id
) VALUES (
  12,
  1
);
INSERT INTO ezcobj_state_link (
  contentobject_id,
  contentobject_state_id
) VALUES (
  13,
  1
);
INSERT INTO ezcobj_state_link (
  contentobject_id,
  contentobject_state_id
) VALUES (
  14,
  1
);
INSERT INTO ezcobj_state_link (
  contentobject_id,
  contentobject_state_id
) VALUES (
  41,
  1
);
INSERT INTO ezcobj_state_link (
  contentobject_id,
  contentobject_state_id
) VALUES (
  42,
  1
);
INSERT INTO ezcobj_state_link (
  contentobject_id,
  contentobject_state_id
) VALUES (
  45,
  1
);
INSERT INTO ezcobj_state_link (
  contentobject_id,
  contentobject_state_id
) VALUES (
  49,
  1
);
INSERT INTO ezcobj_state_link (
  contentobject_id,
  contentobject_state_id
) VALUES (
  50,
  1
);
INSERT INTO ezcobj_state_link (
  contentobject_id,
  contentobject_state_id
) VALUES (
  51,
  1
);
INSERT INTO ezcobj_state_link (
  contentobject_id,
  contentobject_state_id
) VALUES (
  52,
  1
);
INSERT INTO ezcobj_state_link (
  contentobject_id,
  contentobject_state_id
) VALUES (
  54,
  1
);
INSERT INTO ezcobj_state_link (
  contentobject_id,
  contentobject_state_id
) VALUES (
  56,
  1
);

INSERT INTO ezcontent_language (
  disabled,
  id,
  locale,
  name
) VALUES (
  0,
  2,
  'eng-GB',
  'English (United Kingdom)'
);

INSERT INTO ezcontentclass (
  always_available,
  contentobject_name,
  created,
  creator_id,
  id,
  identifier,
  initial_language_id,
  is_container,
  language_mask,
  modified,
  modifier_id,
  remote_id,
  serialized_description_list,
  serialized_name_list,
  sort_field,
  sort_order,
  url_alias_name,
  version
) VALUES (
  1,
  '<short_name|name>',
  1024392098,
  14,
  1,
  'folder',
  2,
  1,
  3,
  1082454875,
  14,
  'a3d405b81be900468eb153d774f4f0d2',
  NULL,
  'a:2:{s:6:\"eng-GB\";s:6:\"Folder\";s:16:\"always-available\";s:6:\"eng-GB\";}',
  1,
  1,
  NULL,
  0
);
INSERT INTO ezcontentclass (
  always_available,
  contentobject_name,
  created,
  creator_id,
  id,
  identifier,
  initial_language_id,
  is_container,
  language_mask,
  modified,
  modifier_id,
  remote_id,
  serialized_description_list,
  serialized_name_list,
  sort_field,
  sort_order,
  url_alias_name,
  version
) VALUES (
  0,
  '<short_title|title>',
  1024392098,
  14,
  2,
  'article',
  2,
  1,
  3,
  1082454989,
  14,
  'c15b600eb9198b1924063b5a68758232',
  NULL,
  'a:2:{s:6:\"eng-GB\";s:7:\"Article\";s:16:\"always-available\";s:6:\"eng-GB\";}',
  1,
  1,
  NULL,
  0
);
INSERT INTO ezcontentclass (
  always_available,
  contentobject_name,
  created,
  creator_id,
  id,
  identifier,
  initial_language_id,
  is_container,
  language_mask,
  modified,
  modifier_id,
  remote_id,
  serialized_description_list,
  serialized_name_list,
  sort_field,
  sort_order,
  url_alias_name,
  version
) VALUES (
  1,
  '<name>',
  1024392098,
  14,
  3,
  'user_group',
  2,
  1,
  3,
  1048494743,
  14,
  '25b4268cdcd01921b808a0d854b877ef',
  NULL,
  'a:2:{s:6:\"eng-GB\";s:10:\"User group\";s:16:\"always-available\";s:6:\"eng-GB\";}',
  1,
  1,
  NULL,
  0
);
INSERT INTO ezcontentclass (
  always_available,
  contentobject_name,
  created,
  creator_id,
  id,
  identifier,
  initial_language_id,
  is_container,
  language_mask,
  modified,
  modifier_id,
  remote_id,
  serialized_description_list,
  serialized_name_list,
  sort_field,
  sort_order,
  url_alias_name,
  version
) VALUES (
  1,
  '<first_name> <last_name>',
  1024392098,
  14,
  4,
  'user',
  2,
  0,
  3,
  1082018364,
  14,
  '40faa822edc579b02c25f6bb7beec3ad',
  NULL,
  'a:2:{s:6:\"eng-GB\";s:4:\"User\";s:16:\"always-available\";s:6:\"eng-GB\";}',
  1,
  1,
  NULL,
  0
);
INSERT INTO ezcontentclass (
  always_available,
  contentobject_name,
  created,
  creator_id,
  id,
  identifier,
  initial_language_id,
  is_container,
  language_mask,
  modified,
  modifier_id,
  remote_id,
  serialized_description_list,
  serialized_name_list,
  sort_field,
  sort_order,
  url_alias_name,
  version
) VALUES (
  1,
  '<name>',
  1031484992,
  8,
  5,
  'image',
  2,
  0,
  3,
  1048494784,
  14,
  'f6df12aa74e36230eb675f364fccd25a',
  NULL,
  'a:2:{s:6:\"eng-GB\";s:5:\"Image\";s:16:\"always-available\";s:6:\"eng-GB\";}',
  1,
  1,
  NULL,
  0
);
INSERT INTO ezcontentclass (
  always_available,
  contentobject_name,
  created,
  creator_id,
  id,
  identifier,
  initial_language_id,
  is_container,
  language_mask,
  modified,
  modifier_id,
  remote_id,
  serialized_description_list,
  serialized_name_list,
  sort_field,
  sort_order,
  url_alias_name,
  version
) VALUES (
  0,
  '<name>',
  1052385361,
  14,
  11,
  'link',
  2,
  0,
  3,
  1082455072,
  14,
  '74ec6507063150bc813549b22534ad48',
  NULL,
  'a:2:{s:6:\"eng-GB\";s:4:\"Link\";s:16:\"always-available\";s:6:\"eng-GB\";}',
  1,
  1,
  NULL,
  0
);
INSERT INTO ezcontentclass (
  always_available,
  contentobject_name,
  created,
  creator_id,
  id,
  identifier,
  initial_language_id,
  is_container,
  language_mask,
  modified,
  modifier_id,
  remote_id,
  serialized_description_list,
  serialized_name_list,
  sort_field,
  sort_order,
  url_alias_name,
  version
) VALUES (
  1,
  '<name>',
  1052385472,
  14,
  12,
  'file',
  2,
  0,
  3,
  1052385669,
  14,
  '637d58bfddf164627bdfd265733280a0',
  NULL,
  'a:2:{s:6:\"eng-GB\";s:4:\"File\";s:16:\"always-available\";s:6:\"eng-GB\";}',
  1,
  1,
  NULL,
  0
);
INSERT INTO ezcontentclass (
  always_available,
  contentobject_name,
  created,
  creator_id,
  id,
  identifier,
  initial_language_id,
  is_container,
  language_mask,
  modified,
  modifier_id,
  remote_id,
  serialized_description_list,
  serialized_name_list,
  sort_field,
  sort_order,
  url_alias_name,
  version
) VALUES (
  0,
  '<subject>',
  1052385685,
  14,
  13,
  'comment',
  2,
  0,
  3,
  1082455144,
  14,
  '000c14f4f475e9f2955dedab72799941',
  NULL,
  'a:2:{s:6:\"eng-GB\";s:7:\"Comment\";s:16:\"always-available\";s:6:\"eng-GB\";}',
  1,
  1,
  NULL,
  0
);
INSERT INTO ezcontentclass (
  always_available,
  contentobject_name,
  created,
  creator_id,
  id,
  identifier,
  initial_language_id,
  is_container,
  language_mask,
  modified,
  modifier_id,
  remote_id,
  serialized_description_list,
  serialized_name_list,
  sort_field,
  sort_order,
  url_alias_name,
  version
) VALUES (
  1,
  '<name>',
  1081858024,
  14,
  14,
  'common_ini_settings',
  2,
  0,
  3,
  1081858024,
  14,
  'ffedf2e73b1ea0c3e630e42e2db9c900',
  NULL,
  'a:2:{s:6:\"eng-GB\";s:19:\"Common ini settings\";s:16:\"always-available\";s:6:\"eng-GB\";}',
  1,
  1,
  NULL,
  0
);
INSERT INTO ezcontentclass (
  always_available,
  contentobject_name,
  created,
  creator_id,
  id,
  identifier,
  initial_language_id,
  is_container,
  language_mask,
  modified,
  modifier_id,
  remote_id,
  serialized_description_list,
  serialized_name_list,
  sort_field,
  sort_order,
  url_alias_name,
  version
) VALUES (
  1,
  '<title>',
  1081858045,
  14,
  15,
  'template_look',
  2,
  0,
  3,
  1081858045,
  14,
  '59b43cd9feaaf0e45ac974fb4bbd3f92',
  NULL,
  'a:2:{s:6:\"eng-GB\";s:13:\"Template look\";s:16:\"always-available\";s:6:\"eng-GB\";}',
  1,
  1,
  NULL,
  0
);

INSERT INTO ezcontentclass_attribute (
  can_translate,
  category,
  contentclass_id,
  data_float1,
  data_float2,
  data_float3,
  data_float4,
  data_int1,
  data_int2,
  data_int3,
  data_int4,
  data_text1,
  data_text2,
  data_text3,
  data_text4,
  data_text5,
  data_type_string,
  id,
  identifier,
  is_information_collector,
  is_required,
  is_searchable,
  placement,
  serialized_data_text,
  serialized_description_list,
  serialized_name_list,
  version
) VALUES (
  1,
  '',
  2,
  0,
  0,
  0,
  0,
  255,
  0,
  0,
  0,
  'New article',
  '',
  '',
  '',
  '',
  'ezstring',
  1,
  'title',
  0,
  1,
  1,
  1,
  NULL,
  NULL,
  'a:2:{s:6:\"eng-GB\";s:5:\"Title\";s:16:\"always-available\";s:6:\"eng-GB\";}',
  0
);
INSERT INTO ezcontentclass_attribute (
  can_translate,
  category,
  contentclass_id,
  data_float1,
  data_float2,
  data_float3,
  data_float4,
  data_int1,
  data_int2,
  data_int3,
  data_int4,
  data_text1,
  data_text2,
  data_text3,
  data_text4,
  data_text5,
  data_type_string,
  id,
  identifier,
  is_information_collector,
  is_required,
  is_searchable,
  placement,
  serialized_data_text,
  serialized_description_list,
  serialized_name_list,
  version
) VALUES (
  1,
  '',
  1,
  0,
  0,
  0,
  0,
  255,
  0,
  0,
  0,
  'Folder',
  '',
  '',
  '',
  '',
  'ezstring',
  4,
  'name',
  0,
  1,
  1,
  1,
  NULL,
  NULL,
  'a:2:{s:6:\"eng-GB\";s:4:\"Name\";s:16:\"always-available\";s:6:\"eng-GB\";}',
  0
);
INSERT INTO ezcontentclass_attribute (
  can_translate,
  category,
  contentclass_id,
  data_float1,
  data_float2,
  data_float3,
  data_float4,
  data_int1,
  data_int2,
  data_int3,
  data_int4,
  data_text1,
  data_text2,
  data_text3,
  data_text4,
  data_text5,
  data_type_string,
  id,
  identifier,
  is_information_collector,
  is_required,
  is_searchable,
  placement,
  serialized_data_text,
  serialized_description_list,
  serialized_name_list,
  version
) VALUES (
  1,
  '',
  3,
  0,
  0,
  0,
  0,
  255,
  0,
  0,
  0,
  '',
  '',
  '',
  '',
  NULL,
  'ezstring',
  6,
  'name',
  0,
  1,
  1,
  1,
  NULL,
  NULL,
  'a:2:{s:6:\"eng-GB\";s:4:\"Name\";s:16:\"always-available\";s:6:\"eng-GB\";}',
  0
);
INSERT INTO ezcontentclass_attribute (
  can_translate,
  category,
  contentclass_id,
  data_float1,
  data_float2,
  data_float3,
  data_float4,
  data_int1,
  data_int2,
  data_int3,
  data_int4,
  data_text1,
  data_text2,
  data_text3,
  data_text4,
  data_text5,
  data_type_string,
  id,
  identifier,
  is_information_collector,
  is_required,
  is_searchable,
  placement,
  serialized_data_text,
  serialized_description_list,
  serialized_name_list,
  version
) VALUES (
  1,
  '',
  3,
  0,
  0,
  0,
  0,
  255,
  0,
  0,
  0,
  '',
  '',
  '',
  '',
  NULL,
  'ezstring',
  7,
  'description',
  0,
  0,
  1,
  2,
  NULL,
  NULL,
  'a:2:{s:6:\"eng-GB\";s:11:\"Description\";s:16:\"always-available\";s:6:\"eng-GB\";}',
  0
);
INSERT INTO ezcontentclass_attribute (
  can_translate,
  category,
  contentclass_id,
  data_float1,
  data_float2,
  data_float3,
  data_float4,
  data_int1,
  data_int2,
  data_int3,
  data_int4,
  data_text1,
  data_text2,
  data_text3,
  data_text4,
  data_text5,
  data_type_string,
  id,
  identifier,
  is_information_collector,
  is_required,
  is_searchable,
  placement,
  serialized_data_text,
  serialized_description_list,
  serialized_name_list,
  version
) VALUES (
  1,
  '',
  4,
  0,
  0,
  0,
  0,
  255,
  0,
  0,
  0,
  '',
  '',
  '',
  '',
  '',
  'ezstring',
  8,
  'first_name',
  0,
  1,
  1,
  1,
  NULL,
  NULL,
  'a:2:{s:6:\"eng-GB\";s:10:\"First name\";s:16:\"always-available\";s:6:\"eng-GB\";}',
  0
);
INSERT INTO ezcontentclass_attribute (
  can_translate,
  category,
  contentclass_id,
  data_float1,
  data_float2,
  data_float3,
  data_float4,
  data_int1,
  data_int2,
  data_int3,
  data_int4,
  data_text1,
  data_text2,
  data_text3,
  data_text4,
  data_text5,
  data_type_string,
  id,
  identifier,
  is_information_collector,
  is_required,
  is_searchable,
  placement,
  serialized_data_text,
  serialized_description_list,
  serialized_name_list,
  version
) VALUES (
  1,
  '',
  4,
  0,
  0,
  0,
  0,
  255,
  0,
  0,
  0,
  '',
  '',
  '',
  '',
  '',
  'ezstring',
  9,
  'last_name',
  0,
  1,
  1,
  2,
  NULL,
  NULL,
  'a:2:{s:6:\"eng-GB\";s:9:\"Last name\";s:16:\"always-available\";s:6:\"eng-GB\";}',
  0
);
INSERT INTO ezcontentclass_attribute (
  can_translate,
  category,
  contentclass_id,
  data_float1,
  data_float2,
  data_float3,
  data_float4,
  data_int1,
  data_int2,
  data_int3,
  data_int4,
  data_text1,
  data_text2,
  data_text3,
  data_text4,
  data_text5,
  data_type_string,
  id,
  identifier,
  is_information_collector,
  is_required,
  is_searchable,
  placement,
  serialized_data_text,
  serialized_description_list,
  serialized_name_list,
  version
) VALUES (
  1,
  '',
  4,
  0,
  0,
  0,
  0,
  0,
  0,
  0,
  0,
  '',
  '',
  '',
  '',
  '',
  'ezuser',
  12,
  'user_account',
  0,
  1,
  1,
  3,
  NULL,
  NULL,
  'a:2:{s:6:\"eng-GB\";s:12:\"User account\";s:16:\"always-available\";s:6:\"eng-GB\";}',
  0
);
INSERT INTO ezcontentclass_attribute (
  can_translate,
  category,
  contentclass_id,
  data_float1,
  data_float2,
  data_float3,
  data_float4,
  data_int1,
  data_int2,
  data_int3,
  data_int4,
  data_text1,
  data_text2,
  data_text3,
  data_text4,
  data_text5,
  data_type_string,
  id,
  identifier,
  is_information_collector,
  is_required,
  is_searchable,
  placement,
  serialized_data_text,
  serialized_description_list,
  serialized_name_list,
  version
) VALUES (
  1,
  '',
  5,
  0,
  0,
  0,
  0,
  150,
  0,
  0,
  0,
  '',
  '',
  '',
  '',
  NULL,
  'ezstring',
  116,
  'name',
  0,
  1,
  1,
  1,
  NULL,
  NULL,
  'a:2:{s:6:\"eng-GB\";s:4:\"Name\";s:16:\"always-available\";s:6:\"eng-GB\";}',
  0
);
INSERT INTO ezcontentclass_attribute (
  can_translate,
  category,
  contentclass_id,
  data_float1,
  data_float2,
  data_float3,
  data_float4,
  data_int1,
  data_int2,
  data_int3,
  data_int4,
  data_text1,
  data_text2,
  data_text3,
  data_text4,
  data_text5,
  data_type_string,
  id,
  identifier,
  is_information_collector,
  is_required,
  is_searchable,
  placement,
  serialized_data_text,
  serialized_description_list,
  serialized_name_list,
  version
) VALUES (
  1,
  '',
  5,
  0,
  0,
  0,
  0,
  10,
  0,
  0,
  0,
  '',
  '',
  '',
  '',
  NULL,
  'ezxmltext',
  117,
  'caption',
  0,
  0,
  1,
  2,
  NULL,
  NULL,
  'a:2:{s:6:\"eng-GB\";s:7:\"Caption\";s:16:\"always-available\";s:6:\"eng-GB\";}',
  0
);
INSERT INTO ezcontentclass_attribute (
  can_translate,
  category,
  contentclass_id,
  data_float1,
  data_float2,
  data_float3,
  data_float4,
  data_int1,
  data_int2,
  data_int3,
  data_int4,
  data_text1,
  data_text2,
  data_text3,
  data_text4,
  data_text5,
  data_type_string,
  id,
  identifier,
  is_information_collector,
  is_required,
  is_searchable,
  placement,
  serialized_data_text,
  serialized_description_list,
  serialized_name_list,
  version
) VALUES (
  1,
  '',
  5,
  0,
  0,
  0,
  0,
  2,
  0,
  0,
  0,
  '',
  '',
  '',
  '',
  NULL,
  'ezimage',
  118,
  'image',
  0,
  0,
  0,
  3,
  NULL,
  NULL,
  'a:2:{s:6:\"eng-GB\";s:5:\"Image\";s:16:\"always-available\";s:6:\"eng-GB\";}',
  0
);
INSERT INTO ezcontentclass_attribute (
  can_translate,
  category,
  contentclass_id,
  data_float1,
  data_float2,
  data_float3,
  data_float4,
  data_int1,
  data_int2,
  data_int3,
  data_int4,
  data_text1,
  data_text2,
  data_text3,
  data_text4,
  data_text5,
  data_type_string,
  id,
  identifier,
  is_information_collector,
  is_required,
  is_searchable,
  placement,
  serialized_data_text,
  serialized_description_list,
  serialized_name_list,
  version
) VALUES (
  1,
  '',
  1,
  0,
  0,
  0,
  0,
  5,
  0,
  0,
  0,
  '',
  '',
  '',
  '',
  '',
  'ezxmltext',
  119,
  'short_description',
  0,
  0,
  1,
  3,
  NULL,
  NULL,
  'a:2:{s:6:\"eng-GB\";s:17:\"Short description\";s:16:\"always-available\";s:6:\"eng-GB\";}',
  0
);
INSERT INTO ezcontentclass_attribute (
  can_translate,
  category,
  contentclass_id,
  data_float1,
  data_float2,
  data_float3,
  data_float4,
  data_int1,
  data_int2,
  data_int3,
  data_int4,
  data_text1,
  data_text2,
  data_text3,
  data_text4,
  data_text5,
  data_type_string,
  id,
  identifier,
  is_information_collector,
  is_required,
  is_searchable,
  placement,
  serialized_data_text,
  serialized_description_list,
  serialized_name_list,
  version
) VALUES (
  1,
  '',
  2,
  0,
  0,
  0,
  0,
  10,
  0,
  0,
  0,
  '',
  '',
  '',
  '',
  '',
  'ezxmltext',
  120,
  'intro',
  0,
  1,
  1,
  4,
  NULL,
  NULL,
  'a:2:{s:6:\"eng-GB\";s:5:\"Intro\";s:16:\"always-available\";s:6:\"eng-GB\";}',
  0
);
INSERT INTO ezcontentclass_attribute (
  can_translate,
  category,
  contentclass_id,
  data_float1,
  data_float2,
  data_float3,
  data_float4,
  data_int1,
  data_int2,
  data_int3,
  data_int4,
  data_text1,
  data_text2,
  data_text3,
  data_text4,
  data_text5,
  data_type_string,
  id,
  identifier,
  is_information_collector,
  is_required,
  is_searchable,
  placement,
  serialized_data_text,
  serialized_description_list,
  serialized_name_list,
  version
) VALUES (
  1,
  '',
  2,
  0,
  0,
  0,
  0,
  20,
  0,
  0,
  0,
  '',
  '',
  '',
  '',
  '',
  'ezxmltext',
  121,
  'body',
  0,
  0,
  1,
  5,
  NULL,
  NULL,
  'a:2:{s:6:\"eng-GB\";s:4:\"Body\";s:16:\"always-available\";s:6:\"eng-GB\";}',
  0
);
INSERT INTO ezcontentclass_attribute (
  can_translate,
  category,
  contentclass_id,
  data_float1,
  data_float2,
  data_float3,
  data_float4,
  data_int1,
  data_int2,
  data_int3,
  data_int4,
  data_text1,
  data_text2,
  data_text3,
  data_text4,
  data_text5,
  data_type_string,
  id,
  identifier,
  is_information_collector,
  is_required,
  is_searchable,
  placement,
  serialized_data_text,
  serialized_description_list,
  serialized_name_list,
  version
) VALUES (
  0,
  '',
  2,
  0,
  0,
  0,
  0,
  0,
  0,
  0,
  0,
  '',
  '',
  '',
  '',
  '',
  'ezboolean',
  123,
  'enable_comments',
  0,
  0,
  0,
  6,
  NULL,
  NULL,
  'a:2:{s:6:\"eng-GB\";s:15:\"Enable comments\";s:16:\"always-available\";s:6:\"eng-GB\";}',
  0
);
INSERT INTO ezcontentclass_attribute (
  can_translate,
  category,
  contentclass_id,
  data_float1,
  data_float2,
  data_float3,
  data_float4,
  data_int1,
  data_int2,
  data_int3,
  data_int4,
  data_text1,
  data_text2,
  data_text3,
  data_text4,
  data_text5,
  data_type_string,
  id,
  identifier,
  is_information_collector,
  is_required,
  is_searchable,
  placement,
  serialized_data_text,
  serialized_description_list,
  serialized_name_list,
  version
) VALUES (
  1,
  '',
  11,
  0,
  0,
  0,
  0,
  255,
  0,
  0,
  0,
  '',
  '',
  '',
  '',
  '',
  'ezstring',
  143,
  'name',
  0,
  1,
  1,
  1,
  NULL,
  NULL,
  'a:2:{s:6:\"eng-GB\";s:4:\"Name\";s:16:\"always-available\";s:6:\"eng-GB\";}',
  0
);
INSERT INTO ezcontentclass_attribute (
  can_translate,
  category,
  contentclass_id,
  data_float1,
  data_float2,
  data_float3,
  data_float4,
  data_int1,
  data_int2,
  data_int3,
  data_int4,
  data_text1,
  data_text2,
  data_text3,
  data_text4,
  data_text5,
  data_type_string,
  id,
  identifier,
  is_information_collector,
  is_required,
  is_searchable,
  placement,
  serialized_data_text,
  serialized_description_list,
  serialized_name_list,
  version
) VALUES (
  1,
  '',
  11,
  0,
  0,
  0,
  0,
  20,
  0,
  0,
  0,
  '',
  '',
  '',
  '',
  '',
  'ezxmltext',
  144,
  'description',
  0,
  0,
  1,
  2,
  NULL,
  NULL,
  'a:2:{s:6:\"eng-GB\";s:11:\"Description\";s:16:\"always-available\";s:6:\"eng-GB\";}',
  0
);
INSERT INTO ezcontentclass_attribute (
  can_translate,
  category,
  contentclass_id,
  data_float1,
  data_float2,
  data_float3,
  data_float4,
  data_int1,
  data_int2,
  data_int3,
  data_int4,
  data_text1,
  data_text2,
  data_text3,
  data_text4,
  data_text5,
  data_type_string,
  id,
  identifier,
  is_information_collector,
  is_required,
  is_searchable,
  placement,
  serialized_data_text,
  serialized_description_list,
  serialized_name_list,
  version
) VALUES (
  1,
  '',
  11,
  0,
  0,
  0,
  0,
  0,
  0,
  0,
  0,
  '',
  '',
  '',
  '',
  '',
  'ezurl',
  145,
  'location',
  0,
  0,
  0,
  3,
  NULL,
  NULL,
  'a:2:{s:6:\"eng-GB\";s:8:\"Location\";s:16:\"always-available\";s:6:\"eng-GB\";}',
  0
);
INSERT INTO ezcontentclass_attribute (
  can_translate,
  category,
  contentclass_id,
  data_float1,
  data_float2,
  data_float3,
  data_float4,
  data_int1,
  data_int2,
  data_int3,
  data_int4,
  data_text1,
  data_text2,
  data_text3,
  data_text4,
  data_text5,
  data_type_string,
  id,
  identifier,
  is_information_collector,
  is_required,
  is_searchable,
  placement,
  serialized_data_text,
  serialized_description_list,
  serialized_name_list,
  version
) VALUES (
  1,
  '',
  12,
  0,
  0,
  0,
  0,
  0,
  0,
  0,
  0,
  'New file',
  '',
  '',
  '',
  NULL,
  'ezstring',
  146,
  'name',
  0,
  1,
  1,
  1,
  NULL,
  NULL,
  'a:2:{s:6:\"eng-GB\";s:4:\"Name\";s:16:\"always-available\";s:6:\"eng-GB\";}',
  0
);
INSERT INTO ezcontentclass_attribute (
  can_translate,
  category,
  contentclass_id,
  data_float1,
  data_float2,
  data_float3,
  data_float4,
  data_int1,
  data_int2,
  data_int3,
  data_int4,
  data_text1,
  data_text2,
  data_text3,
  data_text4,
  data_text5,
  data_type_string,
  id,
  identifier,
  is_information_collector,
  is_required,
  is_searchable,
  placement,
  serialized_data_text,
  serialized_description_list,
  serialized_name_list,
  version
) VALUES (
  1,
  '',
  12,
  0,
  0,
  0,
  0,
  10,
  0,
  0,
  0,
  '',
  '',
  '',
  '',
  NULL,
  'ezxmltext',
  147,
  'description',
  0,
  0,
  1,
  2,
  NULL,
  NULL,
  'a:2:{s:6:\"eng-GB\";s:11:\"Description\";s:16:\"always-available\";s:6:\"eng-GB\";}',
  0
);
INSERT INTO ezcontentclass_attribute (
  can_translate,
  category,
  contentclass_id,
  data_float1,
  data_float2,
  data_float3,
  data_float4,
  data_int1,
  data_int2,
  data_int3,
  data_int4,
  data_text1,
  data_text2,
  data_text3,
  data_text4,
  data_text5,
  data_type_string,
  id,
  identifier,
  is_information_collector,
  is_required,
  is_searchable,
  placement,
  serialized_data_text,
  serialized_description_list,
  serialized_name_list,
  version
) VALUES (
  1,
  '',
  12,
  0,
  0,
  0,
  0,
  0,
  0,
  0,
  0,
  '',
  '',
  '',
  '',
  NULL,
  'ezbinaryfile',
  148,
  'file',
  0,
  1,
  0,
  3,
  NULL,
  NULL,
  'a:2:{s:6:\"eng-GB\";s:4:\"File\";s:16:\"always-available\";s:6:\"eng-GB\";}',
  0
);
INSERT INTO ezcontentclass_attribute (
  can_translate,
  category,
  contentclass_id,
  data_float1,
  data_float2,
  data_float3,
  data_float4,
  data_int1,
  data_int2,
  data_int3,
  data_int4,
  data_text1,
  data_text2,
  data_text3,
  data_text4,
  data_text5,
  data_type_string,
  id,
  identifier,
  is_information_collector,
  is_required,
  is_searchable,
  placement,
  serialized_data_text,
  serialized_description_list,
  serialized_name_list,
  version
) VALUES (
  1,
  '',
  13,
  0,
  0,
  0,
  0,
  100,
  0,
  0,
  0,
  '',
  '',
  '',
  '',
  '',
  'ezstring',
  149,
  'subject',
  0,
  1,
  1,
  1,
  NULL,
  NULL,
  'a:2:{s:6:\"eng-GB\";s:7:\"Subject\";s:16:\"always-available\";s:6:\"eng-GB\";}',
  0
);
INSERT INTO ezcontentclass_attribute (
  can_translate,
  category,
  contentclass_id,
  data_float1,
  data_float2,
  data_float3,
  data_float4,
  data_int1,
  data_int2,
  data_int3,
  data_int4,
  data_text1,
  data_text2,
  data_text3,
  data_text4,
  data_text5,
  data_type_string,
  id,
  identifier,
  is_information_collector,
  is_required,
  is_searchable,
  placement,
  serialized_data_text,
  serialized_description_list,
  serialized_name_list,
  version
) VALUES (
  1,
  '',
  13,
  0,
  0,
  0,
  0,
  0,
  0,
  0,
  0,
  '',
  '',
  '',
  '',
  '',
  'ezstring',
  150,
  'author',
  0,
  1,
  1,
  2,
  NULL,
  NULL,
  'a:2:{s:6:\"eng-GB\";s:6:\"Author\";s:16:\"always-available\";s:6:\"eng-GB\";}',
  0
);
INSERT INTO ezcontentclass_attribute (
  can_translate,
  category,
  contentclass_id,
  data_float1,
  data_float2,
  data_float3,
  data_float4,
  data_int1,
  data_int2,
  data_int3,
  data_int4,
  data_text1,
  data_text2,
  data_text3,
  data_text4,
  data_text5,
  data_type_string,
  id,
  identifier,
  is_information_collector,
  is_required,
  is_searchable,
  placement,
  serialized_data_text,
  serialized_description_list,
  serialized_name_list,
  version
) VALUES (
  1,
  '',
  13,
  0,
  0,
  0,
  0,
  20,
  0,
  0,
  0,
  '',
  '',
  '',
  '',
  '',
  'eztext',
  151,
  'message',
  0,
  1,
  1,
  3,
  NULL,
  NULL,
  'a:2:{s:6:\"eng-GB\";s:7:\"Message\";s:16:\"always-available\";s:6:\"eng-GB\";}',
  0
);
INSERT INTO ezcontentclass_attribute (
  can_translate,
  category,
  contentclass_id,
  data_float1,
  data_float2,
  data_float3,
  data_float4,
  data_int1,
  data_int2,
  data_int3,
  data_int4,
  data_text1,
  data_text2,
  data_text3,
  data_text4,
  data_text5,
  data_type_string,
  id,
  identifier,
  is_information_collector,
  is_required,
  is_searchable,
  placement,
  serialized_data_text,
  serialized_description_list,
  serialized_name_list,
  version
) VALUES (
  1,
  '',
  2,
  0,
  0,
  0,
  0,
  255,
  0,
  0,
  0,
  '',
  '',
  '',
  '',
  '',
  'ezstring',
  152,
  'short_title',
  0,
  0,
  1,
  2,
  NULL,
  NULL,
  'a:2:{s:6:\"eng-GB\";s:11:\"Short title\";s:16:\"always-available\";s:6:\"eng-GB\";}',
  0
);
INSERT INTO ezcontentclass_attribute (
  can_translate,
  category,
  contentclass_id,
  data_float1,
  data_float2,
  data_float3,
  data_float4,
  data_int1,
  data_int2,
  data_int3,
  data_int4,
  data_text1,
  data_text2,
  data_text3,
  data_text4,
  data_text5,
  data_type_string,
  id,
  identifier,
  is_information_collector,
  is_required,
  is_searchable,
  placement,
  serialized_data_text,
  serialized_description_list,
  serialized_name_list,
  version
) VALUES (
  1,
  '',
  2,
  0,
  0,
  0,
  0,
  0,
  0,
  0,
  0,
  '',
  '',
  '',
  '',
  '',
  'ezauthor',
  153,
  'author',
  0,
  0,
  0,
  3,
  NULL,
  NULL,
  'a:2:{s:6:\"eng-GB\";s:6:\"Author\";s:16:\"always-available\";s:6:\"eng-GB\";}',
  0
);
INSERT INTO ezcontentclass_attribute (
  can_translate,
  category,
  contentclass_id,
  data_float1,
  data_float2,
  data_float3,
  data_float4,
  data_int1,
  data_int2,
  data_int3,
  data_int4,
  data_text1,
  data_text2,
  data_text3,
  data_text4,
  data_text5,
  data_type_string,
  id,
  identifier,
  is_information_collector,
  is_required,
  is_searchable,
  placement,
  serialized_data_text,
  serialized_description_list,
  serialized_name_list,
  version
) VALUES (
  1,
  '',
  2,
  0,
  0,
  0,
  0,
  0,
  0,
  0,
  0,
  '',
  '',
  '',
  '',
  '',
  'ezobjectrelation',
  154,
  'image',
  0,
  0,
  1,
  7,
  NULL,
  NULL,
  'a:2:{s:6:\"eng-GB\";s:5:\"Image\";s:16:\"always-available\";s:6:\"eng-GB\";}',
  0
);
INSERT INTO ezcontentclass_attribute (
  can_translate,
  category,
  contentclass_id,
  data_float1,
  data_float2,
  data_float3,
  data_float4,
  data_int1,
  data_int2,
  data_int3,
  data_int4,
  data_text1,
  data_text2,
  data_text3,
  data_text4,
  data_text5,
  data_type_string,
  id,
  identifier,
  is_information_collector,
  is_required,
  is_searchable,
  placement,
  serialized_data_text,
  serialized_description_list,
  serialized_name_list,
  version
) VALUES (
  1,
  '',
  1,
  0,
  0,
  0,
  0,
  100,
  0,
  0,
  0,
  '',
  '',
  '',
  '',
  '',
  'ezstring',
  155,
  'short_name',
  0,
  0,
  1,
  2,
  NULL,
  NULL,
  'a:2:{s:6:\"eng-GB\";s:10:\"Short name\";s:16:\"always-available\";s:6:\"eng-GB\";}',
  0
);
INSERT INTO ezcontentclass_attribute (
  can_translate,
  category,
  contentclass_id,
  data_float1,
  data_float2,
  data_float3,
  data_float4,
  data_int1,
  data_int2,
  data_int3,
  data_int4,
  data_text1,
  data_text2,
  data_text3,
  data_text4,
  data_text5,
  data_type_string,
  id,
  identifier,
  is_information_collector,
  is_required,
  is_searchable,
  placement,
  serialized_data_text,
  serialized_description_list,
  serialized_name_list,
  version
) VALUES (
  1,
  '',
  1,
  0,
  0,
  0,
  0,
  20,
  0,
  0,
  0,
  '',
  '',
  '',
  '',
  '',
  'ezxmltext',
  156,
  'description',
  0,
  0,
  1,
  4,
  NULL,
  NULL,
  'a:2:{s:6:\"eng-GB\";s:11:\"Description\";s:16:\"always-available\";s:6:\"eng-GB\";}',
  0
);
INSERT INTO ezcontentclass_attribute (
  can_translate,
  category,
  contentclass_id,
  data_float1,
  data_float2,
  data_float3,
  data_float4,
  data_int1,
  data_int2,
  data_int3,
  data_int4,
  data_text1,
  data_text2,
  data_text3,
  data_text4,
  data_text5,
  data_type_string,
  id,
  identifier,
  is_information_collector,
  is_required,
  is_searchable,
  placement,
  serialized_data_text,
  serialized_description_list,
  serialized_name_list,
  version
) VALUES (
  0,
  '',
  1,
  0,
  0,
  0,
  0,
  0,
  0,
  1,
  0,
  '',
  '',
  '',
  '',
  '',
  'ezboolean',
  158,
  'show_children',
  0,
  0,
  0,
  5,
  NULL,
  NULL,
  'a:2:{s:6:\"eng-GB\";s:13:\"Show children\";s:16:\"always-available\";s:6:\"eng-GB\";}',
  0
);
INSERT INTO ezcontentclass_attribute (
  can_translate,
  category,
  contentclass_id,
  data_float1,
  data_float2,
  data_float3,
  data_float4,
  data_int1,
  data_int2,
  data_int3,
  data_int4,
  data_text1,
  data_text2,
  data_text3,
  data_text4,
  data_text5,
  data_type_string,
  id,
  identifier,
  is_information_collector,
  is_required,
  is_searchable,
  placement,
  serialized_data_text,
  serialized_description_list,
  serialized_name_list,
  version
) VALUES (
  1,
  '',
  14,
  0,
  0,
  0,
  0,
  0,
  0,
  0,
  0,
  '',
  '',
  '',
  '',
  '',
  'ezstring',
  159,
  'name',
  0,
  0,
  1,
  1,
  NULL,
  NULL,
  'a:2:{s:6:\"eng-GB\";s:4:\"Name\";s:16:\"always-available\";s:6:\"eng-GB\";}',
  0
);
INSERT INTO ezcontentclass_attribute (
  can_translate,
  category,
  contentclass_id,
  data_float1,
  data_float2,
  data_float3,
  data_float4,
  data_int1,
  data_int2,
  data_int3,
  data_int4,
  data_text1,
  data_text2,
  data_text3,
  data_text4,
  data_text5,
  data_type_string,
  id,
  identifier,
  is_information_collector,
  is_required,
  is_searchable,
  placement,
  serialized_data_text,
  serialized_description_list,
  serialized_name_list,
  version
) VALUES (
  1,
  '',
  14,
  0,
  0,
  0,
  0,
  1,
  0,
  0,
  0,
  'site.ini',
  'SiteSettings',
  'IndexPage',
  '',
  'override;user;admin;demo',
  'ezinisetting',
  160,
  'indexpage',
  0,
  0,
  0,
  2,
  NULL,
  NULL,
  'a:2:{s:6:\"eng-GB\";s:10:\"Index Page\";s:16:\"always-available\";s:6:\"eng-GB\";}',
  0
);
INSERT INTO ezcontentclass_attribute (
  can_translate,
  category,
  contentclass_id,
  data_float1,
  data_float2,
  data_float3,
  data_float4,
  data_int1,
  data_int2,
  data_int3,
  data_int4,
  data_text1,
  data_text2,
  data_text3,
  data_text4,
  data_text5,
  data_type_string,
  id,
  identifier,
  is_information_collector,
  is_required,
  is_searchable,
  placement,
  serialized_data_text,
  serialized_description_list,
  serialized_name_list,
  version
) VALUES (
  1,
  '',
  14,
  0,
  0,
  0,
  0,
  1,
  0,
  0,
  0,
  'site.ini',
  'SiteSettings',
  'DefaultPage',
  '',
  'override;user;admin;demo',
  'ezinisetting',
  161,
  'defaultpage',
  0,
  0,
  0,
  3,
  NULL,
  NULL,
  'a:2:{s:6:\"eng-GB\";s:12:\"Default Page\";s:16:\"always-available\";s:6:\"eng-GB\";}',
  0
);
INSERT INTO ezcontentclass_attribute (
  can_translate,
  category,
  contentclass_id,
  data_float1,
  data_float2,
  data_float3,
  data_float4,
  data_int1,
  data_int2,
  data_int3,
  data_int4,
  data_text1,
  data_text2,
  data_text3,
  data_text4,
  data_text5,
  data_type_string,
  id,
  identifier,
  is_information_collector,
  is_required,
  is_searchable,
  placement,
  serialized_data_text,
  serialized_description_list,
  serialized_name_list,
  version
) VALUES (
  1,
  '',
  14,
  0,
  0,
  0,
  0,
  2,
  0,
  0,
  0,
  'site.ini',
  'DebugSettings',
  'DebugOutput',
  '',
  'override;user;admin;demo',
  'ezinisetting',
  162,
  'debugoutput',
  0,
  0,
  0,
  4,
  NULL,
  NULL,
  'a:2:{s:6:\"eng-GB\";s:12:\"Debug Output\";s:16:\"always-available\";s:6:\"eng-GB\";}',
  0
);
INSERT INTO ezcontentclass_attribute (
  can_translate,
  category,
  contentclass_id,
  data_float1,
  data_float2,
  data_float3,
  data_float4,
  data_int1,
  data_int2,
  data_int3,
  data_int4,
  data_text1,
  data_text2,
  data_text3,
  data_text4,
  data_text5,
  data_type_string,
  id,
  identifier,
  is_information_collector,
  is_required,
  is_searchable,
  placement,
  serialized_data_text,
  serialized_description_list,
  serialized_name_list,
  version
) VALUES (
  1,
  '',
  14,
  0,
  0,
  0,
  0,
  2,
  0,
  0,
  0,
  'site.ini',
  'DebugSettings',
  'DebugByIP',
  '',
  'override;user;admin;demo',
  'ezinisetting',
  163,
  'debugbyip',
  0,
  0,
  0,
  5,
  NULL,
  NULL,
  'a:2:{s:6:\"eng-GB\";s:11:\"Debug By IP\";s:16:\"always-available\";s:6:\"eng-GB\";}',
  0
);
INSERT INTO ezcontentclass_attribute (
  can_translate,
  category,
  contentclass_id,
  data_float1,
  data_float2,
  data_float3,
  data_float4,
  data_int1,
  data_int2,
  data_int3,
  data_int4,
  data_text1,
  data_text2,
  data_text3,
  data_text4,
  data_text5,
  data_type_string,
  id,
  identifier,
  is_information_collector,
  is_required,
  is_searchable,
  placement,
  serialized_data_text,
  serialized_description_list,
  serialized_name_list,
  version
) VALUES (
  1,
  '',
  14,
  0,
  0,
  0,
  0,
  6,
  0,
  0,
  0,
  'site.ini',
  'DebugSettings',
  'DebugIPList',
  '',
  'override;user;admin;demo',
  'ezinisetting',
  164,
  'debugiplist',
  0,
  0,
  0,
  6,
  NULL,
  NULL,
  'a:2:{s:6:\"eng-GB\";s:13:\"Debug IP List\";s:16:\"always-available\";s:6:\"eng-GB\";}',
  0
);
INSERT INTO ezcontentclass_attribute (
  can_translate,
  category,
  contentclass_id,
  data_float1,
  data_float2,
  data_float3,
  data_float4,
  data_int1,
  data_int2,
  data_int3,
  data_int4,
  data_text1,
  data_text2,
  data_text3,
  data_text4,
  data_text5,
  data_type_string,
  id,
  identifier,
  is_information_collector,
  is_required,
  is_searchable,
  placement,
  serialized_data_text,
  serialized_description_list,
  serialized_name_list,
  version
) VALUES (
  1,
  '',
  14,
  0,
  0,
  0,
  0,
  2,
  0,
  0,
  0,
  'site.ini',
  'DebugSettings',
  'DebugRedirection',
  '',
  'override;user;admin;demo',
  'ezinisetting',
  165,
  'debugredirection',
  0,
  0,
  0,
  7,
  NULL,
  NULL,
  'a:2:{s:6:\"eng-GB\";s:17:\"Debug Redirection\";s:16:\"always-available\";s:6:\"eng-GB\";}',
  0
);
INSERT INTO ezcontentclass_attribute (
  can_translate,
  category,
  contentclass_id,
  data_float1,
  data_float2,
  data_float3,
  data_float4,
  data_int1,
  data_int2,
  data_int3,
  data_int4,
  data_text1,
  data_text2,
  data_text3,
  data_text4,
  data_text5,
  data_type_string,
  id,
  identifier,
  is_information_collector,
  is_required,
  is_searchable,
  placement,
  serialized_data_text,
  serialized_description_list,
  serialized_name_list,
  version
) VALUES (
  1,
  '',
  14,
  0,
  0,
  0,
  0,
  2,
  0,
  0,
  0,
  'site.ini',
  'ContentSettings',
  'ViewCaching',
  '',
  'override;user;admin;demo',
  'ezinisetting',
  166,
  'viewcaching',
  0,
  0,
  0,
  8,
  NULL,
  NULL,
  'a:2:{s:6:\"eng-GB\";s:12:\"View Caching\";s:16:\"always-available\";s:6:\"eng-GB\";}',
  0
);
INSERT INTO ezcontentclass_attribute (
  can_translate,
  category,
  contentclass_id,
  data_float1,
  data_float2,
  data_float3,
  data_float4,
  data_int1,
  data_int2,
  data_int3,
  data_int4,
  data_text1,
  data_text2,
  data_text3,
  data_text4,
  data_text5,
  data_type_string,
  id,
  identifier,
  is_information_collector,
  is_required,
  is_searchable,
  placement,
  serialized_data_text,
  serialized_description_list,
  serialized_name_list,
  version
) VALUES (
  1,
  '',
  14,
  0,
  0,
  0,
  0,
  2,
  0,
  0,
  0,
  'site.ini',
  'TemplateSettings',
  'TemplateCache',
  '',
  'override;user;admin;demo',
  'ezinisetting',
  167,
  'templatecache',
  0,
  0,
  0,
  9,
  NULL,
  NULL,
  'a:2:{s:6:\"eng-GB\";s:14:\"Template Cache\";s:16:\"always-available\";s:6:\"eng-GB\";}',
  0
);
INSERT INTO ezcontentclass_attribute (
  can_translate,
  category,
  contentclass_id,
  data_float1,
  data_float2,
  data_float3,
  data_float4,
  data_int1,
  data_int2,
  data_int3,
  data_int4,
  data_text1,
  data_text2,
  data_text3,
  data_text4,
  data_text5,
  data_type_string,
  id,
  identifier,
  is_information_collector,
  is_required,
  is_searchable,
  placement,
  serialized_data_text,
  serialized_description_list,
  serialized_name_list,
  version
) VALUES (
  1,
  '',
  14,
  0,
  0,
  0,
  0,
  2,
  0,
  0,
  0,
  'site.ini',
  'TemplateSettings',
  'TemplateCompile',
  '',
  'override;user;admin;demo',
  'ezinisetting',
  168,
  'templatecompile',
  0,
  0,
  0,
  10,
  NULL,
  NULL,
  'a:2:{s:6:\"eng-GB\";s:16:\"Template Compile\";s:16:\"always-available\";s:6:\"eng-GB\";}',
  0
);
INSERT INTO ezcontentclass_attribute (
  can_translate,
  category,
  contentclass_id,
  data_float1,
  data_float2,
  data_float3,
  data_float4,
  data_int1,
  data_int2,
  data_int3,
  data_int4,
  data_text1,
  data_text2,
  data_text3,
  data_text4,
  data_text5,
  data_type_string,
  id,
  identifier,
  is_information_collector,
  is_required,
  is_searchable,
  placement,
  serialized_data_text,
  serialized_description_list,
  serialized_name_list,
  version
) VALUES (
  1,
  '',
  14,
  0,
  0,
  0,
  0,
  6,
  0,
  0,
  0,
  'image.ini',
  'small',
  'Filters',
  '',
  'override;user;admin;demo',
  'ezinisetting',
  169,
  'imagesmall',
  0,
  0,
  0,
  11,
  NULL,
  NULL,
  'a:2:{s:6:\"eng-GB\";s:16:\"Image Small Size\";s:16:\"always-available\";s:6:\"eng-GB\";}',
  0
);
INSERT INTO ezcontentclass_attribute (
  can_translate,
  category,
  contentclass_id,
  data_float1,
  data_float2,
  data_float3,
  data_float4,
  data_int1,
  data_int2,
  data_int3,
  data_int4,
  data_text1,
  data_text2,
  data_text3,
  data_text4,
  data_text5,
  data_type_string,
  id,
  identifier,
  is_information_collector,
  is_required,
  is_searchable,
  placement,
  serialized_data_text,
  serialized_description_list,
  serialized_name_list,
  version
) VALUES (
  1,
  '',
  14,
  0,
  0,
  0,
  0,
  6,
  0,
  0,
  0,
  'image.ini',
  'medium',
  'Filters',
  '',
  'override;user;admin;demo',
  'ezinisetting',
  170,
  'imagemedium',
  0,
  0,
  0,
  12,
  NULL,
  NULL,
  'a:2:{s:6:\"eng-GB\";s:17:\"Image Medium Size\";s:16:\"always-available\";s:6:\"eng-GB\";}',
  0
);
INSERT INTO ezcontentclass_attribute (
  can_translate,
  category,
  contentclass_id,
  data_float1,
  data_float2,
  data_float3,
  data_float4,
  data_int1,
  data_int2,
  data_int3,
  data_int4,
  data_text1,
  data_text2,
  data_text3,
  data_text4,
  data_text5,
  data_type_string,
  id,
  identifier,
  is_information_collector,
  is_required,
  is_searchable,
  placement,
  serialized_data_text,
  serialized_description_list,
  serialized_name_list,
  version
) VALUES (
  1,
  '',
  14,
  0,
  0,
  0,
  0,
  6,
  0,
  0,
  0,
  'image.ini',
  'large',
  'Filters',
  '',
  'override;user;admin;demo',
  'ezinisetting',
  171,
  'imagelarge',
  0,
  0,
  0,
  13,
  NULL,
  NULL,
  'a:2:{s:6:\"eng-GB\";s:16:\"Image Large Size\";s:16:\"always-available\";s:6:\"eng-GB\";}',
  0
);
INSERT INTO ezcontentclass_attribute (
  can_translate,
  category,
  contentclass_id,
  data_float1,
  data_float2,
  data_float3,
  data_float4,
  data_int1,
  data_int2,
  data_int3,
  data_int4,
  data_text1,
  data_text2,
  data_text3,
  data_text4,
  data_text5,
  data_type_string,
  id,
  identifier,
  is_information_collector,
  is_required,
  is_searchable,
  placement,
  serialized_data_text,
  serialized_description_list,
  serialized_name_list,
  version
) VALUES (
  1,
  '',
  15,
  0,
  0,
  0,
  0,
  1,
  0,
  0,
  0,
  'site.ini',
  'SiteSettings',
  'SiteName',
  '',
  'override;user;admin;demo',
  'ezinisetting',
  172,
  'title',
  0,
  0,
  0,
  1,
  NULL,
  NULL,
  'a:2:{s:6:\"eng-GB\";s:5:\"Title\";s:16:\"always-available\";s:6:\"eng-GB\";}',
  0
);
INSERT INTO ezcontentclass_attribute (
  can_translate,
  category,
  contentclass_id,
  data_float1,
  data_float2,
  data_float3,
  data_float4,
  data_int1,
  data_int2,
  data_int3,
  data_int4,
  data_text1,
  data_text2,
  data_text3,
  data_text4,
  data_text5,
  data_type_string,
  id,
  identifier,
  is_information_collector,
  is_required,
  is_searchable,
  placement,
  serialized_data_text,
  serialized_description_list,
  serialized_name_list,
  version
) VALUES (
  1,
  '',
  15,
  0,
  0,
  0,
  0,
  6,
  0,
  0,
  0,
  'site.ini',
  'SiteSettings',
  'MetaDataArray',
  '',
  'override;user;admin;demo',
  'ezinisetting',
  173,
  'meta_data',
  0,
  0,
  0,
  2,
  NULL,
  NULL,
  'a:2:{s:6:\"eng-GB\";s:9:\"Meta data\";s:16:\"always-available\";s:6:\"eng-GB\";}',
  0
);
INSERT INTO ezcontentclass_attribute (
  can_translate,
  category,
  contentclass_id,
  data_float1,
  data_float2,
  data_float3,
  data_float4,
  data_int1,
  data_int2,
  data_int3,
  data_int4,
  data_text1,
  data_text2,
  data_text3,
  data_text4,
  data_text5,
  data_type_string,
  id,
  identifier,
  is_information_collector,
  is_required,
  is_searchable,
  placement,
  serialized_data_text,
  serialized_description_list,
  serialized_name_list,
  version
) VALUES (
  1,
  '',
  15,
  0,
  0,
  0,
  0,
  0,
  0,
  0,
  0,
  '',
  '',
  '',
  '',
  '',
  'ezimage',
  174,
  'image',
  0,
  0,
  0,
  3,
  NULL,
  NULL,
  'a:2:{s:6:\"eng-GB\";s:5:\"Image\";s:16:\"always-available\";s:6:\"eng-GB\";}',
  0
);
INSERT INTO ezcontentclass_attribute (
  can_translate,
  category,
  contentclass_id,
  data_float1,
  data_float2,
  data_float3,
  data_float4,
  data_int1,
  data_int2,
  data_int3,
  data_int4,
  data_text1,
  data_text2,
  data_text3,
  data_text4,
  data_text5,
  data_type_string,
  id,
  identifier,
  is_information_collector,
  is_required,
  is_searchable,
  placement,
  serialized_data_text,
  serialized_description_list,
  serialized_name_list,
  version
) VALUES (
  1,
  '',
  15,
  0,
  0,
  0,
  0,
  0,
  0,
  0,
  0,
  'sitestyle',
  '',
  '',
  '',
  '',
  'ezpackage',
  175,
  'sitestyle',
  0,
  0,
  0,
  4,
  NULL,
  NULL,
  'a:2:{s:6:\"eng-GB\";s:9:\"Sitestyle\";s:16:\"always-available\";s:6:\"eng-GB\";}',
  0
);
INSERT INTO ezcontentclass_attribute (
  can_translate,
  category,
  contentclass_id,
  data_float1,
  data_float2,
  data_float3,
  data_float4,
  data_int1,
  data_int2,
  data_int3,
  data_int4,
  data_text1,
  data_text2,
  data_text3,
  data_text4,
  data_text5,
  data_type_string,
  id,
  identifier,
  is_information_collector,
  is_required,
  is_searchable,
  placement,
  serialized_data_text,
  serialized_description_list,
  serialized_name_list,
  version
) VALUES (
  1,
  '',
  15,
  0,
  0,
  0,
  0,
  0,
  0,
  0,
  0,
  '',
  '',
  '',
  '',
  '',
  'ezstring',
  176,
  'id',
  0,
  0,
  1,
  5,
  NULL,
  NULL,
  'a:2:{s:6:\"eng-GB\";s:2:\"id\";s:16:\"always-available\";s:6:\"eng-GB\";}',
  0
);
INSERT INTO ezcontentclass_attribute (
  can_translate,
  category,
  contentclass_id,
  data_float1,
  data_float2,
  data_float3,
  data_float4,
  data_int1,
  data_int2,
  data_int3,
  data_int4,
  data_text1,
  data_text2,
  data_text3,
  data_text4,
  data_text5,
  data_type_string,
  id,
  identifier,
  is_information_collector,
  is_required,
  is_searchable,
  placement,
  serialized_data_text,
  serialized_description_list,
  serialized_name_list,
  version
) VALUES (
  1,
  '',
  15,
  0,
  0,
  0,
  0,
  1,
  0,
  0,
  0,
  'site.ini',
  'MailSettings',
  'AdminEmail',
  '',
  'override;user;admin;demo',
  'ezinisetting',
  177,
  'email',
  0,
  0,
  0,
  6,
  NULL,
  NULL,
  'a:2:{s:6:\"eng-GB\";s:5:\"Email\";s:16:\"always-available\";s:6:\"eng-GB\";}',
  0
);
INSERT INTO ezcontentclass_attribute (
  can_translate,
  category,
  contentclass_id,
  data_float1,
  data_float2,
  data_float3,
  data_float4,
  data_int1,
  data_int2,
  data_int3,
  data_int4,
  data_text1,
  data_text2,
  data_text3,
  data_text4,
  data_text5,
  data_type_string,
  id,
  identifier,
  is_information_collector,
  is_required,
  is_searchable,
  placement,
  serialized_data_text,
  serialized_description_list,
  serialized_name_list,
  version
) VALUES (
  1,
  '',
  15,
  0,
  0,
  0,
  0,
  1,
  0,
  0,
  0,
  'site.ini',
  'SiteSettings',
  'SiteURL',
  '',
  'override;user;admin;demo',
  'ezinisetting',
  178,
  'siteurl',
  0,
  0,
  0,
  7,
  NULL,
  NULL,
  'a:2:{s:6:\"eng-GB\";s:8:\"Site URL\";s:16:\"always-available\";s:6:\"eng-GB\";}',
  0
);
INSERT INTO ezcontentclass_attribute (
  can_translate,
  category,
  contentclass_id,
  data_float1,
  data_float2,
  data_float3,
  data_float4,
  data_int1,
  data_int2,
  data_int3,
  data_int4,
  data_text1,
  data_text2,
  data_text3,
  data_text4,
  data_text5,
  data_type_string,
  id,
  identifier,
  is_information_collector,
  is_required,
  is_searchable,
  placement,
  serialized_data_text,
  serialized_description_list,
  serialized_name_list,
  version
) VALUES (
  1,
  '',
  4,
  0,
  0,
  0,
  0,
  10,
  0,
  0,
  0,
  '',
  '',
  '',
  '',
  '',
  'eztext',
  179,
  'signature',
  0,
  0,
  1,
  4,
  NULL,
  NULL,
  'a:2:{s:6:\"eng-GB\";s:9:\"Signature\";s:16:\"always-available\";s:6:\"eng-GB\";}',
  0
);
INSERT INTO ezcontentclass_attribute (
  can_translate,
  category,
  contentclass_id,
  data_float1,
  data_float2,
  data_float3,
  data_float4,
  data_int1,
  data_int2,
  data_int3,
  data_int4,
  data_text1,
  data_text2,
  data_text3,
  data_text4,
  data_text5,
  data_type_string,
  id,
  identifier,
  is_information_collector,
  is_required,
  is_searchable,
  placement,
  serialized_data_text,
  serialized_description_list,
  serialized_name_list,
  version
) VALUES (
  1,
  '',
  4,
  0,
  0,
  0,
  0,
  1,
  0,
  0,
  0,
  '',
  '',
  '',
  '',
  '',
  'ezimage',
  180,
  'image',
  0,
  0,
  0,
  5,
  NULL,
  NULL,
  'a:2:{s:6:\"eng-GB\";s:5:\"Image\";s:16:\"always-available\";s:6:\"eng-GB\";}',
  0
);

INSERT INTO ezcontentclass_classgroup (
  contentclass_id,
  contentclass_version,
  group_id,
  group_name
) VALUES (
  1,
  0,
  1,
  'Content'
);
INSERT INTO ezcontentclass_classgroup (
  contentclass_id,
  contentclass_version,
  group_id,
  group_name
) VALUES (
  2,
  0,
  1,
  'Content'
);
INSERT INTO ezcontentclass_classgroup (
  contentclass_id,
  contentclass_version,
  group_id,
  group_name
) VALUES (
  3,
  0,
  2,
  'Users'
);
INSERT INTO ezcontentclass_classgroup (
  contentclass_id,
  contentclass_version,
  group_id,
  group_name
) VALUES (
  4,
  0,
  2,
  'Users'
);
INSERT INTO ezcontentclass_classgroup (
  contentclass_id,
  contentclass_version,
  group_id,
  group_name
) VALUES (
  5,
  0,
  3,
  'Media'
);
INSERT INTO ezcontentclass_classgroup (
  contentclass_id,
  contentclass_version,
  group_id,
  group_name
) VALUES (
  11,
  0,
  1,
  'Content'
);
INSERT INTO ezcontentclass_classgroup (
  contentclass_id,
  contentclass_version,
  group_id,
  group_name
) VALUES (
  12,
  0,
  3,
  'Media'
);
INSERT INTO ezcontentclass_classgroup (
  contentclass_id,
  contentclass_version,
  group_id,
  group_name
) VALUES (
  13,
  0,
  1,
  'Content'
);
INSERT INTO ezcontentclass_classgroup (
  contentclass_id,
  contentclass_version,
  group_id,
  group_name
) VALUES (
  14,
  0,
  4,
  'Setup'
);
INSERT INTO ezcontentclass_classgroup (
  contentclass_id,
  contentclass_version,
  group_id,
  group_name
) VALUES (
  15,
  0,
  4,
  'Setup'
);

INSERT INTO ezcontentclass_name (
  contentclass_id,
  contentclass_version,
  language_id,
  language_locale,
  name
) VALUES (
  1,
  0,
  3,
  'eng-GB',
  'Folder'
);
INSERT INTO ezcontentclass_name (
  contentclass_id,
  contentclass_version,
  language_id,
  language_locale,
  name
) VALUES (
  2,
  0,
  3,
  'eng-GB',
  'Article'
);
INSERT INTO ezcontentclass_name (
  contentclass_id,
  contentclass_version,
  language_id,
  language_locale,
  name
) VALUES (
  3,
  0,
  3,
  'eng-GB',
  'User group'
);
INSERT INTO ezcontentclass_name (
  contentclass_id,
  contentclass_version,
  language_id,
  language_locale,
  name
) VALUES (
  4,
  0,
  3,
  'eng-GB',
  'User'
);
INSERT INTO ezcontentclass_name (
  contentclass_id,
  contentclass_version,
  language_id,
  language_locale,
  name
) VALUES (
  5,
  0,
  3,
  'eng-GB',
  'Image'
);
INSERT INTO ezcontentclass_name (
  contentclass_id,
  contentclass_version,
  language_id,
  language_locale,
  name
) VALUES (
  11,
  0,
  3,
  'eng-GB',
  'Link'
);
INSERT INTO ezcontentclass_name (
  contentclass_id,
  contentclass_version,
  language_id,
  language_locale,
  name
) VALUES (
  12,
  0,
  3,
  'eng-GB',
  'File'
);
INSERT INTO ezcontentclass_name (
  contentclass_id,
  contentclass_version,
  language_id,
  language_locale,
  name
) VALUES (
  13,
  0,
  3,
  'eng-GB',
  'Comment'
);
INSERT INTO ezcontentclass_name (
  contentclass_id,
  contentclass_version,
  language_id,
  language_locale,
  name
) VALUES (
  14,
  0,
  3,
  'eng-GB',
  'Common ini settings'
);
INSERT INTO ezcontentclass_name (
  contentclass_id,
  contentclass_version,
  language_id,
  language_locale,
  name
) VALUES (
  15,
  0,
  3,
  'eng-GB',
  'Template look'
);

INSERT INTO ezcontentclassgroup (
  created,
  creator_id,
  id,
  modified,
  modifier_id,
  name
) VALUES (
  1031216928,
  14,
  1,
  1033922106,
  14,
  'Content'
);
INSERT INTO ezcontentclassgroup (
  created,
  creator_id,
  id,
  modified,
  modifier_id,
  name
) VALUES (
  1031216941,
  14,
  2,
  1033922113,
  14,
  'Users'
);
INSERT INTO ezcontentclassgroup (
  created,
  creator_id,
  id,
  modified,
  modifier_id,
  name
) VALUES (
  1032009743,
  14,
  3,
  1033922120,
  14,
  'Media'
);
INSERT INTO ezcontentclassgroup (
  created,
  creator_id,
  id,
  modified,
  modifier_id,
  name
) VALUES (
  1081858024,
  14,
  4,
  1081858024,
  14,
  'Setup'
);

INSERT INTO ezcontentobject (
  contentclass_id,
  current_version,
  id,
  initial_language_id,
  is_published,
  language_mask,
  modified,
  name,
  owner_id,
  published,
  remote_id,
  section_id,
  status
) VALUES (
  1,
  3,
  1,
  2,
  0,
  3,
  1101387881,
  'eZ Publish',
  14,
  1033917596,
  '9459d3c29e15006e45197295722c7ade',
  1,
  1
);
INSERT INTO ezcontentobject (
  contentclass_id,
  current_version,
  id,
  initial_language_id,
  is_published,
  language_mask,
  modified,
  name,
  owner_id,
  published,
  remote_id,
  section_id,
  status
) VALUES (
  3,
  1,
  4,
  2,
  0,
  3,
  1033917596,
  'Users',
  14,
  1033917596,
  'f5c88a2209584891056f987fd965b0ba',
  2,
  1
);
INSERT INTO ezcontentobject (
  contentclass_id,
  current_version,
  id,
  initial_language_id,
  is_published,
  language_mask,
  modified,
  name,
  owner_id,
  published,
  remote_id,
  section_id,
  status
) VALUES (
  4,
  2,
  10,
  2,
  0,
  3,
  1072180405,
  'Anonymous User',
  14,
  1033920665,
  'faaeb9be3bd98ed09f606fc16d144eca',
  2,
  1
);
INSERT INTO ezcontentobject (
  contentclass_id,
  current_version,
  id,
  initial_language_id,
  is_published,
  language_mask,
  modified,
  name,
  owner_id,
  published,
  remote_id,
  section_id,
  status
) VALUES (
  3,
  1,
  11,
  2,
  0,
  3,
  1033920746,
  'Guest accounts',
  14,
  1033920746,
  '5f7f0bdb3381d6a461d8c29ff53d908f',
  2,
  1
);
INSERT INTO ezcontentobject (
  contentclass_id,
  current_version,
  id,
  initial_language_id,
  is_published,
  language_mask,
  modified,
  name,
  owner_id,
  published,
  remote_id,
  section_id,
  status
) VALUES (
  3,
  1,
  12,
  2,
  0,
  3,
  1033920775,
  'Administrator users',
  14,
  1033920775,
  '9b47a45624b023b1a76c73b74d704acf',
  2,
  1
);
INSERT INTO ezcontentobject (
  contentclass_id,
  current_version,
  id,
  initial_language_id,
  is_published,
  language_mask,
  modified,
  name,
  owner_id,
  published,
  remote_id,
  section_id,
  status
) VALUES (
  3,
  1,
  13,
  2,
  0,
  3,
  1033920794,
  'Editors',
  14,
  1033920794,
  '3c160cca19fb135f83bd02d911f04db2',
  2,
  1
);
INSERT INTO ezcontentobject (
  contentclass_id,
  current_version,
  id,
  initial_language_id,
  is_published,
  language_mask,
  modified,
  name,
  owner_id,
  published,
  remote_id,
  section_id,
  status
) VALUES (
  4,
  1,
  14,
  2,
  0,
  3,
  1033920830,
  'Administrator User',
  14,
  1033920830,
  '1bb4fe25487f05527efa8bfd394cecc7',
  2,
  1
);
INSERT INTO ezcontentobject (
  contentclass_id,
  current_version,
  id,
  initial_language_id,
  is_published,
  language_mask,
  modified,
  name,
  owner_id,
  published,
  remote_id,
  section_id,
  status
) VALUES (
  1,
  1,
  41,
  2,
  0,
  3,
  1060695457,
  'Media',
  14,
  1060695457,
  'a6e35cbcb7cd6ae4b691f3eee30cd262',
  3,
  1
);
INSERT INTO ezcontentobject (
  contentclass_id,
  current_version,
  id,
  initial_language_id,
  is_published,
  language_mask,
  modified,
  name,
  owner_id,
  published,
  remote_id,
  section_id,
  status
) VALUES (
  3,
  1,
  42,
  2,
  0,
  3,
  1072180330,
  'Anonymous Users',
  14,
  1072180330,
  '15b256dbea2ae72418ff5facc999e8f9',
  2,
  1
);
INSERT INTO ezcontentobject (
  contentclass_id,
  current_version,
  id,
  initial_language_id,
  is_published,
  language_mask,
  modified,
  name,
  owner_id,
  published,
  remote_id,
  section_id,
  status
) VALUES (
  1,
  1,
  45,
  2,
  0,
  3,
  1079684190,
  'Setup',
  14,
  1079684190,
  '241d538ce310074e602f29f49e44e938',
  4,
  1
);
INSERT INTO ezcontentobject (
  contentclass_id,
  current_version,
  id,
  initial_language_id,
  is_published,
  language_mask,
  modified,
  name,
  owner_id,
  published,
  remote_id,
  section_id,
  status
) VALUES (
  1,
  1,
  49,
  2,
  0,
  3,
  1080220197,
  'Images',
  14,
  1080220197,
  'e7ff633c6b8e0fd3531e74c6e712bead',
  3,
  1
);
INSERT INTO ezcontentobject (
  contentclass_id,
  current_version,
  id,
  initial_language_id,
  is_published,
  language_mask,
  modified,
  name,
  owner_id,
  published,
  remote_id,
  section_id,
  status
) VALUES (
  1,
  1,
  50,
  2,
  0,
  3,
  1080220220,
  'Files',
  14,
  1080220220,
  '732a5acd01b51a6fe6eab448ad4138a9',
  3,
  1
);
INSERT INTO ezcontentobject (
  contentclass_id,
  current_version,
  id,
  initial_language_id,
  is_published,
  language_mask,
  modified,
  name,
  owner_id,
  published,
  remote_id,
  section_id,
  status
) VALUES (
  1,
  1,
  51,
  2,
  0,
  3,
  1080220233,
  'Multimedia',
  14,
  1080220233,
  '09082deb98662a104f325aaa8c4933d3',
  3,
  1
);
INSERT INTO ezcontentobject (
  contentclass_id,
  current_version,
  id,
  initial_language_id,
  is_published,
  language_mask,
  modified,
  name,
  owner_id,
  published,
  remote_id,
  section_id,
  status
) VALUES (
  14,
  1,
  52,
  2,
  0,
  2,
  1082016591,
  'Common INI settings',
  14,
  1082016591,
  '27437f3547db19cf81a33c92578b2c89',
  4,
  1
);
INSERT INTO ezcontentobject (
  contentclass_id,
  current_version,
  id,
  initial_language_id,
  is_published,
  language_mask,
  modified,
  name,
  owner_id,
  published,
  remote_id,
  section_id,
  status
) VALUES (
  15,
  1,
  54,
  2,
  0,
  2,
  1082016652,
  'eZ Publish',
  14,
  1082016652,
  '8b8b22fe3c6061ed500fbd2b377b885f',
  5,
  1
);
INSERT INTO ezcontentobject (
  contentclass_id,
  current_version,
  id,
  initial_language_id,
  is_published,
  language_mask,
  modified,
  name,
  owner_id,
  published,
  remote_id,
  section_id,
  status
) VALUES (
  1,
  1,
  56,
  2,
  0,
  3,
  1103023132,
  'Design',
  14,
  1103023132,
  '08799e609893f7aba22f10cb466d9cc8',
  5,
  1
);

INSERT INTO ezcontentobject_attribute (
  attribute_original_id,
  contentclassattribute_id,
  contentobject_id,
  data_float,
  data_int,
  data_text,
  data_type_string,
  id,
  language_code,
  language_id,
  sort_key_int,
  sort_key_string,
  version
) VALUES (
  0,
  4,
  1,
  0,
  0,
  'Welcome to eZ Publish',
  'ezstring',
  1,
  'eng-GB',
  3,
  0,
  'welcome to ez publish',
  3
);
INSERT INTO ezcontentobject_attribute (
  attribute_original_id,
  contentclassattribute_id,
  contentobject_id,
  data_float,
  data_int,
  data_text,
  data_type_string,
  id,
  language_code,
  language_id,
  sort_key_int,
  sort_key_string,
  version
) VALUES (
  0,
  119,
  1,
  0,
  1045487555,
  '<?xml version=\"1.0\" encoding=\"utf-8\"?>\n<section xmlns:image=\"http://ez.no/namespaces/ezpublish3/image/\"\n         xmlns:xhtml=\"http://ez.no/namespaces/ezpublish3/xhtml/\"\n         xmlns:custom=\"http://ez.no/namespaces/ezpublish3/custom/\">\n  <paragraph>eZ Publish is a popular open source content management system and development framework. It allows the development of professional, customized and dynamic web solutions. It can be used to build anything from a personal homepage to a multinational corporate website with role based multiuser access, online shopping, discussion forums and other advanced functionality. In addition, because of its open nature, eZ Publish can easily be plugged into, communicate and coexist with existing IT-solutions.</paragraph>\n</section>',
  'ezxmltext',
  2,
  'eng-GB',
  3,
  0,
  '',
  3
);
INSERT INTO ezcontentobject_attribute (
  attribute_original_id,
  contentclassattribute_id,
  contentobject_id,
  data_float,
  data_int,
  data_text,
  data_type_string,
  id,
  language_code,
  language_id,
  sort_key_int,
  sort_key_string,
  version
) VALUES (
  0,
  7,
  4,
  NULL,
  NULL,
  'Main group',
  'ezstring',
  7,
  'eng-GB',
  3,
  0,
  '',
  1
);
INSERT INTO ezcontentobject_attribute (
  attribute_original_id,
  contentclassattribute_id,
  contentobject_id,
  data_float,
  data_int,
  data_text,
  data_type_string,
  id,
  language_code,
  language_id,
  sort_key_int,
  sort_key_string,
  version
) VALUES (
  0,
  6,
  4,
  NULL,
  NULL,
  'Users',
  'ezstring',
  8,
  'eng-GB',
  3,
  0,
  '',
  1
);
INSERT INTO ezcontentobject_attribute (
  attribute_original_id,
  contentclassattribute_id,
  contentobject_id,
  data_float,
  data_int,
  data_text,
  data_type_string,
  id,
  language_code,
  language_id,
  sort_key_int,
  sort_key_string,
  version
) VALUES (
  0,
  8,
  10,
  0,
  0,
  'Anonymous',
  'ezstring',
  19,
  'eng-GB',
  3,
  0,
  'anonymous',
  2
);
INSERT INTO ezcontentobject_attribute (
  attribute_original_id,
  contentclassattribute_id,
  contentobject_id,
  data_float,
  data_int,
  data_text,
  data_type_string,
  id,
  language_code,
  language_id,
  sort_key_int,
  sort_key_string,
  version
) VALUES (
  0,
  9,
  10,
  0,
  0,
  'User',
  'ezstring',
  20,
  'eng-GB',
  3,
  0,
  'user',
  2
);
INSERT INTO ezcontentobject_attribute (
  attribute_original_id,
  contentclassattribute_id,
  contentobject_id,
  data_float,
  data_int,
  data_text,
  data_type_string,
  id,
  language_code,
  language_id,
  sort_key_int,
  sort_key_string,
  version
) VALUES (
  0,
  12,
  10,
  0,
  0,
  '',
  'ezuser',
  21,
  'eng-GB',
  3,
  0,
  '',
  2
);
INSERT INTO ezcontentobject_attribute (
  attribute_original_id,
  contentclassattribute_id,
  contentobject_id,
  data_float,
  data_int,
  data_text,
  data_type_string,
  id,
  language_code,
  language_id,
  sort_key_int,
  sort_key_string,
  version
) VALUES (
  0,
  6,
  11,
  0,
  0,
  'Guest accounts',
  'ezstring',
  22,
  'eng-GB',
  3,
  0,
  '',
  1
);
INSERT INTO ezcontentobject_attribute (
  attribute_original_id,
  contentclassattribute_id,
  contentobject_id,
  data_float,
  data_int,
  data_text,
  data_type_string,
  id,
  language_code,
  language_id,
  sort_key_int,
  sort_key_string,
  version
) VALUES (
  0,
  7,
  11,
  0,
  0,
  '',
  'ezstring',
  23,
  'eng-GB',
  3,
  0,
  '',
  1
);
INSERT INTO ezcontentobject_attribute (
  attribute_original_id,
  contentclassattribute_id,
  contentobject_id,
  data_float,
  data_int,
  data_text,
  data_type_string,
  id,
  language_code,
  language_id,
  sort_key_int,
  sort_key_string,
  version
) VALUES (
  0,
  6,
  12,
  0,
  0,
  'Administrator users',
  'ezstring',
  24,
  'eng-GB',
  3,
  0,
  '',
  1
);
INSERT INTO ezcontentobject_attribute (
  attribute_original_id,
  contentclassattribute_id,
  contentobject_id,
  data_float,
  data_int,
  data_text,
  data_type_string,
  id,
  language_code,
  language_id,
  sort_key_int,
  sort_key_string,
  version
) VALUES (
  0,
  7,
  12,
  0,
  0,
  '',
  'ezstring',
  25,
  'eng-GB',
  3,
  0,
  '',
  1
);
INSERT INTO ezcontentobject_attribute (
  attribute_original_id,
  contentclassattribute_id,
  contentobject_id,
  data_float,
  data_int,
  data_text,
  data_type_string,
  id,
  language_code,
  language_id,
  sort_key_int,
  sort_key_string,
  version
) VALUES (
  0,
  6,
  13,
  0,
  0,
  'Editors',
  'ezstring',
  26,
  'eng-GB',
  3,
  0,
  '',
  1
);
INSERT INTO ezcontentobject_attribute (
  attribute_original_id,
  contentclassattribute_id,
  contentobject_id,
  data_float,
  data_int,
  data_text,
  data_type_string,
  id,
  language_code,
  language_id,
  sort_key_int,
  sort_key_string,
  version
) VALUES (
  0,
  7,
  13,
  0,
  0,
  '',
  'ezstring',
  27,
  'eng-GB',
  3,
  0,
  '',
  1
);
INSERT INTO ezcontentobject_attribute (
  attribute_original_id,
  contentclassattribute_id,
  contentobject_id,
  data_float,
  data_int,
  data_text,
  data_type_string,
  id,
  language_code,
  language_id,
  sort_key_int,
  sort_key_string,
  version
) VALUES (
  0,
  8,
  14,
  0,
  0,
  'Administrator',
  'ezstring',
  28,
  'eng-GB',
  3,
  0,
  '',
  1
);
INSERT INTO ezcontentobject_attribute (
  attribute_original_id,
  contentclassattribute_id,
  contentobject_id,
  data_float,
  data_int,
  data_text,
  data_type_string,
  id,
  language_code,
  language_id,
  sort_key_int,
  sort_key_string,
  version
) VALUES (
  0,
  9,
  14,
  0,
  0,
  'User',
  'ezstring',
  29,
  'eng-GB',
  3,
  0,
  '',
  1
);
INSERT INTO ezcontentobject_attribute (
  attribute_original_id,
  contentclassattribute_id,
  contentobject_id,
  data_float,
  data_int,
  data_text,
  data_type_string,
  id,
  language_code,
  language_id,
  sort_key_int,
  sort_key_string,
  version
) VALUES (
  0,
  12,
  14,
  0,
  0,
  '',
  'ezuser',
  30,
  'eng-GB',
  3,
  0,
  '',
  1
);
INSERT INTO ezcontentobject_attribute (
  attribute_original_id,
  contentclassattribute_id,
  contentobject_id,
  data_float,
  data_int,
  data_text,
  data_type_string,
  id,
  language_code,
  language_id,
  sort_key_int,
  sort_key_string,
  version
) VALUES (
  0,
  4,
  41,
  0,
  0,
  'Media',
  'ezstring',
  98,
  'eng-GB',
  3,
  0,
  '',
  1
);
INSERT INTO ezcontentobject_attribute (
  attribute_original_id,
  contentclassattribute_id,
  contentobject_id,
  data_float,
  data_int,
  data_text,
  data_type_string,
  id,
  language_code,
  language_id,
  sort_key_int,
  sort_key_string,
  version
) VALUES (
  0,
  119,
  41,
  0,
  1045487555,
  '<?xml version=\"1.0\" encoding=\"utf-8\"?>\n<section xmlns:image=\"http://ez.no/namespaces/ezpublish3/image/\"\n         xmlns:xhtml=\"http://ez.no/namespaces/ezpublish3/xhtml/\"\n         xmlns:custom=\"http://ez.no/namespaces/ezpublish3/custom/\" />',
  'ezxmltext',
  99,
  'eng-GB',
  3,
  0,
  '',
  1
);
INSERT INTO ezcontentobject_attribute (
  attribute_original_id,
  contentclassattribute_id,
  contentobject_id,
  data_float,
  data_int,
  data_text,
  data_type_string,
  id,
  language_code,
  language_id,
  sort_key_int,
  sort_key_string,
  version
) VALUES (
  0,
  6,
  42,
  0,
  0,
  'Anonymous Users',
  'ezstring',
  100,
  'eng-GB',
  3,
  0,
  'anonymous users',
  1
);
INSERT INTO ezcontentobject_attribute (
  attribute_original_id,
  contentclassattribute_id,
  contentobject_id,
  data_float,
  data_int,
  data_text,
  data_type_string,
  id,
  language_code,
  language_id,
  sort_key_int,
  sort_key_string,
  version
) VALUES (
  0,
  7,
  42,
  0,
  0,
  'User group for the anonymous user',
  'ezstring',
  101,
  'eng-GB',
  3,
  0,
  'user group for the anonymous user',
  1
);
INSERT INTO ezcontentobject_attribute (
  attribute_original_id,
  contentclassattribute_id,
  contentobject_id,
  data_float,
  data_int,
  data_text,
  data_type_string,
  id,
  language_code,
  language_id,
  sort_key_int,
  sort_key_string,
  version
) VALUES (
  0,
  155,
  1,
  0,
  0,
  'eZ Publish',
  'ezstring',
  102,
  'eng-GB',
  3,
  0,
  'ez publish',
  3
);
INSERT INTO ezcontentobject_attribute (
  attribute_original_id,
  contentclassattribute_id,
  contentobject_id,
  data_float,
  data_int,
  data_text,
  data_type_string,
  id,
  language_code,
  language_id,
  sort_key_int,
  sort_key_string,
  version
) VALUES (
  0,
  155,
  41,
  0,
  0,
  '',
  'ezstring',
  103,
  'eng-GB',
  3,
  0,
  '',
  1
);
INSERT INTO ezcontentobject_attribute (
  attribute_original_id,
  contentclassattribute_id,
  contentobject_id,
  data_float,
  data_int,
  data_text,
  data_type_string,
  id,
  language_code,
  language_id,
  sort_key_int,
  sort_key_string,
  version
) VALUES (
  0,
  156,
  1,
  0,
  1045487555,
  '<?xml version=\"1.0\" encoding=\"utf-8\"?>\n<section xmlns:image=\"http://ez.no/namespaces/ezpublish3/image/\"\n         xmlns:xhtml=\"http://ez.no/namespaces/ezpublish3/xhtml/\"\n         xmlns:custom=\"http://ez.no/namespaces/ezpublish3/custom/\">\n  <section>\n    <header>Documentation and guidance</header>\n    <paragraph>The \n      <link target=\"_blank\"\n            url_id=\"1\">eZ Publish documentation</link> covers common topics related to the setup and daily use of the eZ Publish content management system/framework. In addition, it also covers some advanced topics. People who are unfamiliar with eZ Publish should at least read the &quot;eZ Publish basics&quot; chapter.</paragraph>\n    <paragraph>If you&apos;re unable to find an answer/solution to a specific question/problem within the documentation pages, you should make use of the official \n      <link target=\"_blank\"\n            url_id=\"4\">eZ Publish forum</link>. People who need professional help should purchase \n      <link target=\"_blank\"\n            url_id=\"5\">support</link> or \n      <link target=\"_blank\"\n            url_id=\"6\">consulting</link> services. It is also possible to sign up for various \n      <link target=\"_blank\"\n            url_id=\"7\">training sessions</link>.</paragraph>\n    <paragraph>\n      <line>For more information about eZ Publish and other products/services from eZ Systems, please visit \n        <link target=\"_blank\"\n              url_id=\"8\">ez.no</link>.</line>\n    </paragraph>\n  </section>\n</section>',
  'ezxmltext',
  104,
  'eng-GB',
  3,
  0,
  '',
  3
);
INSERT INTO ezcontentobject_attribute (
  attribute_original_id,
  contentclassattribute_id,
  contentobject_id,
  data_float,
  data_int,
  data_text,
  data_type_string,
  id,
  language_code,
  language_id,
  sort_key_int,
  sort_key_string,
  version
) VALUES (
  0,
  156,
  41,
  0,
  1045487555,
  '',
  'ezxmltext',
  105,
  'eng-GB',
  3,
  0,
  '',
  1
);
INSERT INTO ezcontentobject_attribute (
  attribute_original_id,
  contentclassattribute_id,
  contentobject_id,
  data_float,
  data_int,
  data_text,
  data_type_string,
  id,
  language_code,
  language_id,
  sort_key_int,
  sort_key_string,
  version
) VALUES (
  0,
  158,
  1,
  0,
  1,
  '',
  'ezboolean',
  108,
  'eng-GB',
  3,
  1,
  '',
  3
);
INSERT INTO ezcontentobject_attribute (
  attribute_original_id,
  contentclassattribute_id,
  contentobject_id,
  data_float,
  data_int,
  data_text,
  data_type_string,
  id,
  language_code,
  language_id,
  sort_key_int,
  sort_key_string,
  version
) VALUES (
  0,
  158,
  41,
  0,
  0,
  '',
  'ezboolean',
  109,
  'eng-GB',
  3,
  0,
  '',
  1
);
INSERT INTO ezcontentobject_attribute (
  attribute_original_id,
  contentclassattribute_id,
  contentobject_id,
  data_float,
  data_int,
  data_text,
  data_type_string,
  id,
  language_code,
  language_id,
  sort_key_int,
  sort_key_string,
  version
) VALUES (
  0,
  4,
  45,
  0,
  0,
  'Setup',
  'ezstring',
  123,
  'eng-GB',
  3,
  0,
  'setup',
  1
);
INSERT INTO ezcontentobject_attribute (
  attribute_original_id,
  contentclassattribute_id,
  contentobject_id,
  data_float,
  data_int,
  data_text,
  data_type_string,
  id,
  language_code,
  language_id,
  sort_key_int,
  sort_key_string,
  version
) VALUES (
  0,
  155,
  45,
  0,
  0,
  '',
  'ezstring',
  124,
  'eng-GB',
  3,
  0,
  '',
  1
);
INSERT INTO ezcontentobject_attribute (
  attribute_original_id,
  contentclassattribute_id,
  contentobject_id,
  data_float,
  data_int,
  data_text,
  data_type_string,
  id,
  language_code,
  language_id,
  sort_key_int,
  sort_key_string,
  version
) VALUES (
  0,
  119,
  45,
  0,
  1045487555,
  '<?xml version=\"1.0\" encoding=\"utf-8\"?>\n<section xmlns:image=\"http://ez.no/namespaces/ezpublish3/image/\"\n         xmlns:xhtml=\"http://ez.no/namespaces/ezpublish3/xhtml/\"\n         xmlns:custom=\"http://ez.no/namespaces/ezpublish3/custom/\" />',
  'ezxmltext',
  125,
  'eng-GB',
  3,
  0,
  '',
  1
);
INSERT INTO ezcontentobject_attribute (
  attribute_original_id,
  contentclassattribute_id,
  contentobject_id,
  data_float,
  data_int,
  data_text,
  data_type_string,
  id,
  language_code,
  language_id,
  sort_key_int,
  sort_key_string,
  version
) VALUES (
  0,
  156,
  45,
  0,
  1045487555,
  '<?xml version=\"1.0\" encoding=\"utf-8\"?>\n<section xmlns:image=\"http://ez.no/namespaces/ezpublish3/image/\"\n         xmlns:xhtml=\"http://ez.no/namespaces/ezpublish3/xhtml/\"\n         xmlns:custom=\"http://ez.no/namespaces/ezpublish3/custom/\" />',
  'ezxmltext',
  126,
  'eng-GB',
  3,
  0,
  '',
  1
);
INSERT INTO ezcontentobject_attribute (
  attribute_original_id,
  contentclassattribute_id,
  contentobject_id,
  data_float,
  data_int,
  data_text,
  data_type_string,
  id,
  language_code,
  language_id,
  sort_key_int,
  sort_key_string,
  version
) VALUES (
  0,
  158,
  45,
  0,
  0,
  '',
  'ezboolean',
  128,
  'eng-GB',
  3,
  0,
  '',
  1
);
INSERT INTO ezcontentobject_attribute (
  attribute_original_id,
  contentclassattribute_id,
  contentobject_id,
  data_float,
  data_int,
  data_text,
  data_type_string,
  id,
  language_code,
  language_id,
  sort_key_int,
  sort_key_string,
  version
) VALUES (
  0,
  4,
  49,
  0,
  0,
  'Images',
  'ezstring',
  142,
  'eng-GB',
  3,
  0,
  'images',
  1
);
INSERT INTO ezcontentobject_attribute (
  attribute_original_id,
  contentclassattribute_id,
  contentobject_id,
  data_float,
  data_int,
  data_text,
  data_type_string,
  id,
  language_code,
  language_id,
  sort_key_int,
  sort_key_string,
  version
) VALUES (
  0,
  155,
  49,
  0,
  0,
  '',
  'ezstring',
  143,
  'eng-GB',
  3,
  0,
  '',
  1
);
INSERT INTO ezcontentobject_attribute (
  attribute_original_id,
  contentclassattribute_id,
  contentobject_id,
  data_float,
  data_int,
  data_text,
  data_type_string,
  id,
  language_code,
  language_id,
  sort_key_int,
  sort_key_string,
  version
) VALUES (
  0,
  119,
  49,
  0,
  1045487555,
  '<?xml version=\"1.0\" encoding=\"utf-8\"?>\n<section xmlns:image=\"http://ez.no/namespaces/ezpublish3/image/\"\n         xmlns:xhtml=\"http://ez.no/namespaces/ezpublish3/xhtml/\"\n         xmlns:custom=\"http://ez.no/namespaces/ezpublish3/custom/\" />',
  'ezxmltext',
  144,
  'eng-GB',
  3,
  0,
  '',
  1
);
INSERT INTO ezcontentobject_attribute (
  attribute_original_id,
  contentclassattribute_id,
  contentobject_id,
  data_float,
  data_int,
  data_text,
  data_type_string,
  id,
  language_code,
  language_id,
  sort_key_int,
  sort_key_string,
  version
) VALUES (
  0,
  156,
  49,
  0,
  1045487555,
  '<?xml version=\"1.0\" encoding=\"utf-8\"?>\n<section xmlns:image=\"http://ez.no/namespaces/ezpublish3/image/\"\n         xmlns:xhtml=\"http://ez.no/namespaces/ezpublish3/xhtml/\"\n         xmlns:custom=\"http://ez.no/namespaces/ezpublish3/custom/\" />',
  'ezxmltext',
  145,
  'eng-GB',
  3,
  0,
  '',
  1
);
INSERT INTO ezcontentobject_attribute (
  attribute_original_id,
  contentclassattribute_id,
  contentobject_id,
  data_float,
  data_int,
  data_text,
  data_type_string,
  id,
  language_code,
  language_id,
  sort_key_int,
  sort_key_string,
  version
) VALUES (
  0,
  158,
  49,
  0,
  1,
  '',
  'ezboolean',
  146,
  'eng-GB',
  3,
  1,
  '',
  1
);
INSERT INTO ezcontentobject_attribute (
  attribute_original_id,
  contentclassattribute_id,
  contentobject_id,
  data_float,
  data_int,
  data_text,
  data_type_string,
  id,
  language_code,
  language_id,
  sort_key_int,
  sort_key_string,
  version
) VALUES (
  0,
  4,
  50,
  0,
  0,
  'Files',
  'ezstring',
  147,
  'eng-GB',
  3,
  0,
  'files',
  1
);
INSERT INTO ezcontentobject_attribute (
  attribute_original_id,
  contentclassattribute_id,
  contentobject_id,
  data_float,
  data_int,
  data_text,
  data_type_string,
  id,
  language_code,
  language_id,
  sort_key_int,
  sort_key_string,
  version
) VALUES (
  0,
  155,
  50,
  0,
  0,
  '',
  'ezstring',
  148,
  'eng-GB',
  3,
  0,
  '',
  1
);
INSERT INTO ezcontentobject_attribute (
  attribute_original_id,
  contentclassattribute_id,
  contentobject_id,
  data_float,
  data_int,
  data_text,
  data_type_string,
  id,
  language_code,
  language_id,
  sort_key_int,
  sort_key_string,
  version
) VALUES (
  0,
  119,
  50,
  0,
  1045487555,
  '<?xml version=\"1.0\" encoding=\"utf-8\"?>\n<section xmlns:image=\"http://ez.no/namespaces/ezpublish3/image/\"\n         xmlns:xhtml=\"http://ez.no/namespaces/ezpublish3/xhtml/\"\n         xmlns:custom=\"http://ez.no/namespaces/ezpublish3/custom/\" />',
  'ezxmltext',
  149,
  'eng-GB',
  3,
  0,
  '',
  1
);
INSERT INTO ezcontentobject_attribute (
  attribute_original_id,
  contentclassattribute_id,
  contentobject_id,
  data_float,
  data_int,
  data_text,
  data_type_string,
  id,
  language_code,
  language_id,
  sort_key_int,
  sort_key_string,
  version
) VALUES (
  0,
  156,
  50,
  0,
  1045487555,
  '<?xml version=\"1.0\" encoding=\"utf-8\"?>\n<section xmlns:image=\"http://ez.no/namespaces/ezpublish3/image/\"\n         xmlns:xhtml=\"http://ez.no/namespaces/ezpublish3/xhtml/\"\n         xmlns:custom=\"http://ez.no/namespaces/ezpublish3/custom/\" />',
  'ezxmltext',
  150,
  'eng-GB',
  3,
  0,
  '',
  1
);
INSERT INTO ezcontentobject_attribute (
  attribute_original_id,
  contentclassattribute_id,
  contentobject_id,
  data_float,
  data_int,
  data_text,
  data_type_string,
  id,
  language_code,
  language_id,
  sort_key_int,
  sort_key_string,
  version
) VALUES (
  0,
  158,
  50,
  0,
  1,
  '',
  'ezboolean',
  151,
  'eng-GB',
  3,
  1,
  '',
  1
);
INSERT INTO ezcontentobject_attribute (
  attribute_original_id,
  contentclassattribute_id,
  contentobject_id,
  data_float,
  data_int,
  data_text,
  data_type_string,
  id,
  language_code,
  language_id,
  sort_key_int,
  sort_key_string,
  version
) VALUES (
  0,
  4,
  51,
  0,
  0,
  'Multimedia',
  'ezstring',
  152,
  'eng-GB',
  3,
  0,
  'multimedia',
  1
);
INSERT INTO ezcontentobject_attribute (
  attribute_original_id,
  contentclassattribute_id,
  contentobject_id,
  data_float,
  data_int,
  data_text,
  data_type_string,
  id,
  language_code,
  language_id,
  sort_key_int,
  sort_key_string,
  version
) VALUES (
  0,
  155,
  51,
  0,
  0,
  '',
  'ezstring',
  153,
  'eng-GB',
  3,
  0,
  '',
  1
);
INSERT INTO ezcontentobject_attribute (
  attribute_original_id,
  contentclassattribute_id,
  contentobject_id,
  data_float,
  data_int,
  data_text,
  data_type_string,
  id,
  language_code,
  language_id,
  sort_key_int,
  sort_key_string,
  version
) VALUES (
  0,
  119,
  51,
  0,
  1045487555,
  '<?xml version=\"1.0\" encoding=\"utf-8\"?>\n<section xmlns:image=\"http://ez.no/namespaces/ezpublish3/image/\"\n         xmlns:xhtml=\"http://ez.no/namespaces/ezpublish3/xhtml/\"\n         xmlns:custom=\"http://ez.no/namespaces/ezpublish3/custom/\" />',
  'ezxmltext',
  154,
  'eng-GB',
  3,
  0,
  '',
  1
);
INSERT INTO ezcontentobject_attribute (
  attribute_original_id,
  contentclassattribute_id,
  contentobject_id,
  data_float,
  data_int,
  data_text,
  data_type_string,
  id,
  language_code,
  language_id,
  sort_key_int,
  sort_key_string,
  version
) VALUES (
  0,
  156,
  51,
  0,
  1045487555,
  '<?xml version=\"1.0\" encoding=\"utf-8\"?>\n<section xmlns:image=\"http://ez.no/namespaces/ezpublish3/image/\"\n         xmlns:xhtml=\"http://ez.no/namespaces/ezpublish3/xhtml/\"\n         xmlns:custom=\"http://ez.no/namespaces/ezpublish3/custom/\" />',
  'ezxmltext',
  155,
  'eng-GB',
  3,
  0,
  '',
  1
);
INSERT INTO ezcontentobject_attribute (
  attribute_original_id,
  contentclassattribute_id,
  contentobject_id,
  data_float,
  data_int,
  data_text,
  data_type_string,
  id,
  language_code,
  language_id,
  sort_key_int,
  sort_key_string,
  version
) VALUES (
  0,
  158,
  51,
  0,
  1,
  '',
  'ezboolean',
  156,
  'eng-GB',
  3,
  1,
  '',
  1
);
INSERT INTO ezcontentobject_attribute (
  attribute_original_id,
  contentclassattribute_id,
  contentobject_id,
  data_float,
  data_int,
  data_text,
  data_type_string,
  id,
  language_code,
  language_id,
  sort_key_int,
  sort_key_string,
  version
) VALUES (
  0,
  159,
  52,
  0,
  0,
  'Common INI settings',
  'ezstring',
  157,
  'eng-GB',
  2,
  0,
  'common ini settings',
  1
);
INSERT INTO ezcontentobject_attribute (
  attribute_original_id,
  contentclassattribute_id,
  contentobject_id,
  data_float,
  data_int,
  data_text,
  data_type_string,
  id,
  language_code,
  language_id,
  sort_key_int,
  sort_key_string,
  version
) VALUES (
  0,
  160,
  52,
  0,
  0,
  '/content/view/full/2/',
  'ezinisetting',
  158,
  'eng-GB',
  2,
  0,
  '',
  1
);
INSERT INTO ezcontentobject_attribute (
  attribute_original_id,
  contentclassattribute_id,
  contentobject_id,
  data_float,
  data_int,
  data_text,
  data_type_string,
  id,
  language_code,
  language_id,
  sort_key_int,
  sort_key_string,
  version
) VALUES (
  0,
  161,
  52,
  0,
  0,
  '/content/view/full/2',
  'ezinisetting',
  159,
  'eng-GB',
  2,
  0,
  '',
  1
);
INSERT INTO ezcontentobject_attribute (
  attribute_original_id,
  contentclassattribute_id,
  contentobject_id,
  data_float,
  data_int,
  data_text,
  data_type_string,
  id,
  language_code,
  language_id,
  sort_key_int,
  sort_key_string,
  version
) VALUES (
  0,
  162,
  52,
  0,
  0,
  'disabled',
  'ezinisetting',
  160,
  'eng-GB',
  2,
  0,
  '',
  1
);
INSERT INTO ezcontentobject_attribute (
  attribute_original_id,
  contentclassattribute_id,
  contentobject_id,
  data_float,
  data_int,
  data_text,
  data_type_string,
  id,
  language_code,
  language_id,
  sort_key_int,
  sort_key_string,
  version
) VALUES (
  0,
  163,
  52,
  0,
  0,
  'disabled',
  'ezinisetting',
  161,
  'eng-GB',
  2,
  0,
  '',
  1
);
INSERT INTO ezcontentobject_attribute (
  attribute_original_id,
  contentclassattribute_id,
  contentobject_id,
  data_float,
  data_int,
  data_text,
  data_type_string,
  id,
  language_code,
  language_id,
  sort_key_int,
  sort_key_string,
  version
) VALUES (
  0,
  164,
  52,
  0,
  0,
  '',
  'ezinisetting',
  162,
  'eng-GB',
  2,
  0,
  '',
  1
);
INSERT INTO ezcontentobject_attribute (
  attribute_original_id,
  contentclassattribute_id,
  contentobject_id,
  data_float,
  data_int,
  data_text,
  data_type_string,
  id,
  language_code,
  language_id,
  sort_key_int,
  sort_key_string,
  version
) VALUES (
  0,
  165,
  52,
  0,
  0,
  'enabled',
  'ezinisetting',
  163,
  'eng-GB',
  2,
  0,
  '',
  1
);
INSERT INTO ezcontentobject_attribute (
  attribute_original_id,
  contentclassattribute_id,
  contentobject_id,
  data_float,
  data_int,
  data_text,
  data_type_string,
  id,
  language_code,
  language_id,
  sort_key_int,
  sort_key_string,
  version
) VALUES (
  0,
  166,
  52,
  0,
  0,
  'disabled',
  'ezinisetting',
  164,
  'eng-GB',
  2,
  0,
  '',
  1
);
INSERT INTO ezcontentobject_attribute (
  attribute_original_id,
  contentclassattribute_id,
  contentobject_id,
  data_float,
  data_int,
  data_text,
  data_type_string,
  id,
  language_code,
  language_id,
  sort_key_int,
  sort_key_string,
  version
) VALUES (
  0,
  167,
  52,
  0,
  0,
  'enabled',
  'ezinisetting',
  165,
  'eng-GB',
  2,
  0,
  '',
  1
);
INSERT INTO ezcontentobject_attribute (
  attribute_original_id,
  contentclassattribute_id,
  contentobject_id,
  data_float,
  data_int,
  data_text,
  data_type_string,
  id,
  language_code,
  language_id,
  sort_key_int,
  sort_key_string,
  version
) VALUES (
  0,
  168,
  52,
  0,
  0,
  'enabled',
  'ezinisetting',
  166,
  'eng-GB',
  2,
  0,
  '',
  1
);
INSERT INTO ezcontentobject_attribute (
  attribute_original_id,
  contentclassattribute_id,
  contentobject_id,
  data_float,
  data_int,
  data_text,
  data_type_string,
  id,
  language_code,
  language_id,
  sort_key_int,
  sort_key_string,
  version
) VALUES (
  0,
  169,
  52,
  0,
  0,
  '=geometry/scale=100;100',
  'ezinisetting',
  167,
  'eng-GB',
  2,
  0,
  '',
  1
);
INSERT INTO ezcontentobject_attribute (
  attribute_original_id,
  contentclassattribute_id,
  contentobject_id,
  data_float,
  data_int,
  data_text,
  data_type_string,
  id,
  language_code,
  language_id,
  sort_key_int,
  sort_key_string,
  version
) VALUES (
  0,
  170,
  52,
  0,
  0,
  '=geometry/scale=200;200',
  'ezinisetting',
  168,
  'eng-GB',
  2,
  0,
  '',
  1
);
INSERT INTO ezcontentobject_attribute (
  attribute_original_id,
  contentclassattribute_id,
  contentobject_id,
  data_float,
  data_int,
  data_text,
  data_type_string,
  id,
  language_code,
  language_id,
  sort_key_int,
  sort_key_string,
  version
) VALUES (
  0,
  171,
  52,
  0,
  0,
  '=geometry/scale=300;300',
  'ezinisetting',
  169,
  'eng-GB',
  2,
  0,
  '',
  1
);
INSERT INTO ezcontentobject_attribute (
  attribute_original_id,
  contentclassattribute_id,
  contentobject_id,
  data_float,
  data_int,
  data_text,
  data_type_string,
  id,
  language_code,
  language_id,
  sort_key_int,
  sort_key_string,
  version
) VALUES (
  0,
  172,
  54,
  0,
  0,
  'eZ Publish',
  'ezinisetting',
  170,
  'eng-GB',
  2,
  0,
  '',
  1
);
INSERT INTO ezcontentobject_attribute (
  attribute_original_id,
  contentclassattribute_id,
  contentobject_id,
  data_float,
  data_int,
  data_text,
  data_type_string,
  id,
  language_code,
  language_id,
  sort_key_int,
  sort_key_string,
  version
) VALUES (
  0,
  173,
  54,
  0,
  0,
  'author=eZ Systems\ncopyright=eZ Systems\ndescription=Content Management System\nkeywords=cms, publish, e-commerce, content management, development framework',
  'ezinisetting',
  171,
  'eng-GB',
  2,
  0,
  '',
  1
);
INSERT INTO ezcontentobject_attribute (
  attribute_original_id,
  contentclassattribute_id,
  contentobject_id,
  data_float,
  data_int,
  data_text,
  data_type_string,
  id,
  language_code,
  language_id,
  sort_key_int,
  sort_key_string,
  version
) VALUES (
  0,
  174,
  54,
  0,
  0,
  '<?xml version=\"1.0\" encoding=\"UTF-8\"?>\n<ezimage serial_number=\"1\"\n         is_valid=\"\"\n         filename=\"ez_publish.\"\n         suffix=\"\"\n         basename=\"ez_publish\"\n         dirpath=\"var/storage/images/setup/ez_publish/172-1-eng-GB\"\n         url=\"var/storage/images/setup/ez_publish/172-1-eng-GB/ez_publish.\"\n         original_filename=\"\"\n         mime_type=\"\"\n         width=\"\"\n         height=\"\"\n         alternative_text=\"\"\n         alias_key=\"1293033771\"\n         timestamp=\"1082016632\">\n  <original attribute_id=\"\"\n            attribute_version=\"\"\n            attribute_language=\"\" />\n</ezimage>',
  'ezimage',
  172,
  'eng-GB',
  2,
  0,
  '',
  1
);
INSERT INTO ezcontentobject_attribute (
  attribute_original_id,
  contentclassattribute_id,
  contentobject_id,
  data_float,
  data_int,
  data_text,
  data_type_string,
  id,
  language_code,
  language_id,
  sort_key_int,
  sort_key_string,
  version
) VALUES (
  0,
  175,
  54,
  0,
  0,
  '0',
  'ezpackage',
  173,
  'eng-GB',
  2,
  0,
  '0',
  1
);
INSERT INTO ezcontentobject_attribute (
  attribute_original_id,
  contentclassattribute_id,
  contentobject_id,
  data_float,
  data_int,
  data_text,
  data_type_string,
  id,
  language_code,
  language_id,
  sort_key_int,
  sort_key_string,
  version
) VALUES (
  0,
  176,
  54,
  0,
  0,
  'sitestyle_identifier',
  'ezstring',
  174,
  'eng-GB',
  2,
  0,
  'sitestyle_identifier',
  1
);
INSERT INTO ezcontentobject_attribute (
  attribute_original_id,
  contentclassattribute_id,
  contentobject_id,
  data_float,
  data_int,
  data_text,
  data_type_string,
  id,
  language_code,
  language_id,
  sort_key_int,
  sort_key_string,
  version
) VALUES (
  0,
  177,
  54,
  0,
  0,
  'nospam@ez.no',
  'ezinisetting',
  175,
  'eng-GB',
  2,
  0,
  '',
  1
);
INSERT INTO ezcontentobject_attribute (
  attribute_original_id,
  contentclassattribute_id,
  contentobject_id,
  data_float,
  data_int,
  data_text,
  data_type_string,
  id,
  language_code,
  language_id,
  sort_key_int,
  sort_key_string,
  version
) VALUES (
  0,
  178,
  54,
  0,
  0,
  'ez.no',
  'ezinisetting',
  176,
  'eng-GB',
  2,
  0,
  '',
  1
);
INSERT INTO ezcontentobject_attribute (
  attribute_original_id,
  contentclassattribute_id,
  contentobject_id,
  data_float,
  data_int,
  data_text,
  data_type_string,
  id,
  language_code,
  language_id,
  sort_key_int,
  sort_key_string,
  version
) VALUES (
  0,
  179,
  10,
  0,
  0,
  '',
  'eztext',
  177,
  'eng-GB',
  3,
  0,
  '',
  2
);
INSERT INTO ezcontentobject_attribute (
  attribute_original_id,
  contentclassattribute_id,
  contentobject_id,
  data_float,
  data_int,
  data_text,
  data_type_string,
  id,
  language_code,
  language_id,
  sort_key_int,
  sort_key_string,
  version
) VALUES (
  0,
  179,
  14,
  0,
  0,
  '',
  'eztext',
  178,
  'eng-GB',
  3,
  0,
  '',
  1
);
INSERT INTO ezcontentobject_attribute (
  attribute_original_id,
  contentclassattribute_id,
  contentobject_id,
  data_float,
  data_int,
  data_text,
  data_type_string,
  id,
  language_code,
  language_id,
  sort_key_int,
  sort_key_string,
  version
) VALUES (
  0,
  180,
  10,
  0,
  0,
  '',
  'ezimage',
  179,
  'eng-GB',
  3,
  0,
  '',
  2
);
INSERT INTO ezcontentobject_attribute (
  attribute_original_id,
  contentclassattribute_id,
  contentobject_id,
  data_float,
  data_int,
  data_text,
  data_type_string,
  id,
  language_code,
  language_id,
  sort_key_int,
  sort_key_string,
  version
) VALUES (
  0,
  180,
  14,
  0,
  0,
  '',
  'ezimage',
  180,
  'eng-GB',
  3,
  0,
  '',
  1
);
INSERT INTO ezcontentobject_attribute (
  attribute_original_id,
  contentclassattribute_id,
  contentobject_id,
  data_float,
  data_int,
  data_text,
  data_type_string,
  id,
  language_code,
  language_id,
  sort_key_int,
  sort_key_string,
  version
) VALUES (
  0,
  4,
  56,
  0,
  NULL,
  'Design',
  'ezstring',
  181,
  'eng-GB',
  3,
  0,
  'design',
  1
);
INSERT INTO ezcontentobject_attribute (
  attribute_original_id,
  contentclassattribute_id,
  contentobject_id,
  data_float,
  data_int,
  data_text,
  data_type_string,
  id,
  language_code,
  language_id,
  sort_key_int,
  sort_key_string,
  version
) VALUES (
  0,
  155,
  56,
  0,
  NULL,
  '',
  'ezstring',
  182,
  'eng-GB',
  3,
  0,
  '',
  1
);
INSERT INTO ezcontentobject_attribute (
  attribute_original_id,
  contentclassattribute_id,
  contentobject_id,
  data_float,
  data_int,
  data_text,
  data_type_string,
  id,
  language_code,
  language_id,
  sort_key_int,
  sort_key_string,
  version
) VALUES (
  0,
  119,
  56,
  0,
  1045487555,
  '<?xml version=\"1.0\" encoding=\"utf-8\"?>\n<section xmlns:image=\"http://ez.no/namespaces/ezpublish3/image/\"\n         xmlns:xhtml=\"http://ez.no/namespaces/ezpublish3/xhtml/\"\n         xmlns:custom=\"http://ez.no/namespaces/ezpublish3/custom/\" />',
  'ezxmltext',
  183,
  'eng-GB',
  3,
  0,
  '',
  1
);
INSERT INTO ezcontentobject_attribute (
  attribute_original_id,
  contentclassattribute_id,
  contentobject_id,
  data_float,
  data_int,
  data_text,
  data_type_string,
  id,
  language_code,
  language_id,
  sort_key_int,
  sort_key_string,
  version
) VALUES (
  0,
  156,
  56,
  0,
  1045487555,
  '<?xml version=\"1.0\" encoding=\"utf-8\"?>\n<section xmlns:image=\"http://ez.no/namespaces/ezpublish3/image/\"\n         xmlns:xhtml=\"http://ez.no/namespaces/ezpublish3/xhtml/\"\n         xmlns:custom=\"http://ez.no/namespaces/ezpublish3/custom/\" />',
  'ezxmltext',
  184,
  'eng-GB',
  3,
  0,
  '',
  1
);
INSERT INTO ezcontentobject_attribute (
  attribute_original_id,
  contentclassattribute_id,
  contentobject_id,
  data_float,
  data_int,
  data_text,
  data_type_string,
  id,
  language_code,
  language_id,
  sort_key_int,
  sort_key_string,
  version
) VALUES (
  0,
  158,
  56,
  0,
  1,
  '',
  'ezboolean',
  185,
  'eng-GB',
  3,
  1,
  '',
  1
);

INSERT INTO ezcontentobject_name (
  content_translation,
  content_version,
  contentobject_id,
  language_id,
  name,
  real_translation
) VALUES (
  'eng-GB',
  3,
  1,
  3,
  'eZ Publish',
  'eng-GB'
);
INSERT INTO ezcontentobject_name (
  content_translation,
  content_version,
  contentobject_id,
  language_id,
  name,
  real_translation
) VALUES (
  'eng-GB',
  1,
  4,
  3,
  'Users',
  'eng-GB'
);
INSERT INTO ezcontentobject_name (
  content_translation,
  content_version,
  contentobject_id,
  language_id,
  name,
  real_translation
) VALUES (
  'eng-GB',
  2,
  10,
  3,
  'Anonymous User',
  'eng-GB'
);
INSERT INTO ezcontentobject_name (
  content_translation,
  content_version,
  contentobject_id,
  language_id,
  name,
  real_translation
) VALUES (
  'eng-GB',
  1,
  11,
  3,
  'Guest accounts',
  'eng-GB'
);
INSERT INTO ezcontentobject_name (
  content_translation,
  content_version,
  contentobject_id,
  language_id,
  name,
  real_translation
) VALUES (
  'eng-GB',
  1,
  12,
  3,
  'Administrator users',
  'eng-GB'
);
INSERT INTO ezcontentobject_name (
  content_translation,
  content_version,
  contentobject_id,
  language_id,
  name,
  real_translation
) VALUES (
  'eng-GB',
  1,
  13,
  3,
  'Editors',
  'eng-GB'
);
INSERT INTO ezcontentobject_name (
  content_translation,
  content_version,
  contentobject_id,
  language_id,
  name,
  real_translation
) VALUES (
  'eng-GB',
  1,
  14,
  3,
  'Administrator User',
  'eng-GB'
);
INSERT INTO ezcontentobject_name (
  content_translation,
  content_version,
  contentobject_id,
  language_id,
  name,
  real_translation
) VALUES (
  'eng-GB',
  1,
  41,
  3,
  'Media',
  'eng-GB'
);
INSERT INTO ezcontentobject_name (
  content_translation,
  content_version,
  contentobject_id,
  language_id,
  name,
  real_translation
) VALUES (
  'eng-GB',
  1,
  42,
  3,
  'Anonymous Users',
  'eng-GB'
);
INSERT INTO ezcontentobject_name (
  content_translation,
  content_version,
  contentobject_id,
  language_id,
  name,
  real_translation
) VALUES (
  'eng-GB',
  1,
  45,
  3,
  'Setup',
  'eng-GB'
);
INSERT INTO ezcontentobject_name (
  content_translation,
  content_version,
  contentobject_id,
  language_id,
  name,
  real_translation
) VALUES (
  'eng-GB',
  1,
  49,
  3,
  'Images',
  'eng-GB'
);
INSERT INTO ezcontentobject_name (
  content_translation,
  content_version,
  contentobject_id,
  language_id,
  name,
  real_translation
) VALUES (
  'eng-GB',
  1,
  50,
  3,
  'Files',
  'eng-GB'
);
INSERT INTO ezcontentobject_name (
  content_translation,
  content_version,
  contentobject_id,
  language_id,
  name,
  real_translation
) VALUES (
  'eng-GB',
  1,
  51,
  3,
  'Multimedia',
  'eng-GB'
);
INSERT INTO ezcontentobject_name (
  content_translation,
  content_version,
  contentobject_id,
  language_id,
  name,
  real_translation
) VALUES (
  'eng-GB',
  1,
  52,
  2,
  'Common INI settings',
  'eng-GB'
);
INSERT INTO ezcontentobject_name (
  content_translation,
  content_version,
  contentobject_id,
  language_id,
  name,
  real_translation
) VALUES (
  'eng-GB',
  1,
  54,
  2,
  'eZ Publish',
  'eng-GB'
);
INSERT INTO ezcontentobject_name (
  content_translation,
  content_version,
  contentobject_id,
  language_id,
  name,
  real_translation
) VALUES (
  'eng-GB',
  1,
  56,
  3,
  'Design',
  'eng-GB'
);

INSERT INTO ezcontentobject_tree (
  contentobject_id,
  contentobject_is_published,
  contentobject_version,
  depth,
  is_hidden,
  is_invisible,
  main_node_id,
  modified_subnode,
  node_id,
  parent_node_id,
  path_identification_string,
  path_string,
  priority,
  remote_id,
  sort_field,
  sort_order
) VALUES (
  0,
  1,
  1,
  0,
  0,
  0,
  1,
  1184592117,
  1,
  1,
  '',
  '/1/',
  0,
  '629709ba256fe317c3ddcee35453a96a',
  1,
  1
);
INSERT INTO ezcontentobject_tree (
  contentobject_id,
  contentobject_is_published,
  contentobject_version,
  depth,
  is_hidden,
  is_invisible,
  main_node_id,
  modified_subnode,
  node_id,
  parent_node_id,
  path_identification_string,
  path_string,
  priority,
  remote_id,
  sort_field,
  sort_order
) VALUES (
  1,
  1,
  3,
  1,
  0,
  0,
  2,
  1101387881,
  2,
  1,
  '',
  '/1/2/',
  0,
  'f3e90596361e31d496d4026eb624c983',
  8,
  1
);
INSERT INTO ezcontentobject_tree (
  contentobject_id,
  contentobject_is_published,
  contentobject_version,
  depth,
  is_hidden,
  is_invisible,
  main_node_id,
  modified_subnode,
  node_id,
  parent_node_id,
  path_identification_string,
  path_string,
  priority,
  remote_id,
  sort_field,
  sort_order
) VALUES (
  4,
  1,
  1,
  1,
  0,
  0,
  5,
  1081860719,
  5,
  1,
  'users',
  '/1/5/',
  0,
  '3f6d92f8044aed134f32153517850f5a',
  1,
  1
);
INSERT INTO ezcontentobject_tree (
  contentobject_id,
  contentobject_is_published,
  contentobject_version,
  depth,
  is_hidden,
  is_invisible,
  main_node_id,
  modified_subnode,
  node_id,
  parent_node_id,
  path_identification_string,
  path_string,
  priority,
  remote_id,
  sort_field,
  sort_order
) VALUES (
  11,
  1,
  1,
  2,
  0,
  0,
  12,
  1081860719,
  12,
  5,
  'users/guest_accounts',
  '/1/5/12/',
  0,
  '602dcf84765e56b7f999eaafd3821dd3',
  1,
  1
);
INSERT INTO ezcontentobject_tree (
  contentobject_id,
  contentobject_is_published,
  contentobject_version,
  depth,
  is_hidden,
  is_invisible,
  main_node_id,
  modified_subnode,
  node_id,
  parent_node_id,
  path_identification_string,
  path_string,
  priority,
  remote_id,
  sort_field,
  sort_order
) VALUES (
  12,
  1,
  1,
  2,
  0,
  0,
  13,
  1081860719,
  13,
  5,
  'users/administrator_users',
  '/1/5/13/',
  0,
  '769380b7aa94541679167eab817ca893',
  1,
  1
);
INSERT INTO ezcontentobject_tree (
  contentobject_id,
  contentobject_is_published,
  contentobject_version,
  depth,
  is_hidden,
  is_invisible,
  main_node_id,
  modified_subnode,
  node_id,
  parent_node_id,
  path_identification_string,
  path_string,
  priority,
  remote_id,
  sort_field,
  sort_order
) VALUES (
  13,
  1,
  1,
  2,
  0,
  0,
  14,
  1081860719,
  14,
  5,
  'users/editors',
  '/1/5/14/',
  0,
  'f7dda2854fc68f7c8455d9cb14bd04a9',
  1,
  1
);
INSERT INTO ezcontentobject_tree (
  contentobject_id,
  contentobject_is_published,
  contentobject_version,
  depth,
  is_hidden,
  is_invisible,
  main_node_id,
  modified_subnode,
  node_id,
  parent_node_id,
  path_identification_string,
  path_string,
  priority,
  remote_id,
  sort_field,
  sort_order
) VALUES (
  14,
  1,
  1,
  3,
  0,
  0,
  15,
  1081860719,
  15,
  13,
  'users/administrator_users/administrator_user',
  '/1/5/13/15/',
  0,
  'e5161a99f733200b9ed4e80f9c16187b',
  1,
  1
);
INSERT INTO ezcontentobject_tree (
  contentobject_id,
  contentobject_is_published,
  contentobject_version,
  depth,
  is_hidden,
  is_invisible,
  main_node_id,
  modified_subnode,
  node_id,
  parent_node_id,
  path_identification_string,
  path_string,
  priority,
  remote_id,
  sort_field,
  sort_order
) VALUES (
  41,
  1,
  1,
  1,
  0,
  0,
  43,
  1081860720,
  43,
  1,
  'media',
  '/1/43/',
  0,
  '75c715a51699d2d309a924eca6a95145',
  9,
  1
);
INSERT INTO ezcontentobject_tree (
  contentobject_id,
  contentobject_is_published,
  contentobject_version,
  depth,
  is_hidden,
  is_invisible,
  main_node_id,
  modified_subnode,
  node_id,
  parent_node_id,
  path_identification_string,
  path_string,
  priority,
  remote_id,
  sort_field,
  sort_order
) VALUES (
  42,
  1,
  1,
  2,
  0,
  0,
  44,
  1081860719,
  44,
  5,
  'users/anonymous_users',
  '/1/5/44/',
  0,
  '4fdf0072da953bb276c0c7e0141c5c9b',
  9,
  1
);
INSERT INTO ezcontentobject_tree (
  contentobject_id,
  contentobject_is_published,
  contentobject_version,
  depth,
  is_hidden,
  is_invisible,
  main_node_id,
  modified_subnode,
  node_id,
  parent_node_id,
  path_identification_string,
  path_string,
  priority,
  remote_id,
  sort_field,
  sort_order
) VALUES (
  10,
  1,
  2,
  3,
  0,
  0,
  45,
  1081860719,
  45,
  44,
  'users/anonymous_users/anonymous_user',
  '/1/5/44/45/',
  0,
  '2cf8343bee7b482bab82b269d8fecd76',
  9,
  1
);
INSERT INTO ezcontentobject_tree (
  contentobject_id,
  contentobject_is_published,
  contentobject_version,
  depth,
  is_hidden,
  is_invisible,
  main_node_id,
  modified_subnode,
  node_id,
  parent_node_id,
  path_identification_string,
  path_string,
  priority,
  remote_id,
  sort_field,
  sort_order
) VALUES (
  45,
  1,
  1,
  1,
  0,
  0,
  48,
  1184592117,
  48,
  1,
  'setup2',
  '/1/48/',
  0,
  '182ce1b5af0c09fa378557c462ba2617',
  9,
  1
);
INSERT INTO ezcontentobject_tree (
  contentobject_id,
  contentobject_is_published,
  contentobject_version,
  depth,
  is_hidden,
  is_invisible,
  main_node_id,
  modified_subnode,
  node_id,
  parent_node_id,
  path_identification_string,
  path_string,
  priority,
  remote_id,
  sort_field,
  sort_order
) VALUES (
  49,
  1,
  1,
  2,
  0,
  0,
  51,
  1081860720,
  51,
  43,
  'media/images',
  '/1/43/51/',
  0,
  '1b26c0454b09bb49dfb1b9190ffd67cb',
  9,
  1
);
INSERT INTO ezcontentobject_tree (
  contentobject_id,
  contentobject_is_published,
  contentobject_version,
  depth,
  is_hidden,
  is_invisible,
  main_node_id,
  modified_subnode,
  node_id,
  parent_node_id,
  path_identification_string,
  path_string,
  priority,
  remote_id,
  sort_field,
  sort_order
) VALUES (
  50,
  1,
  1,
  2,
  0,
  0,
  52,
  1081860720,
  52,
  43,
  'media/files',
  '/1/43/52/',
  0,
  '0b113a208f7890f9ad3c24444ff5988c',
  9,
  1
);
INSERT INTO ezcontentobject_tree (
  contentobject_id,
  contentobject_is_published,
  contentobject_version,
  depth,
  is_hidden,
  is_invisible,
  main_node_id,
  modified_subnode,
  node_id,
  parent_node_id,
  path_identification_string,
  path_string,
  priority,
  remote_id,
  sort_field,
  sort_order
) VALUES (
  51,
  1,
  1,
  2,
  0,
  0,
  53,
  1081860720,
  53,
  43,
  'media/multimedia',
  '/1/43/53/',
  0,
  '4f18b82c75f10aad476cae5adf98c11f',
  9,
  1
);
INSERT INTO ezcontentobject_tree (
  contentobject_id,
  contentobject_is_published,
  contentobject_version,
  depth,
  is_hidden,
  is_invisible,
  main_node_id,
  modified_subnode,
  node_id,
  parent_node_id,
  path_identification_string,
  path_string,
  priority,
  remote_id,
  sort_field,
  sort_order
) VALUES (
  52,
  1,
  1,
  2,
  0,
  0,
  54,
  1184592117,
  54,
  48,
  'setup2/common_ini_settings',
  '/1/48/54/',
  0,
  'fa9f3cff9cf90ecfae335718dcbddfe2',
  1,
  1
);
INSERT INTO ezcontentobject_tree (
  contentobject_id,
  contentobject_is_published,
  contentobject_version,
  depth,
  is_hidden,
  is_invisible,
  main_node_id,
  modified_subnode,
  node_id,
  parent_node_id,
  path_identification_string,
  path_string,
  priority,
  remote_id,
  sort_field,
  sort_order
) VALUES (
  54,
  1,
  1,
  2,
  0,
  0,
  56,
  1082016653,
  56,
  58,
  'design/ez_publish',
  '/1/58/56/',
  0,
  '772da20ecf88b3035d73cbdfcea0f119',
  1,
  1
);
INSERT INTO ezcontentobject_tree (
  contentobject_id,
  contentobject_is_published,
  contentobject_version,
  depth,
  is_hidden,
  is_invisible,
  main_node_id,
  modified_subnode,
  node_id,
  parent_node_id,
  path_identification_string,
  path_string,
  priority,
  remote_id,
  sort_field,
  sort_order
) VALUES (
  56,
  1,
  1,
  1,
  0,
  0,
  58,
  1103023133,
  58,
  1,
  'design',
  '/1/58/',
  0,
  '79f2d67372ab56f59b5d65bb9e0ca3b9',
  2,
  0
);

INSERT INTO ezcontentobject_version (
  contentobject_id,
  created,
  creator_id,
  id,
  initial_language_id,
  language_mask,
  modified,
  status,
  user_id,
  version,
  workflow_event_pos
) VALUES (
  4,
  0,
  14,
  4,
  2,
  3,
  0,
  1,
  0,
  1,
  1
);
INSERT INTO ezcontentobject_version (
  contentobject_id,
  created,
  creator_id,
  id,
  initial_language_id,
  language_mask,
  modified,
  status,
  user_id,
  version,
  workflow_event_pos
) VALUES (
  11,
  1033920737,
  14,
  439,
  2,
  3,
  1033920746,
  1,
  0,
  1,
  0
);
INSERT INTO ezcontentobject_version (
  contentobject_id,
  created,
  creator_id,
  id,
  initial_language_id,
  language_mask,
  modified,
  status,
  user_id,
  version,
  workflow_event_pos
) VALUES (
  12,
  1033920760,
  14,
  440,
  2,
  3,
  1033920775,
  1,
  0,
  1,
  0
);
INSERT INTO ezcontentobject_version (
  contentobject_id,
  created,
  creator_id,
  id,
  initial_language_id,
  language_mask,
  modified,
  status,
  user_id,
  version,
  workflow_event_pos
) VALUES (
  13,
  1033920786,
  14,
  441,
  2,
  3,
  1033920794,
  1,
  0,
  1,
  0
);
INSERT INTO ezcontentobject_version (
  contentobject_id,
  created,
  creator_id,
  id,
  initial_language_id,
  language_mask,
  modified,
  status,
  user_id,
  version,
  workflow_event_pos
) VALUES (
  14,
  1033920808,
  14,
  442,
  2,
  3,
  1033920830,
  1,
  0,
  1,
  0
);
INSERT INTO ezcontentobject_version (
  contentobject_id,
  created,
  creator_id,
  id,
  initial_language_id,
  language_mask,
  modified,
  status,
  user_id,
  version,
  workflow_event_pos
) VALUES (
  41,
  1060695450,
  14,
  472,
  2,
  3,
  1060695457,
  1,
  0,
  1,
  0
);
INSERT INTO ezcontentobject_version (
  contentobject_id,
  created,
  creator_id,
  id,
  initial_language_id,
  language_mask,
  modified,
  status,
  user_id,
  version,
  workflow_event_pos
) VALUES (
  42,
  1072180278,
  14,
  473,
  2,
  3,
  1072180330,
  1,
  0,
  1,
  0
);
INSERT INTO ezcontentobject_version (
  contentobject_id,
  created,
  creator_id,
  id,
  initial_language_id,
  language_mask,
  modified,
  status,
  user_id,
  version,
  workflow_event_pos
) VALUES (
  10,
  1072180337,
  14,
  474,
  2,
  3,
  1072180405,
  1,
  0,
  2,
  0
);
INSERT INTO ezcontentobject_version (
  contentobject_id,
  created,
  creator_id,
  id,
  initial_language_id,
  language_mask,
  modified,
  status,
  user_id,
  version,
  workflow_event_pos
) VALUES (
  45,
  1079684084,
  14,
  477,
  2,
  3,
  1079684190,
  1,
  0,
  1,
  0
);
INSERT INTO ezcontentobject_version (
  contentobject_id,
  created,
  creator_id,
  id,
  initial_language_id,
  language_mask,
  modified,
  status,
  user_id,
  version,
  workflow_event_pos
) VALUES (
  49,
  1080220181,
  14,
  488,
  2,
  3,
  1080220197,
  1,
  0,
  1,
  0
);
INSERT INTO ezcontentobject_version (
  contentobject_id,
  created,
  creator_id,
  id,
  initial_language_id,
  language_mask,
  modified,
  status,
  user_id,
  version,
  workflow_event_pos
) VALUES (
  50,
  1080220211,
  14,
  489,
  2,
  3,
  1080220220,
  1,
  0,
  1,
  0
);
INSERT INTO ezcontentobject_version (
  contentobject_id,
  created,
  creator_id,
  id,
  initial_language_id,
  language_mask,
  modified,
  status,
  user_id,
  version,
  workflow_event_pos
) VALUES (
  51,
  1080220225,
  14,
  490,
  2,
  3,
  1080220233,
  1,
  0,
  1,
  0
);
INSERT INTO ezcontentobject_version (
  contentobject_id,
  created,
  creator_id,
  id,
  initial_language_id,
  language_mask,
  modified,
  status,
  user_id,
  version,
  workflow_event_pos
) VALUES (
  52,
  1082016497,
  14,
  491,
  2,
  3,
  1082016591,
  1,
  0,
  1,
  0
);
INSERT INTO ezcontentobject_version (
  contentobject_id,
  created,
  creator_id,
  id,
  initial_language_id,
  language_mask,
  modified,
  status,
  user_id,
  version,
  workflow_event_pos
) VALUES (
  54,
  1082016628,
  14,
  492,
  2,
  3,
  1082016652,
  1,
  0,
  1,
  0
);
INSERT INTO ezcontentobject_version (
  contentobject_id,
  created,
  creator_id,
  id,
  initial_language_id,
  language_mask,
  modified,
  status,
  user_id,
  version,
  workflow_event_pos
) VALUES (
  1,
  1101387859,
  14,
  494,
  2,
  3,
  1101387859,
  1,
  0,
  3,
  1
);
INSERT INTO ezcontentobject_version (
  contentobject_id,
  created,
  creator_id,
  id,
  initial_language_id,
  language_mask,
  modified,
  status,
  user_id,
  version,
  workflow_event_pos
) VALUES (
  56,
  1103023120,
  14,
  495,
  2,
  3,
  1103023120,
  1,
  0,
  1,
  0
);

INSERT INTO ezimagefile (
  contentobject_attribute_id,
  filepath,
  id
) VALUES (
  172,
  'var/storage/images/setup/ez_publish/172-1-eng-GB/ez_publish.',
  1
);

INSERT INTO eznode_assignment (
  contentobject_id,
  contentobject_version,
  from_node_id,
  id,
  is_main,
  op_code,
  parent_node,
  parent_remote_id,
  remote_id,
  sort_field,
  sort_order
) VALUES (
  8,
  2,
  0,
  4,
  1,
  2,
  5,
  '',
  0,
  1,
  1
);
INSERT INTO eznode_assignment (
  contentobject_id,
  contentobject_version,
  from_node_id,
  id,
  is_main,
  op_code,
  parent_node,
  parent_remote_id,
  remote_id,
  sort_field,
  sort_order
) VALUES (
  42,
  1,
  0,
  5,
  1,
  2,
  5,
  '',
  0,
  9,
  1
);
INSERT INTO eznode_assignment (
  contentobject_id,
  contentobject_version,
  from_node_id,
  id,
  is_main,
  op_code,
  parent_node,
  parent_remote_id,
  remote_id,
  sort_field,
  sort_order
) VALUES (
  10,
  2,
  -1,
  6,
  1,
  2,
  44,
  '',
  0,
  9,
  1
);
INSERT INTO eznode_assignment (
  contentobject_id,
  contentobject_version,
  from_node_id,
  id,
  is_main,
  op_code,
  parent_node,
  parent_remote_id,
  remote_id,
  sort_field,
  sort_order
) VALUES (
  4,
  1,
  0,
  7,
  1,
  2,
  1,
  '',
  0,
  1,
  1
);
INSERT INTO eznode_assignment (
  contentobject_id,
  contentobject_version,
  from_node_id,
  id,
  is_main,
  op_code,
  parent_node,
  parent_remote_id,
  remote_id,
  sort_field,
  sort_order
) VALUES (
  12,
  1,
  0,
  8,
  1,
  2,
  5,
  '',
  0,
  1,
  1
);
INSERT INTO eznode_assignment (
  contentobject_id,
  contentobject_version,
  from_node_id,
  id,
  is_main,
  op_code,
  parent_node,
  parent_remote_id,
  remote_id,
  sort_field,
  sort_order
) VALUES (
  13,
  1,
  0,
  9,
  1,
  2,
  5,
  '',
  0,
  1,
  1
);
INSERT INTO eznode_assignment (
  contentobject_id,
  contentobject_version,
  from_node_id,
  id,
  is_main,
  op_code,
  parent_node,
  parent_remote_id,
  remote_id,
  sort_field,
  sort_order
) VALUES (
  14,
  1,
  0,
  10,
  1,
  2,
  13,
  '',
  0,
  1,
  1
);
INSERT INTO eznode_assignment (
  contentobject_id,
  contentobject_version,
  from_node_id,
  id,
  is_main,
  op_code,
  parent_node,
  parent_remote_id,
  remote_id,
  sort_field,
  sort_order
) VALUES (
  41,
  1,
  0,
  11,
  1,
  2,
  1,
  '',
  0,
  1,
  1
);
INSERT INTO eznode_assignment (
  contentobject_id,
  contentobject_version,
  from_node_id,
  id,
  is_main,
  op_code,
  parent_node,
  parent_remote_id,
  remote_id,
  sort_field,
  sort_order
) VALUES (
  11,
  1,
  0,
  12,
  1,
  2,
  5,
  '',
  0,
  1,
  1
);
INSERT INTO eznode_assignment (
  contentobject_id,
  contentobject_version,
  from_node_id,
  id,
  is_main,
  op_code,
  parent_node,
  parent_remote_id,
  remote_id,
  sort_field,
  sort_order
) VALUES (
  45,
  1,
  -1,
  16,
  1,
  2,
  1,
  '',
  0,
  9,
  1
);
INSERT INTO eznode_assignment (
  contentobject_id,
  contentobject_version,
  from_node_id,
  id,
  is_main,
  op_code,
  parent_node,
  parent_remote_id,
  remote_id,
  sort_field,
  sort_order
) VALUES (
  49,
  1,
  0,
  27,
  1,
  2,
  43,
  '',
  0,
  9,
  1
);
INSERT INTO eznode_assignment (
  contentobject_id,
  contentobject_version,
  from_node_id,
  id,
  is_main,
  op_code,
  parent_node,
  parent_remote_id,
  remote_id,
  sort_field,
  sort_order
) VALUES (
  50,
  1,
  0,
  28,
  1,
  2,
  43,
  '',
  0,
  9,
  1
);
INSERT INTO eznode_assignment (
  contentobject_id,
  contentobject_version,
  from_node_id,
  id,
  is_main,
  op_code,
  parent_node,
  parent_remote_id,
  remote_id,
  sort_field,
  sort_order
) VALUES (
  51,
  1,
  0,
  29,
  1,
  2,
  43,
  '',
  0,
  9,
  1
);
INSERT INTO eznode_assignment (
  contentobject_id,
  contentobject_version,
  from_node_id,
  id,
  is_main,
  op_code,
  parent_node,
  parent_remote_id,
  remote_id,
  sort_field,
  sort_order
) VALUES (
  52,
  1,
  0,
  30,
  1,
  2,
  48,
  '',
  0,
  1,
  1
);
INSERT INTO eznode_assignment (
  contentobject_id,
  contentobject_version,
  from_node_id,
  id,
  is_main,
  op_code,
  parent_node,
  parent_remote_id,
  remote_id,
  sort_field,
  sort_order
) VALUES (
  54,
  1,
  0,
  31,
  1,
  2,
  58,
  '',
  0,
  1,
  1
);
INSERT INTO eznode_assignment (
  contentobject_id,
  contentobject_version,
  from_node_id,
  id,
  is_main,
  op_code,
  parent_node,
  parent_remote_id,
  remote_id,
  sort_field,
  sort_order
) VALUES (
  1,
  3,
  0,
  33,
  1,
  2,
  1,
  '',
  0,
  8,
  1
);
INSERT INTO eznode_assignment (
  contentobject_id,
  contentobject_version,
  from_node_id,
  id,
  is_main,
  op_code,
  parent_node,
  parent_remote_id,
  remote_id,
  sort_field,
  sort_order
) VALUES (
  56,
  1,
  0,
  34,
  1,
  2,
  1,
  '',
  0,
  2,
  0
);

INSERT INTO ezorder_status (
  id,
  is_active,
  name,
  status_id
) VALUES (
  1,
  1,
  'Pending',
  1
);
INSERT INTO ezorder_status (
  id,
  is_active,
  name,
  status_id
) VALUES (
  2,
  1,
  'Processing',
  2
);
INSERT INTO ezorder_status (
  id,
  is_active,
  name,
  status_id
) VALUES (
  3,
  1,
  'Delivered',
  3
);

INSERT INTO ezpolicy (
  function_name,
  id,
  module_name,
  role_id
) VALUES (
  '*',
  308,
  '*',
  2
);
INSERT INTO ezpolicy (
  function_name,
  id,
  module_name,
  role_id
) VALUES (
  '*',
  317,
  'content',
  3
);
INSERT INTO ezpolicy (
  function_name,
  id,
  module_name,
  role_id
) VALUES (
  'login',
  319,
  'user',
  3
);
INSERT INTO ezpolicy (
  function_name,
  id,
  module_name,
  role_id
) VALUES (
  'login',
  327,
  'user',
  1
);
INSERT INTO ezpolicy (
  function_name,
  id,
  module_name,
  role_id
) VALUES (
  'read',
  328,
  'content',
  1
);
INSERT INTO ezpolicy (
  function_name,
  id,
  module_name,
  role_id
) VALUES (
  'pdf',
  329,
  'content',
  1
);

INSERT INTO ezpolicy_limitation (
  id,
  identifier,
  policy_id
) VALUES (
  251,
  'Section',
  328
);
INSERT INTO ezpolicy_limitation (
  id,
  identifier,
  policy_id
) VALUES (
  252,
  'Section',
  329
);

INSERT INTO ezpolicy_limitation_value (
  id,
  limitation_id,
  value
) VALUES (
  477,
  251,
  '1'
);
INSERT INTO ezpolicy_limitation_value (
  id,
  limitation_id,
  value
) VALUES (
  478,
  252,
  '1'
);

INSERT INTO ezrole (
  id,
  is_new,
  name,
  value,
  version
) VALUES (
  1,
  0,
  'Anonymous',
  ' ',
  0
);
INSERT INTO ezrole (
  id,
  is_new,
  name,
  value,
  version
) VALUES (
  2,
  0,
  'Administrator',
  '*',
  0
);
INSERT INTO ezrole (
  id,
  is_new,
  name,
  value,
  version
) VALUES (
  3,
  0,
  'Editor',
  ' ',
  0
);

INSERT INTO ezsearch_object_word_link (
  contentclass_attribute_id,
  contentclass_id,
  contentobject_id,
  frequency,
  id,
  identifier,
  integer_value,
  next_word_id,
  placement,
  prev_word_id,
  published,
  section_id,
  word_id
) VALUES (
  6,
  3,
  11,
  0,
  201,
  '',
  0,
  58,
  0,
  0,
  1033920746,
  2,
  57
);
INSERT INTO ezsearch_object_word_link (
  contentclass_attribute_id,
  contentclass_id,
  contentobject_id,
  frequency,
  id,
  identifier,
  integer_value,
  next_word_id,
  placement,
  prev_word_id,
  published,
  section_id,
  word_id
) VALUES (
  6,
  3,
  11,
  0,
  202,
  '',
  0,
  57,
  1,
  57,
  1033920746,
  2,
  58
);
INSERT INTO ezsearch_object_word_link (
  contentclass_attribute_id,
  contentclass_id,
  contentobject_id,
  frequency,
  id,
  identifier,
  integer_value,
  next_word_id,
  placement,
  prev_word_id,
  published,
  section_id,
  word_id
) VALUES (
  6,
  3,
  11,
  0,
  203,
  '',
  0,
  58,
  2,
  58,
  1033920746,
  2,
  57
);
INSERT INTO ezsearch_object_word_link (
  contentclass_attribute_id,
  contentclass_id,
  contentobject_id,
  frequency,
  id,
  identifier,
  integer_value,
  next_word_id,
  placement,
  prev_word_id,
  published,
  section_id,
  word_id
) VALUES (
  6,
  3,
  11,
  0,
  204,
  '',
  0,
  0,
  3,
  57,
  1033920746,
  2,
  58
);
INSERT INTO ezsearch_object_word_link (
  contentclass_attribute_id,
  contentclass_id,
  contentobject_id,
  frequency,
  id,
  identifier,
  integer_value,
  next_word_id,
  placement,
  prev_word_id,
  published,
  section_id,
  word_id
) VALUES (
  6,
  3,
  12,
  0,
  213,
  '',
  0,
  62,
  0,
  0,
  1033920775,
  2,
  61
);
INSERT INTO ezsearch_object_word_link (
  contentclass_attribute_id,
  contentclass_id,
  contentobject_id,
  frequency,
  id,
  identifier,
  integer_value,
  next_word_id,
  placement,
  prev_word_id,
  published,
  section_id,
  word_id
) VALUES (
  6,
  3,
  12,
  0,
  214,
  '',
  0,
  61,
  1,
  61,
  1033920775,
  2,
  62
);
INSERT INTO ezsearch_object_word_link (
  contentclass_attribute_id,
  contentclass_id,
  contentobject_id,
  frequency,
  id,
  identifier,
  integer_value,
  next_word_id,
  placement,
  prev_word_id,
  published,
  section_id,
  word_id
) VALUES (
  6,
  3,
  12,
  0,
  215,
  '',
  0,
  62,
  2,
  62,
  1033920775,
  2,
  61
);
INSERT INTO ezsearch_object_word_link (
  contentclass_attribute_id,
  contentclass_id,
  contentobject_id,
  frequency,
  id,
  identifier,
  integer_value,
  next_word_id,
  placement,
  prev_word_id,
  published,
  section_id,
  word_id
) VALUES (
  6,
  3,
  12,
  0,
  216,
  '',
  0,
  0,
  3,
  61,
  1033920775,
  2,
  62
);
INSERT INTO ezsearch_object_word_link (
  contentclass_attribute_id,
  contentclass_id,
  contentobject_id,
  frequency,
  id,
  identifier,
  integer_value,
  next_word_id,
  placement,
  prev_word_id,
  published,
  section_id,
  word_id
) VALUES (
  8,
  4,
  14,
  0,
  217,
  '',
  0,
  61,
  0,
  0,
  1033920830,
  2,
  61
);
INSERT INTO ezsearch_object_word_link (
  contentclass_attribute_id,
  contentclass_id,
  contentobject_id,
  frequency,
  id,
  identifier,
  integer_value,
  next_word_id,
  placement,
  prev_word_id,
  published,
  section_id,
  word_id
) VALUES (
  8,
  4,
  14,
  0,
  218,
  '',
  0,
  63,
  1,
  61,
  1033920830,
  2,
  61
);
INSERT INTO ezsearch_object_word_link (
  contentclass_attribute_id,
  contentclass_id,
  contentobject_id,
  frequency,
  id,
  identifier,
  integer_value,
  next_word_id,
  placement,
  prev_word_id,
  published,
  section_id,
  word_id
) VALUES (
  9,
  4,
  14,
  0,
  219,
  '',
  0,
  63,
  2,
  61,
  1033920830,
  2,
  63
);
INSERT INTO ezsearch_object_word_link (
  contentclass_attribute_id,
  contentclass_id,
  contentobject_id,
  frequency,
  id,
  identifier,
  integer_value,
  next_word_id,
  placement,
  prev_word_id,
  published,
  section_id,
  word_id
) VALUES (
  9,
  4,
  14,
  0,
  220,
  '',
  0,
  64,
  3,
  63,
  1033920830,
  2,
  63
);
INSERT INTO ezsearch_object_word_link (
  contentclass_attribute_id,
  contentclass_id,
  contentobject_id,
  frequency,
  id,
  identifier,
  integer_value,
  next_word_id,
  placement,
  prev_word_id,
  published,
  section_id,
  word_id
) VALUES (
  12,
  4,
  14,
  0,
  221,
  '',
  0,
  65,
  4,
  63,
  1033920830,
  2,
  64
);
INSERT INTO ezsearch_object_word_link (
  contentclass_attribute_id,
  contentclass_id,
  contentobject_id,
  frequency,
  id,
  identifier,
  integer_value,
  next_word_id,
  placement,
  prev_word_id,
  published,
  section_id,
  word_id
) VALUES (
  12,
  4,
  14,
  0,
  222,
  '',
  0,
  64,
  5,
  64,
  1033920830,
  2,
  65
);
INSERT INTO ezsearch_object_word_link (
  contentclass_attribute_id,
  contentclass_id,
  contentobject_id,
  frequency,
  id,
  identifier,
  integer_value,
  next_word_id,
  placement,
  prev_word_id,
  published,
  section_id,
  word_id
) VALUES (
  12,
  4,
  14,
  0,
  223,
  '',
  0,
  65,
  6,
  65,
  1033920830,
  2,
  64
);
INSERT INTO ezsearch_object_word_link (
  contentclass_attribute_id,
  contentclass_id,
  contentobject_id,
  frequency,
  id,
  identifier,
  integer_value,
  next_word_id,
  placement,
  prev_word_id,
  published,
  section_id,
  word_id
) VALUES (
  12,
  4,
  14,
  0,
  224,
  '',
  0,
  0,
  7,
  64,
  1033920830,
  2,
  65
);
INSERT INTO ezsearch_object_word_link (
  contentclass_attribute_id,
  contentclass_id,
  contentobject_id,
  frequency,
  id,
  identifier,
  integer_value,
  next_word_id,
  placement,
  prev_word_id,
  published,
  section_id,
  word_id
) VALUES (
  6,
  3,
  13,
  0,
  225,
  '',
  0,
  66,
  0,
  0,
  1033920794,
  2,
  66
);
INSERT INTO ezsearch_object_word_link (
  contentclass_attribute_id,
  contentclass_id,
  contentobject_id,
  frequency,
  id,
  identifier,
  integer_value,
  next_word_id,
  placement,
  prev_word_id,
  published,
  section_id,
  word_id
) VALUES (
  6,
  3,
  13,
  0,
  226,
  '',
  0,
  0,
  1,
  66,
  1033920794,
  2,
  66
);
INSERT INTO ezsearch_object_word_link (
  contentclass_attribute_id,
  contentclass_id,
  contentobject_id,
  frequency,
  id,
  identifier,
  integer_value,
  next_word_id,
  placement,
  prev_word_id,
  published,
  section_id,
  word_id
) VALUES (
  6,
  3,
  42,
  0,
  227,
  '',
  0,
  62,
  0,
  0,
  1072180330,
  2,
  67
);
INSERT INTO ezsearch_object_word_link (
  contentclass_attribute_id,
  contentclass_id,
  contentobject_id,
  frequency,
  id,
  identifier,
  integer_value,
  next_word_id,
  placement,
  prev_word_id,
  published,
  section_id,
  word_id
) VALUES (
  6,
  3,
  42,
  0,
  228,
  '',
  0,
  67,
  1,
  67,
  1072180330,
  2,
  62
);
INSERT INTO ezsearch_object_word_link (
  contentclass_attribute_id,
  contentclass_id,
  contentobject_id,
  frequency,
  id,
  identifier,
  integer_value,
  next_word_id,
  placement,
  prev_word_id,
  published,
  section_id,
  word_id
) VALUES (
  6,
  3,
  42,
  0,
  229,
  '',
  0,
  62,
  2,
  62,
  1072180330,
  2,
  67
);
INSERT INTO ezsearch_object_word_link (
  contentclass_attribute_id,
  contentclass_id,
  contentobject_id,
  frequency,
  id,
  identifier,
  integer_value,
  next_word_id,
  placement,
  prev_word_id,
  published,
  section_id,
  word_id
) VALUES (
  6,
  3,
  42,
  0,
  230,
  '',
  0,
  63,
  3,
  67,
  1072180330,
  2,
  62
);
INSERT INTO ezsearch_object_word_link (
  contentclass_attribute_id,
  contentclass_id,
  contentobject_id,
  frequency,
  id,
  identifier,
  integer_value,
  next_word_id,
  placement,
  prev_word_id,
  published,
  section_id,
  word_id
) VALUES (
  7,
  3,
  42,
  0,
  231,
  '',
  0,
  68,
  4,
  62,
  1072180330,
  2,
  63
);
INSERT INTO ezsearch_object_word_link (
  contentclass_attribute_id,
  contentclass_id,
  contentobject_id,
  frequency,
  id,
  identifier,
  integer_value,
  next_word_id,
  placement,
  prev_word_id,
  published,
  section_id,
  word_id
) VALUES (
  7,
  3,
  42,
  0,
  232,
  '',
  0,
  69,
  5,
  63,
  1072180330,
  2,
  68
);
INSERT INTO ezsearch_object_word_link (
  contentclass_attribute_id,
  contentclass_id,
  contentobject_id,
  frequency,
  id,
  identifier,
  integer_value,
  next_word_id,
  placement,
  prev_word_id,
  published,
  section_id,
  word_id
) VALUES (
  7,
  3,
  42,
  0,
  233,
  '',
  0,
  70,
  6,
  68,
  1072180330,
  2,
  69
);
INSERT INTO ezsearch_object_word_link (
  contentclass_attribute_id,
  contentclass_id,
  contentobject_id,
  frequency,
  id,
  identifier,
  integer_value,
  next_word_id,
  placement,
  prev_word_id,
  published,
  section_id,
  word_id
) VALUES (
  7,
  3,
  42,
  0,
  234,
  '',
  0,
  67,
  7,
  69,
  1072180330,
  2,
  70
);
INSERT INTO ezsearch_object_word_link (
  contentclass_attribute_id,
  contentclass_id,
  contentobject_id,
  frequency,
  id,
  identifier,
  integer_value,
  next_word_id,
  placement,
  prev_word_id,
  published,
  section_id,
  word_id
) VALUES (
  7,
  3,
  42,
  0,
  235,
  '',
  0,
  63,
  8,
  70,
  1072180330,
  2,
  67
);
INSERT INTO ezsearch_object_word_link (
  contentclass_attribute_id,
  contentclass_id,
  contentobject_id,
  frequency,
  id,
  identifier,
  integer_value,
  next_word_id,
  placement,
  prev_word_id,
  published,
  section_id,
  word_id
) VALUES (
  7,
  3,
  42,
  0,
  236,
  '',
  0,
  63,
  9,
  67,
  1072180330,
  2,
  63
);
INSERT INTO ezsearch_object_word_link (
  contentclass_attribute_id,
  contentclass_id,
  contentobject_id,
  frequency,
  id,
  identifier,
  integer_value,
  next_word_id,
  placement,
  prev_word_id,
  published,
  section_id,
  word_id
) VALUES (
  7,
  3,
  42,
  0,
  237,
  '',
  0,
  68,
  10,
  63,
  1072180330,
  2,
  63
);
INSERT INTO ezsearch_object_word_link (
  contentclass_attribute_id,
  contentclass_id,
  contentobject_id,
  frequency,
  id,
  identifier,
  integer_value,
  next_word_id,
  placement,
  prev_word_id,
  published,
  section_id,
  word_id
) VALUES (
  7,
  3,
  42,
  0,
  238,
  '',
  0,
  69,
  11,
  63,
  1072180330,
  2,
  68
);
INSERT INTO ezsearch_object_word_link (
  contentclass_attribute_id,
  contentclass_id,
  contentobject_id,
  frequency,
  id,
  identifier,
  integer_value,
  next_word_id,
  placement,
  prev_word_id,
  published,
  section_id,
  word_id
) VALUES (
  7,
  3,
  42,
  0,
  239,
  '',
  0,
  70,
  12,
  68,
  1072180330,
  2,
  69
);
INSERT INTO ezsearch_object_word_link (
  contentclass_attribute_id,
  contentclass_id,
  contentobject_id,
  frequency,
  id,
  identifier,
  integer_value,
  next_word_id,
  placement,
  prev_word_id,
  published,
  section_id,
  word_id
) VALUES (
  7,
  3,
  42,
  0,
  240,
  '',
  0,
  67,
  13,
  69,
  1072180330,
  2,
  70
);
INSERT INTO ezsearch_object_word_link (
  contentclass_attribute_id,
  contentclass_id,
  contentobject_id,
  frequency,
  id,
  identifier,
  integer_value,
  next_word_id,
  placement,
  prev_word_id,
  published,
  section_id,
  word_id
) VALUES (
  7,
  3,
  42,
  0,
  241,
  '',
  0,
  63,
  14,
  70,
  1072180330,
  2,
  67
);
INSERT INTO ezsearch_object_word_link (
  contentclass_attribute_id,
  contentclass_id,
  contentobject_id,
  frequency,
  id,
  identifier,
  integer_value,
  next_word_id,
  placement,
  prev_word_id,
  published,
  section_id,
  word_id
) VALUES (
  7,
  3,
  42,
  0,
  242,
  '',
  0,
  0,
  15,
  67,
  1072180330,
  2,
  63
);
INSERT INTO ezsearch_object_word_link (
  contentclass_attribute_id,
  contentclass_id,
  contentobject_id,
  frequency,
  id,
  identifier,
  integer_value,
  next_word_id,
  placement,
  prev_word_id,
  published,
  section_id,
  word_id
) VALUES (
  8,
  4,
  10,
  0,
  243,
  '',
  0,
  67,
  0,
  0,
  1033920665,
  2,
  67
);
INSERT INTO ezsearch_object_word_link (
  contentclass_attribute_id,
  contentclass_id,
  contentobject_id,
  frequency,
  id,
  identifier,
  integer_value,
  next_word_id,
  placement,
  prev_word_id,
  published,
  section_id,
  word_id
) VALUES (
  8,
  4,
  10,
  0,
  244,
  '',
  0,
  63,
  1,
  67,
  1033920665,
  2,
  67
);
INSERT INTO ezsearch_object_word_link (
  contentclass_attribute_id,
  contentclass_id,
  contentobject_id,
  frequency,
  id,
  identifier,
  integer_value,
  next_word_id,
  placement,
  prev_word_id,
  published,
  section_id,
  word_id
) VALUES (
  9,
  4,
  10,
  0,
  245,
  '',
  0,
  63,
  2,
  67,
  1033920665,
  2,
  63
);
INSERT INTO ezsearch_object_word_link (
  contentclass_attribute_id,
  contentclass_id,
  contentobject_id,
  frequency,
  id,
  identifier,
  integer_value,
  next_word_id,
  placement,
  prev_word_id,
  published,
  section_id,
  word_id
) VALUES (
  9,
  4,
  10,
  0,
  246,
  '',
  0,
  67,
  3,
  63,
  1033920665,
  2,
  63
);
INSERT INTO ezsearch_object_word_link (
  contentclass_attribute_id,
  contentclass_id,
  contentobject_id,
  frequency,
  id,
  identifier,
  integer_value,
  next_word_id,
  placement,
  prev_word_id,
  published,
  section_id,
  word_id
) VALUES (
  12,
  4,
  10,
  0,
  247,
  '',
  0,
  65,
  4,
  63,
  1033920665,
  2,
  67
);
INSERT INTO ezsearch_object_word_link (
  contentclass_attribute_id,
  contentclass_id,
  contentobject_id,
  frequency,
  id,
  identifier,
  integer_value,
  next_word_id,
  placement,
  prev_word_id,
  published,
  section_id,
  word_id
) VALUES (
  12,
  4,
  10,
  0,
  248,
  '',
  0,
  67,
  5,
  67,
  1033920665,
  2,
  65
);
INSERT INTO ezsearch_object_word_link (
  contentclass_attribute_id,
  contentclass_id,
  contentobject_id,
  frequency,
  id,
  identifier,
  integer_value,
  next_word_id,
  placement,
  prev_word_id,
  published,
  section_id,
  word_id
) VALUES (
  12,
  4,
  10,
  0,
  249,
  '',
  0,
  65,
  6,
  65,
  1033920665,
  2,
  67
);
INSERT INTO ezsearch_object_word_link (
  contentclass_attribute_id,
  contentclass_id,
  contentobject_id,
  frequency,
  id,
  identifier,
  integer_value,
  next_word_id,
  placement,
  prev_word_id,
  published,
  section_id,
  word_id
) VALUES (
  12,
  4,
  10,
  0,
  250,
  '',
  0,
  0,
  7,
  67,
  1033920665,
  2,
  65
);
INSERT INTO ezsearch_object_word_link (
  contentclass_attribute_id,
  contentclass_id,
  contentobject_id,
  frequency,
  id,
  identifier,
  integer_value,
  next_word_id,
  placement,
  prev_word_id,
  published,
  section_id,
  word_id
) VALUES (
  4,
  1,
  45,
  0,
  1485,
  '',
  0,
  85,
  0,
  0,
  1079684190,
  4,
  85
);
INSERT INTO ezsearch_object_word_link (
  contentclass_attribute_id,
  contentclass_id,
  contentobject_id,
  frequency,
  id,
  identifier,
  integer_value,
  next_word_id,
  placement,
  prev_word_id,
  published,
  section_id,
  word_id
) VALUES (
  4,
  1,
  45,
  0,
  1486,
  '',
  0,
  86,
  1,
  85,
  1079684190,
  4,
  85
);
INSERT INTO ezsearch_object_word_link (
  contentclass_attribute_id,
  contentclass_id,
  contentobject_id,
  frequency,
  id,
  identifier,
  integer_value,
  next_word_id,
  placement,
  prev_word_id,
  published,
  section_id,
  word_id
) VALUES (
  158,
  1,
  45,
  0,
  1487,
  '',
  0,
  86,
  2,
  85,
  1079684190,
  4,
  86
);
INSERT INTO ezsearch_object_word_link (
  contentclass_attribute_id,
  contentclass_id,
  contentobject_id,
  frequency,
  id,
  identifier,
  integer_value,
  next_word_id,
  placement,
  prev_word_id,
  published,
  section_id,
  word_id
) VALUES (
  158,
  1,
  45,
  0,
  1488,
  '',
  0,
  0,
  3,
  86,
  1079684190,
  4,
  86
);
INSERT INTO ezsearch_object_word_link (
  contentclass_attribute_id,
  contentclass_id,
  contentobject_id,
  frequency,
  id,
  identifier,
  integer_value,
  next_word_id,
  placement,
  prev_word_id,
  published,
  section_id,
  word_id
) VALUES (
  4,
  1,
  49,
  0,
  2379,
  '',
  0,
  90,
  0,
  0,
  1080220197,
  3,
  90
);
INSERT INTO ezsearch_object_word_link (
  contentclass_attribute_id,
  contentclass_id,
  contentobject_id,
  frequency,
  id,
  identifier,
  integer_value,
  next_word_id,
  placement,
  prev_word_id,
  published,
  section_id,
  word_id
) VALUES (
  4,
  1,
  49,
  0,
  2380,
  '',
  0,
  79,
  1,
  90,
  1080220197,
  3,
  90
);
INSERT INTO ezsearch_object_word_link (
  contentclass_attribute_id,
  contentclass_id,
  contentobject_id,
  frequency,
  id,
  identifier,
  integer_value,
  next_word_id,
  placement,
  prev_word_id,
  published,
  section_id,
  word_id
) VALUES (
  158,
  1,
  49,
  0,
  2381,
  '',
  1,
  79,
  2,
  90,
  1080220197,
  3,
  79
);
INSERT INTO ezsearch_object_word_link (
  contentclass_attribute_id,
  contentclass_id,
  contentobject_id,
  frequency,
  id,
  identifier,
  integer_value,
  next_word_id,
  placement,
  prev_word_id,
  published,
  section_id,
  word_id
) VALUES (
  158,
  1,
  49,
  0,
  2382,
  '',
  1,
  0,
  3,
  79,
  1080220197,
  3,
  79
);
INSERT INTO ezsearch_object_word_link (
  contentclass_attribute_id,
  contentclass_id,
  contentobject_id,
  frequency,
  id,
  identifier,
  integer_value,
  next_word_id,
  placement,
  prev_word_id,
  published,
  section_id,
  word_id
) VALUES (
  4,
  1,
  50,
  0,
  2383,
  '',
  0,
  101,
  0,
  0,
  1080220220,
  3,
  101
);
INSERT INTO ezsearch_object_word_link (
  contentclass_attribute_id,
  contentclass_id,
  contentobject_id,
  frequency,
  id,
  identifier,
  integer_value,
  next_word_id,
  placement,
  prev_word_id,
  published,
  section_id,
  word_id
) VALUES (
  4,
  1,
  50,
  0,
  2384,
  '',
  0,
  79,
  1,
  101,
  1080220220,
  3,
  101
);
INSERT INTO ezsearch_object_word_link (
  contentclass_attribute_id,
  contentclass_id,
  contentobject_id,
  frequency,
  id,
  identifier,
  integer_value,
  next_word_id,
  placement,
  prev_word_id,
  published,
  section_id,
  word_id
) VALUES (
  158,
  1,
  50,
  0,
  2385,
  '',
  1,
  79,
  2,
  101,
  1080220220,
  3,
  79
);
INSERT INTO ezsearch_object_word_link (
  contentclass_attribute_id,
  contentclass_id,
  contentobject_id,
  frequency,
  id,
  identifier,
  integer_value,
  next_word_id,
  placement,
  prev_word_id,
  published,
  section_id,
  word_id
) VALUES (
  158,
  1,
  50,
  0,
  2386,
  '',
  1,
  0,
  3,
  79,
  1080220220,
  3,
  79
);
INSERT INTO ezsearch_object_word_link (
  contentclass_attribute_id,
  contentclass_id,
  contentobject_id,
  frequency,
  id,
  identifier,
  integer_value,
  next_word_id,
  placement,
  prev_word_id,
  published,
  section_id,
  word_id
) VALUES (
  4,
  1,
  51,
  0,
  2387,
  '',
  0,
  102,
  0,
  0,
  1080220233,
  3,
  102
);
INSERT INTO ezsearch_object_word_link (
  contentclass_attribute_id,
  contentclass_id,
  contentobject_id,
  frequency,
  id,
  identifier,
  integer_value,
  next_word_id,
  placement,
  prev_word_id,
  published,
  section_id,
  word_id
) VALUES (
  4,
  1,
  51,
  0,
  2388,
  '',
  0,
  79,
  1,
  102,
  1080220233,
  3,
  102
);
INSERT INTO ezsearch_object_word_link (
  contentclass_attribute_id,
  contentclass_id,
  contentobject_id,
  frequency,
  id,
  identifier,
  integer_value,
  next_word_id,
  placement,
  prev_word_id,
  published,
  section_id,
  word_id
) VALUES (
  158,
  1,
  51,
  0,
  2389,
  '',
  1,
  79,
  2,
  102,
  1080220233,
  3,
  79
);
INSERT INTO ezsearch_object_word_link (
  contentclass_attribute_id,
  contentclass_id,
  contentobject_id,
  frequency,
  id,
  identifier,
  integer_value,
  next_word_id,
  placement,
  prev_word_id,
  published,
  section_id,
  word_id
) VALUES (
  158,
  1,
  51,
  0,
  2390,
  '',
  1,
  0,
  3,
  79,
  1080220233,
  3,
  79
);
INSERT INTO ezsearch_object_word_link (
  contentclass_attribute_id,
  contentclass_id,
  contentobject_id,
  frequency,
  id,
  identifier,
  integer_value,
  next_word_id,
  placement,
  prev_word_id,
  published,
  section_id,
  word_id
) VALUES (
  159,
  14,
  52,
  0,
  2391,
  '',
  0,
  104,
  0,
  0,
  1082016591,
  4,
  103
);
INSERT INTO ezsearch_object_word_link (
  contentclass_attribute_id,
  contentclass_id,
  contentobject_id,
  frequency,
  id,
  identifier,
  integer_value,
  next_word_id,
  placement,
  prev_word_id,
  published,
  section_id,
  word_id
) VALUES (
  159,
  14,
  52,
  0,
  2392,
  '',
  0,
  105,
  1,
  103,
  1082016591,
  4,
  104
);
INSERT INTO ezsearch_object_word_link (
  contentclass_attribute_id,
  contentclass_id,
  contentobject_id,
  frequency,
  id,
  identifier,
  integer_value,
  next_word_id,
  placement,
  prev_word_id,
  published,
  section_id,
  word_id
) VALUES (
  159,
  14,
  52,
  0,
  2393,
  '',
  0,
  103,
  2,
  104,
  1082016591,
  4,
  105
);
INSERT INTO ezsearch_object_word_link (
  contentclass_attribute_id,
  contentclass_id,
  contentobject_id,
  frequency,
  id,
  identifier,
  integer_value,
  next_word_id,
  placement,
  prev_word_id,
  published,
  section_id,
  word_id
) VALUES (
  159,
  14,
  52,
  0,
  2394,
  '',
  0,
  104,
  3,
  105,
  1082016591,
  4,
  103
);
INSERT INTO ezsearch_object_word_link (
  contentclass_attribute_id,
  contentclass_id,
  contentobject_id,
  frequency,
  id,
  identifier,
  integer_value,
  next_word_id,
  placement,
  prev_word_id,
  published,
  section_id,
  word_id
) VALUES (
  159,
  14,
  52,
  0,
  2395,
  '',
  0,
  105,
  4,
  103,
  1082016591,
  4,
  104
);
INSERT INTO ezsearch_object_word_link (
  contentclass_attribute_id,
  contentclass_id,
  contentobject_id,
  frequency,
  id,
  identifier,
  integer_value,
  next_word_id,
  placement,
  prev_word_id,
  published,
  section_id,
  word_id
) VALUES (
  159,
  14,
  52,
  0,
  2396,
  '',
  0,
  0,
  5,
  104,
  1082016591,
  4,
  105
);
INSERT INTO ezsearch_object_word_link (
  contentclass_attribute_id,
  contentclass_id,
  contentobject_id,
  frequency,
  id,
  identifier,
  integer_value,
  next_word_id,
  placement,
  prev_word_id,
  published,
  section_id,
  word_id
) VALUES (
  176,
  15,
  54,
  0,
  2397,
  '',
  0,
  106,
  0,
  0,
  1082016652,
  4,
  106
);
INSERT INTO ezsearch_object_word_link (
  contentclass_attribute_id,
  contentclass_id,
  contentobject_id,
  frequency,
  id,
  identifier,
  integer_value,
  next_word_id,
  placement,
  prev_word_id,
  published,
  section_id,
  word_id
) VALUES (
  176,
  15,
  54,
  0,
  2398,
  '',
  0,
  0,
  1,
  106,
  1082016652,
  4,
  106
);
INSERT INTO ezsearch_object_word_link (
  contentclass_attribute_id,
  contentclass_id,
  contentobject_id,
  frequency,
  id,
  identifier,
  integer_value,
  next_word_id,
  placement,
  prev_word_id,
  published,
  section_id,
  word_id
) VALUES (
  4,
  1,
  1,
  0,
  3127,
  '',
  0,
  279,
  0,
  0,
  1033917596,
  1,
  278
);
INSERT INTO ezsearch_object_word_link (
  contentclass_attribute_id,
  contentclass_id,
  contentobject_id,
  frequency,
  id,
  identifier,
  integer_value,
  next_word_id,
  placement,
  prev_word_id,
  published,
  section_id,
  word_id
) VALUES (
  4,
  1,
  1,
  0,
  3128,
  '',
  0,
  280,
  1,
  278,
  1033917596,
  1,
  279
);
INSERT INTO ezsearch_object_word_link (
  contentclass_attribute_id,
  contentclass_id,
  contentobject_id,
  frequency,
  id,
  identifier,
  integer_value,
  next_word_id,
  placement,
  prev_word_id,
  published,
  section_id,
  word_id
) VALUES (
  4,
  1,
  1,
  0,
  3129,
  '',
  0,
  281,
  2,
  279,
  1033917596,
  1,
  280
);
INSERT INTO ezsearch_object_word_link (
  contentclass_attribute_id,
  contentclass_id,
  contentobject_id,
  frequency,
  id,
  identifier,
  integer_value,
  next_word_id,
  placement,
  prev_word_id,
  published,
  section_id,
  word_id
) VALUES (
  4,
  1,
  1,
  0,
  3130,
  '',
  0,
  278,
  3,
  280,
  1033917596,
  1,
  281
);
INSERT INTO ezsearch_object_word_link (
  contentclass_attribute_id,
  contentclass_id,
  contentobject_id,
  frequency,
  id,
  identifier,
  integer_value,
  next_word_id,
  placement,
  prev_word_id,
  published,
  section_id,
  word_id
) VALUES (
  4,
  1,
  1,
  0,
  3131,
  '',
  0,
  279,
  4,
  281,
  1033917596,
  1,
  278
);
INSERT INTO ezsearch_object_word_link (
  contentclass_attribute_id,
  contentclass_id,
  contentobject_id,
  frequency,
  id,
  identifier,
  integer_value,
  next_word_id,
  placement,
  prev_word_id,
  published,
  section_id,
  word_id
) VALUES (
  4,
  1,
  1,
  0,
  3132,
  '',
  0,
  280,
  5,
  278,
  1033917596,
  1,
  279
);
INSERT INTO ezsearch_object_word_link (
  contentclass_attribute_id,
  contentclass_id,
  contentobject_id,
  frequency,
  id,
  identifier,
  integer_value,
  next_word_id,
  placement,
  prev_word_id,
  published,
  section_id,
  word_id
) VALUES (
  4,
  1,
  1,
  0,
  3133,
  '',
  0,
  281,
  6,
  279,
  1033917596,
  1,
  280
);
INSERT INTO ezsearch_object_word_link (
  contentclass_attribute_id,
  contentclass_id,
  contentobject_id,
  frequency,
  id,
  identifier,
  integer_value,
  next_word_id,
  placement,
  prev_word_id,
  published,
  section_id,
  word_id
) VALUES (
  4,
  1,
  1,
  0,
  3134,
  '',
  0,
  280,
  7,
  280,
  1033917596,
  1,
  281
);
INSERT INTO ezsearch_object_word_link (
  contentclass_attribute_id,
  contentclass_id,
  contentobject_id,
  frequency,
  id,
  identifier,
  integer_value,
  next_word_id,
  placement,
  prev_word_id,
  published,
  section_id,
  word_id
) VALUES (
  155,
  1,
  1,
  0,
  3135,
  '',
  0,
  281,
  8,
  281,
  1033917596,
  1,
  280
);
INSERT INTO ezsearch_object_word_link (
  contentclass_attribute_id,
  contentclass_id,
  contentobject_id,
  frequency,
  id,
  identifier,
  integer_value,
  next_word_id,
  placement,
  prev_word_id,
  published,
  section_id,
  word_id
) VALUES (
  155,
  1,
  1,
  0,
  3136,
  '',
  0,
  280,
  9,
  280,
  1033917596,
  1,
  281
);
INSERT INTO ezsearch_object_word_link (
  contentclass_attribute_id,
  contentclass_id,
  contentobject_id,
  frequency,
  id,
  identifier,
  integer_value,
  next_word_id,
  placement,
  prev_word_id,
  published,
  section_id,
  word_id
) VALUES (
  155,
  1,
  1,
  0,
  3137,
  '',
  0,
  281,
  10,
  281,
  1033917596,
  1,
  280
);
INSERT INTO ezsearch_object_word_link (
  contentclass_attribute_id,
  contentclass_id,
  contentobject_id,
  frequency,
  id,
  identifier,
  integer_value,
  next_word_id,
  placement,
  prev_word_id,
  published,
  section_id,
  word_id
) VALUES (
  155,
  1,
  1,
  0,
  3138,
  '',
  0,
  280,
  11,
  280,
  1033917596,
  1,
  281
);
INSERT INTO ezsearch_object_word_link (
  contentclass_attribute_id,
  contentclass_id,
  contentobject_id,
  frequency,
  id,
  identifier,
  integer_value,
  next_word_id,
  placement,
  prev_word_id,
  published,
  section_id,
  word_id
) VALUES (
  119,
  1,
  1,
  0,
  3139,
  '',
  0,
  281,
  12,
  281,
  1033917596,
  1,
  280
);
INSERT INTO ezsearch_object_word_link (
  contentclass_attribute_id,
  contentclass_id,
  contentobject_id,
  frequency,
  id,
  identifier,
  integer_value,
  next_word_id,
  placement,
  prev_word_id,
  published,
  section_id,
  word_id
) VALUES (
  119,
  1,
  1,
  0,
  3140,
  '',
  0,
  282,
  13,
  280,
  1033917596,
  1,
  281
);
INSERT INTO ezsearch_object_word_link (
  contentclass_attribute_id,
  contentclass_id,
  contentobject_id,
  frequency,
  id,
  identifier,
  integer_value,
  next_word_id,
  placement,
  prev_word_id,
  published,
  section_id,
  word_id
) VALUES (
  119,
  1,
  1,
  0,
  3141,
  '',
  0,
  283,
  14,
  281,
  1033917596,
  1,
  282
);
INSERT INTO ezsearch_object_word_link (
  contentclass_attribute_id,
  contentclass_id,
  contentobject_id,
  frequency,
  id,
  identifier,
  integer_value,
  next_word_id,
  placement,
  prev_word_id,
  published,
  section_id,
  word_id
) VALUES (
  119,
  1,
  1,
  0,
  3142,
  '',
  0,
  284,
  15,
  282,
  1033917596,
  1,
  283
);
INSERT INTO ezsearch_object_word_link (
  contentclass_attribute_id,
  contentclass_id,
  contentobject_id,
  frequency,
  id,
  identifier,
  integer_value,
  next_word_id,
  placement,
  prev_word_id,
  published,
  section_id,
  word_id
) VALUES (
  119,
  1,
  1,
  0,
  3143,
  '',
  0,
  285,
  16,
  283,
  1033917596,
  1,
  284
);
INSERT INTO ezsearch_object_word_link (
  contentclass_attribute_id,
  contentclass_id,
  contentobject_id,
  frequency,
  id,
  identifier,
  integer_value,
  next_word_id,
  placement,
  prev_word_id,
  published,
  section_id,
  word_id
) VALUES (
  119,
  1,
  1,
  0,
  3144,
  '',
  0,
  286,
  17,
  284,
  1033917596,
  1,
  285
);
INSERT INTO ezsearch_object_word_link (
  contentclass_attribute_id,
  contentclass_id,
  contentobject_id,
  frequency,
  id,
  identifier,
  integer_value,
  next_word_id,
  placement,
  prev_word_id,
  published,
  section_id,
  word_id
) VALUES (
  119,
  1,
  1,
  0,
  3145,
  '',
  0,
  287,
  18,
  285,
  1033917596,
  1,
  286
);
INSERT INTO ezsearch_object_word_link (
  contentclass_attribute_id,
  contentclass_id,
  contentobject_id,
  frequency,
  id,
  identifier,
  integer_value,
  next_word_id,
  placement,
  prev_word_id,
  published,
  section_id,
  word_id
) VALUES (
  119,
  1,
  1,
  0,
  3146,
  '',
  0,
  288,
  19,
  286,
  1033917596,
  1,
  287
);
INSERT INTO ezsearch_object_word_link (
  contentclass_attribute_id,
  contentclass_id,
  contentobject_id,
  frequency,
  id,
  identifier,
  integer_value,
  next_word_id,
  placement,
  prev_word_id,
  published,
  section_id,
  word_id
) VALUES (
  119,
  1,
  1,
  0,
  3147,
  '',
  0,
  289,
  20,
  287,
  1033917596,
  1,
  288
);
INSERT INTO ezsearch_object_word_link (
  contentclass_attribute_id,
  contentclass_id,
  contentobject_id,
  frequency,
  id,
  identifier,
  integer_value,
  next_word_id,
  placement,
  prev_word_id,
  published,
  section_id,
  word_id
) VALUES (
  119,
  1,
  1,
  0,
  3148,
  '',
  0,
  290,
  21,
  288,
  1033917596,
  1,
  289
);
INSERT INTO ezsearch_object_word_link (
  contentclass_attribute_id,
  contentclass_id,
  contentobject_id,
  frequency,
  id,
  identifier,
  integer_value,
  next_word_id,
  placement,
  prev_word_id,
  published,
  section_id,
  word_id
) VALUES (
  119,
  1,
  1,
  0,
  3149,
  '',
  0,
  291,
  22,
  289,
  1033917596,
  1,
  290
);
INSERT INTO ezsearch_object_word_link (
  contentclass_attribute_id,
  contentclass_id,
  contentobject_id,
  frequency,
  id,
  identifier,
  integer_value,
  next_word_id,
  placement,
  prev_word_id,
  published,
  section_id,
  word_id
) VALUES (
  119,
  1,
  1,
  0,
  3150,
  '',
  0,
  292,
  23,
  290,
  1033917596,
  1,
  291
);
INSERT INTO ezsearch_object_word_link (
  contentclass_attribute_id,
  contentclass_id,
  contentobject_id,
  frequency,
  id,
  identifier,
  integer_value,
  next_word_id,
  placement,
  prev_word_id,
  published,
  section_id,
  word_id
) VALUES (
  119,
  1,
  1,
  0,
  3151,
  '',
  0,
  293,
  24,
  291,
  1033917596,
  1,
  292
);
INSERT INTO ezsearch_object_word_link (
  contentclass_attribute_id,
  contentclass_id,
  contentobject_id,
  frequency,
  id,
  identifier,
  integer_value,
  next_word_id,
  placement,
  prev_word_id,
  published,
  section_id,
  word_id
) VALUES (
  119,
  1,
  1,
  0,
  3152,
  '',
  0,
  294,
  25,
  292,
  1033917596,
  1,
  293
);
INSERT INTO ezsearch_object_word_link (
  contentclass_attribute_id,
  contentclass_id,
  contentobject_id,
  frequency,
  id,
  identifier,
  integer_value,
  next_word_id,
  placement,
  prev_word_id,
  published,
  section_id,
  word_id
) VALUES (
  119,
  1,
  1,
  0,
  3153,
  '',
  0,
  70,
  26,
  293,
  1033917596,
  1,
  294
);
INSERT INTO ezsearch_object_word_link (
  contentclass_attribute_id,
  contentclass_id,
  contentobject_id,
  frequency,
  id,
  identifier,
  integer_value,
  next_word_id,
  placement,
  prev_word_id,
  published,
  section_id,
  word_id
) VALUES (
  119,
  1,
  1,
  0,
  3154,
  '',
  0,
  291,
  27,
  294,
  1033917596,
  1,
  70
);
INSERT INTO ezsearch_object_word_link (
  contentclass_attribute_id,
  contentclass_id,
  contentobject_id,
  frequency,
  id,
  identifier,
  integer_value,
  next_word_id,
  placement,
  prev_word_id,
  published,
  section_id,
  word_id
) VALUES (
  119,
  1,
  1,
  0,
  3155,
  '',
  0,
  295,
  28,
  70,
  1033917596,
  1,
  291
);
INSERT INTO ezsearch_object_word_link (
  contentclass_attribute_id,
  contentclass_id,
  contentobject_id,
  frequency,
  id,
  identifier,
  integer_value,
  next_word_id,
  placement,
  prev_word_id,
  published,
  section_id,
  word_id
) VALUES (
  119,
  1,
  1,
  0,
  3156,
  '',
  0,
  296,
  29,
  291,
  1033917596,
  1,
  295
);
INSERT INTO ezsearch_object_word_link (
  contentclass_attribute_id,
  contentclass_id,
  contentobject_id,
  frequency,
  id,
  identifier,
  integer_value,
  next_word_id,
  placement,
  prev_word_id,
  published,
  section_id,
  word_id
) VALUES (
  119,
  1,
  1,
  0,
  3157,
  '',
  0,
  297,
  30,
  295,
  1033917596,
  1,
  296
);
INSERT INTO ezsearch_object_word_link (
  contentclass_attribute_id,
  contentclass_id,
  contentobject_id,
  frequency,
  id,
  identifier,
  integer_value,
  next_word_id,
  placement,
  prev_word_id,
  published,
  section_id,
  word_id
) VALUES (
  119,
  1,
  1,
  0,
  3158,
  '',
  0,
  290,
  31,
  296,
  1033917596,
  1,
  297
);
INSERT INTO ezsearch_object_word_link (
  contentclass_attribute_id,
  contentclass_id,
  contentobject_id,
  frequency,
  id,
  identifier,
  integer_value,
  next_word_id,
  placement,
  prev_word_id,
  published,
  section_id,
  word_id
) VALUES (
  119,
  1,
  1,
  0,
  3159,
  '',
  0,
  298,
  32,
  297,
  1033917596,
  1,
  290
);
INSERT INTO ezsearch_object_word_link (
  contentclass_attribute_id,
  contentclass_id,
  contentobject_id,
  frequency,
  id,
  identifier,
  integer_value,
  next_word_id,
  placement,
  prev_word_id,
  published,
  section_id,
  word_id
) VALUES (
  119,
  1,
  1,
  0,
  3160,
  '',
  0,
  299,
  33,
  290,
  1033917596,
  1,
  298
);
INSERT INTO ezsearch_object_word_link (
  contentclass_attribute_id,
  contentclass_id,
  contentobject_id,
  frequency,
  id,
  identifier,
  integer_value,
  next_word_id,
  placement,
  prev_word_id,
  published,
  section_id,
  word_id
) VALUES (
  119,
  1,
  1,
  0,
  3161,
  '',
  0,
  300,
  34,
  298,
  1033917596,
  1,
  299
);
INSERT INTO ezsearch_object_word_link (
  contentclass_attribute_id,
  contentclass_id,
  contentobject_id,
  frequency,
  id,
  identifier,
  integer_value,
  next_word_id,
  placement,
  prev_word_id,
  published,
  section_id,
  word_id
) VALUES (
  119,
  1,
  1,
  0,
  3162,
  '',
  0,
  293,
  35,
  299,
  1033917596,
  1,
  300
);
INSERT INTO ezsearch_object_word_link (
  contentclass_attribute_id,
  contentclass_id,
  contentobject_id,
  frequency,
  id,
  identifier,
  integer_value,
  next_word_id,
  placement,
  prev_word_id,
  published,
  section_id,
  word_id
) VALUES (
  119,
  1,
  1,
  0,
  3163,
  '',
  0,
  301,
  36,
  300,
  1033917596,
  1,
  293
);
INSERT INTO ezsearch_object_word_link (
  contentclass_attribute_id,
  contentclass_id,
  contentobject_id,
  frequency,
  id,
  identifier,
  integer_value,
  next_word_id,
  placement,
  prev_word_id,
  published,
  section_id,
  word_id
) VALUES (
  119,
  1,
  1,
  0,
  3164,
  '',
  0,
  302,
  37,
  293,
  1033917596,
  1,
  301
);
INSERT INTO ezsearch_object_word_link (
  contentclass_attribute_id,
  contentclass_id,
  contentobject_id,
  frequency,
  id,
  identifier,
  integer_value,
  next_word_id,
  placement,
  prev_word_id,
  published,
  section_id,
  word_id
) VALUES (
  119,
  1,
  1,
  0,
  3165,
  '',
  0,
  303,
  38,
  301,
  1033917596,
  1,
  302
);
INSERT INTO ezsearch_object_word_link (
  contentclass_attribute_id,
  contentclass_id,
  contentobject_id,
  frequency,
  id,
  identifier,
  integer_value,
  next_word_id,
  placement,
  prev_word_id,
  published,
  section_id,
  word_id
) VALUES (
  119,
  1,
  1,
  0,
  3166,
  '',
  0,
  279,
  39,
  302,
  1033917596,
  1,
  303
);
INSERT INTO ezsearch_object_word_link (
  contentclass_attribute_id,
  contentclass_id,
  contentobject_id,
  frequency,
  id,
  identifier,
  integer_value,
  next_word_id,
  placement,
  prev_word_id,
  published,
  section_id,
  word_id
) VALUES (
  119,
  1,
  1,
  0,
  3167,
  '',
  0,
  304,
  40,
  303,
  1033917596,
  1,
  279
);
INSERT INTO ezsearch_object_word_link (
  contentclass_attribute_id,
  contentclass_id,
  contentobject_id,
  frequency,
  id,
  identifier,
  integer_value,
  next_word_id,
  placement,
  prev_word_id,
  published,
  section_id,
  word_id
) VALUES (
  119,
  1,
  1,
  0,
  3168,
  '',
  0,
  305,
  41,
  279,
  1033917596,
  1,
  304
);
INSERT INTO ezsearch_object_word_link (
  contentclass_attribute_id,
  contentclass_id,
  contentobject_id,
  frequency,
  id,
  identifier,
  integer_value,
  next_word_id,
  placement,
  prev_word_id,
  published,
  section_id,
  word_id
) VALUES (
  119,
  1,
  1,
  0,
  3169,
  '',
  0,
  306,
  42,
  304,
  1033917596,
  1,
  305
);
INSERT INTO ezsearch_object_word_link (
  contentclass_attribute_id,
  contentclass_id,
  contentobject_id,
  frequency,
  id,
  identifier,
  integer_value,
  next_word_id,
  placement,
  prev_word_id,
  published,
  section_id,
  word_id
) VALUES (
  119,
  1,
  1,
  0,
  3170,
  '',
  0,
  283,
  43,
  305,
  1033917596,
  1,
  306
);
INSERT INTO ezsearch_object_word_link (
  contentclass_attribute_id,
  contentclass_id,
  contentobject_id,
  frequency,
  id,
  identifier,
  integer_value,
  next_word_id,
  placement,
  prev_word_id,
  published,
  section_id,
  word_id
) VALUES (
  119,
  1,
  1,
  0,
  3171,
  '',
  0,
  307,
  44,
  306,
  1033917596,
  1,
  283
);
INSERT INTO ezsearch_object_word_link (
  contentclass_attribute_id,
  contentclass_id,
  contentobject_id,
  frequency,
  id,
  identifier,
  integer_value,
  next_word_id,
  placement,
  prev_word_id,
  published,
  section_id,
  word_id
) VALUES (
  119,
  1,
  1,
  0,
  3172,
  '',
  0,
  308,
  45,
  283,
  1033917596,
  1,
  307
);
INSERT INTO ezsearch_object_word_link (
  contentclass_attribute_id,
  contentclass_id,
  contentobject_id,
  frequency,
  id,
  identifier,
  integer_value,
  next_word_id,
  placement,
  prev_word_id,
  published,
  section_id,
  word_id
) VALUES (
  119,
  1,
  1,
  0,
  3173,
  '',
  0,
  279,
  46,
  307,
  1033917596,
  1,
  308
);
INSERT INTO ezsearch_object_word_link (
  contentclass_attribute_id,
  contentclass_id,
  contentobject_id,
  frequency,
  id,
  identifier,
  integer_value,
  next_word_id,
  placement,
  prev_word_id,
  published,
  section_id,
  word_id
) VALUES (
  119,
  1,
  1,
  0,
  3174,
  '',
  0,
  283,
  47,
  308,
  1033917596,
  1,
  279
);
INSERT INTO ezsearch_object_word_link (
  contentclass_attribute_id,
  contentclass_id,
  contentobject_id,
  frequency,
  id,
  identifier,
  integer_value,
  next_word_id,
  placement,
  prev_word_id,
  published,
  section_id,
  word_id
) VALUES (
  119,
  1,
  1,
  0,
  3175,
  '',
  0,
  309,
  48,
  279,
  1033917596,
  1,
  283
);
INSERT INTO ezsearch_object_word_link (
  contentclass_attribute_id,
  contentclass_id,
  contentobject_id,
  frequency,
  id,
  identifier,
  integer_value,
  next_word_id,
  placement,
  prev_word_id,
  published,
  section_id,
  word_id
) VALUES (
  119,
  1,
  1,
  0,
  3176,
  '',
  0,
  310,
  49,
  283,
  1033917596,
  1,
  309
);
INSERT INTO ezsearch_object_word_link (
  contentclass_attribute_id,
  contentclass_id,
  contentobject_id,
  frequency,
  id,
  identifier,
  integer_value,
  next_word_id,
  placement,
  prev_word_id,
  published,
  section_id,
  word_id
) VALUES (
  119,
  1,
  1,
  0,
  3177,
  '',
  0,
  311,
  50,
  309,
  1033917596,
  1,
  310
);
INSERT INTO ezsearch_object_word_link (
  contentclass_attribute_id,
  contentclass_id,
  contentobject_id,
  frequency,
  id,
  identifier,
  integer_value,
  next_word_id,
  placement,
  prev_word_id,
  published,
  section_id,
  word_id
) VALUES (
  119,
  1,
  1,
  0,
  3178,
  '',
  0,
  312,
  51,
  310,
  1033917596,
  1,
  311
);
INSERT INTO ezsearch_object_word_link (
  contentclass_attribute_id,
  contentclass_id,
  contentobject_id,
  frequency,
  id,
  identifier,
  integer_value,
  next_word_id,
  placement,
  prev_word_id,
  published,
  section_id,
  word_id
) VALUES (
  119,
  1,
  1,
  0,
  3179,
  '',
  0,
  313,
  52,
  311,
  1033917596,
  1,
  312
);
INSERT INTO ezsearch_object_word_link (
  contentclass_attribute_id,
  contentclass_id,
  contentobject_id,
  frequency,
  id,
  identifier,
  integer_value,
  next_word_id,
  placement,
  prev_word_id,
  published,
  section_id,
  word_id
) VALUES (
  119,
  1,
  1,
  0,
  3180,
  '',
  0,
  314,
  53,
  312,
  1033917596,
  1,
  313
);
INSERT INTO ezsearch_object_word_link (
  contentclass_attribute_id,
  contentclass_id,
  contentobject_id,
  frequency,
  id,
  identifier,
  integer_value,
  next_word_id,
  placement,
  prev_word_id,
  published,
  section_id,
  word_id
) VALUES (
  119,
  1,
  1,
  0,
  3181,
  '',
  0,
  315,
  54,
  313,
  1033917596,
  1,
  314
);
INSERT INTO ezsearch_object_word_link (
  contentclass_attribute_id,
  contentclass_id,
  contentobject_id,
  frequency,
  id,
  identifier,
  integer_value,
  next_word_id,
  placement,
  prev_word_id,
  published,
  section_id,
  word_id
) VALUES (
  119,
  1,
  1,
  0,
  3182,
  '',
  0,
  316,
  55,
  314,
  1033917596,
  1,
  315
);
INSERT INTO ezsearch_object_word_link (
  contentclass_attribute_id,
  contentclass_id,
  contentobject_id,
  frequency,
  id,
  identifier,
  integer_value,
  next_word_id,
  placement,
  prev_word_id,
  published,
  section_id,
  word_id
) VALUES (
  119,
  1,
  1,
  0,
  3183,
  '',
  0,
  317,
  56,
  315,
  1033917596,
  1,
  316
);
INSERT INTO ezsearch_object_word_link (
  contentclass_attribute_id,
  contentclass_id,
  contentobject_id,
  frequency,
  id,
  identifier,
  integer_value,
  next_word_id,
  placement,
  prev_word_id,
  published,
  section_id,
  word_id
) VALUES (
  119,
  1,
  1,
  0,
  3184,
  '',
  0,
  318,
  57,
  316,
  1033917596,
  1,
  317
);
INSERT INTO ezsearch_object_word_link (
  contentclass_attribute_id,
  contentclass_id,
  contentobject_id,
  frequency,
  id,
  identifier,
  integer_value,
  next_word_id,
  placement,
  prev_word_id,
  published,
  section_id,
  word_id
) VALUES (
  119,
  1,
  1,
  0,
  3185,
  '',
  0,
  319,
  58,
  317,
  1033917596,
  1,
  318
);
INSERT INTO ezsearch_object_word_link (
  contentclass_attribute_id,
  contentclass_id,
  contentobject_id,
  frequency,
  id,
  identifier,
  integer_value,
  next_word_id,
  placement,
  prev_word_id,
  published,
  section_id,
  word_id
) VALUES (
  119,
  1,
  1,
  0,
  3186,
  '',
  0,
  320,
  59,
  318,
  1033917596,
  1,
  319
);
INSERT INTO ezsearch_object_word_link (
  contentclass_attribute_id,
  contentclass_id,
  contentobject_id,
  frequency,
  id,
  identifier,
  integer_value,
  next_word_id,
  placement,
  prev_word_id,
  published,
  section_id,
  word_id
) VALUES (
  119,
  1,
  1,
  0,
  3187,
  '',
  0,
  290,
  60,
  319,
  1033917596,
  1,
  320
);
INSERT INTO ezsearch_object_word_link (
  contentclass_attribute_id,
  contentclass_id,
  contentobject_id,
  frequency,
  id,
  identifier,
  integer_value,
  next_word_id,
  placement,
  prev_word_id,
  published,
  section_id,
  word_id
) VALUES (
  119,
  1,
  1,
  0,
  3188,
  '',
  0,
  321,
  61,
  320,
  1033917596,
  1,
  290
);
INSERT INTO ezsearch_object_word_link (
  contentclass_attribute_id,
  contentclass_id,
  contentobject_id,
  frequency,
  id,
  identifier,
  integer_value,
  next_word_id,
  placement,
  prev_word_id,
  published,
  section_id,
  word_id
) VALUES (
  119,
  1,
  1,
  0,
  3189,
  '',
  0,
  322,
  62,
  290,
  1033917596,
  1,
  321
);
INSERT INTO ezsearch_object_word_link (
  contentclass_attribute_id,
  contentclass_id,
  contentobject_id,
  frequency,
  id,
  identifier,
  integer_value,
  next_word_id,
  placement,
  prev_word_id,
  published,
  section_id,
  word_id
) VALUES (
  119,
  1,
  1,
  0,
  3190,
  '',
  0,
  323,
  63,
  321,
  1033917596,
  1,
  322
);
INSERT INTO ezsearch_object_word_link (
  contentclass_attribute_id,
  contentclass_id,
  contentobject_id,
  frequency,
  id,
  identifier,
  integer_value,
  next_word_id,
  placement,
  prev_word_id,
  published,
  section_id,
  word_id
) VALUES (
  119,
  1,
  1,
  0,
  3191,
  '',
  0,
  324,
  64,
  322,
  1033917596,
  1,
  323
);
INSERT INTO ezsearch_object_word_link (
  contentclass_attribute_id,
  contentclass_id,
  contentobject_id,
  frequency,
  id,
  identifier,
  integer_value,
  next_word_id,
  placement,
  prev_word_id,
  published,
  section_id,
  word_id
) VALUES (
  119,
  1,
  1,
  0,
  3192,
  '',
  0,
  325,
  65,
  323,
  1033917596,
  1,
  324
);
INSERT INTO ezsearch_object_word_link (
  contentclass_attribute_id,
  contentclass_id,
  contentobject_id,
  frequency,
  id,
  identifier,
  integer_value,
  next_word_id,
  placement,
  prev_word_id,
  published,
  section_id,
  word_id
) VALUES (
  119,
  1,
  1,
  0,
  3193,
  '',
  0,
  326,
  66,
  324,
  1033917596,
  1,
  325
);
INSERT INTO ezsearch_object_word_link (
  contentclass_attribute_id,
  contentclass_id,
  contentobject_id,
  frequency,
  id,
  identifier,
  integer_value,
  next_word_id,
  placement,
  prev_word_id,
  published,
  section_id,
  word_id
) VALUES (
  119,
  1,
  1,
  0,
  3194,
  '',
  0,
  295,
  67,
  325,
  1033917596,
  1,
  326
);
INSERT INTO ezsearch_object_word_link (
  contentclass_attribute_id,
  contentclass_id,
  contentobject_id,
  frequency,
  id,
  identifier,
  integer_value,
  next_word_id,
  placement,
  prev_word_id,
  published,
  section_id,
  word_id
) VALUES (
  119,
  1,
  1,
  0,
  3195,
  '',
  0,
  327,
  68,
  326,
  1033917596,
  1,
  295
);
INSERT INTO ezsearch_object_word_link (
  contentclass_attribute_id,
  contentclass_id,
  contentobject_id,
  frequency,
  id,
  identifier,
  integer_value,
  next_word_id,
  placement,
  prev_word_id,
  published,
  section_id,
  word_id
) VALUES (
  119,
  1,
  1,
  0,
  3196,
  '',
  0,
  285,
  69,
  295,
  1033917596,
  1,
  327
);
INSERT INTO ezsearch_object_word_link (
  contentclass_attribute_id,
  contentclass_id,
  contentobject_id,
  frequency,
  id,
  identifier,
  integer_value,
  next_word_id,
  placement,
  prev_word_id,
  published,
  section_id,
  word_id
) VALUES (
  119,
  1,
  1,
  0,
  3197,
  '',
  0,
  328,
  70,
  327,
  1033917596,
  1,
  285
);
INSERT INTO ezsearch_object_word_link (
  contentclass_attribute_id,
  contentclass_id,
  contentobject_id,
  frequency,
  id,
  identifier,
  integer_value,
  next_word_id,
  placement,
  prev_word_id,
  published,
  section_id,
  word_id
) VALUES (
  119,
  1,
  1,
  0,
  3198,
  '',
  0,
  280,
  71,
  285,
  1033917596,
  1,
  328
);
INSERT INTO ezsearch_object_word_link (
  contentclass_attribute_id,
  contentclass_id,
  contentobject_id,
  frequency,
  id,
  identifier,
  integer_value,
  next_word_id,
  placement,
  prev_word_id,
  published,
  section_id,
  word_id
) VALUES (
  119,
  1,
  1,
  0,
  3199,
  '',
  0,
  281,
  72,
  328,
  1033917596,
  1,
  280
);
INSERT INTO ezsearch_object_word_link (
  contentclass_attribute_id,
  contentclass_id,
  contentobject_id,
  frequency,
  id,
  identifier,
  integer_value,
  next_word_id,
  placement,
  prev_word_id,
  published,
  section_id,
  word_id
) VALUES (
  119,
  1,
  1,
  0,
  3200,
  '',
  0,
  301,
  73,
  280,
  1033917596,
  1,
  281
);
INSERT INTO ezsearch_object_word_link (
  contentclass_attribute_id,
  contentclass_id,
  contentobject_id,
  frequency,
  id,
  identifier,
  integer_value,
  next_word_id,
  placement,
  prev_word_id,
  published,
  section_id,
  word_id
) VALUES (
  119,
  1,
  1,
  0,
  3201,
  '',
  0,
  329,
  74,
  281,
  1033917596,
  1,
  301
);
INSERT INTO ezsearch_object_word_link (
  contentclass_attribute_id,
  contentclass_id,
  contentobject_id,
  frequency,
  id,
  identifier,
  integer_value,
  next_word_id,
  placement,
  prev_word_id,
  published,
  section_id,
  word_id
) VALUES (
  119,
  1,
  1,
  0,
  3202,
  '',
  0,
  302,
  75,
  301,
  1033917596,
  1,
  329
);
INSERT INTO ezsearch_object_word_link (
  contentclass_attribute_id,
  contentclass_id,
  contentobject_id,
  frequency,
  id,
  identifier,
  integer_value,
  next_word_id,
  placement,
  prev_word_id,
  published,
  section_id,
  word_id
) VALUES (
  119,
  1,
  1,
  0,
  3203,
  '',
  0,
  330,
  76,
  329,
  1033917596,
  1,
  302
);
INSERT INTO ezsearch_object_word_link (
  contentclass_attribute_id,
  contentclass_id,
  contentobject_id,
  frequency,
  id,
  identifier,
  integer_value,
  next_word_id,
  placement,
  prev_word_id,
  published,
  section_id,
  word_id
) VALUES (
  119,
  1,
  1,
  0,
  3204,
  '',
  0,
  331,
  77,
  302,
  1033917596,
  1,
  330
);
INSERT INTO ezsearch_object_word_link (
  contentclass_attribute_id,
  contentclass_id,
  contentobject_id,
  frequency,
  id,
  identifier,
  integer_value,
  next_word_id,
  placement,
  prev_word_id,
  published,
  section_id,
  word_id
) VALUES (
  119,
  1,
  1,
  0,
  3205,
  '',
  0,
  332,
  78,
  330,
  1033917596,
  1,
  331
);
INSERT INTO ezsearch_object_word_link (
  contentclass_attribute_id,
  contentclass_id,
  contentobject_id,
  frequency,
  id,
  identifier,
  integer_value,
  next_word_id,
  placement,
  prev_word_id,
  published,
  section_id,
  word_id
) VALUES (
  119,
  1,
  1,
  0,
  3206,
  '',
  0,
  290,
  79,
  331,
  1033917596,
  1,
  332
);
INSERT INTO ezsearch_object_word_link (
  contentclass_attribute_id,
  contentclass_id,
  contentobject_id,
  frequency,
  id,
  identifier,
  integer_value,
  next_word_id,
  placement,
  prev_word_id,
  published,
  section_id,
  word_id
) VALUES (
  119,
  1,
  1,
  0,
  3207,
  '',
  0,
  333,
  80,
  332,
  1033917596,
  1,
  290
);
INSERT INTO ezsearch_object_word_link (
  contentclass_attribute_id,
  contentclass_id,
  contentobject_id,
  frequency,
  id,
  identifier,
  integer_value,
  next_word_id,
  placement,
  prev_word_id,
  published,
  section_id,
  word_id
) VALUES (
  119,
  1,
  1,
  0,
  3208,
  '',
  0,
  312,
  81,
  290,
  1033917596,
  1,
  333
);
INSERT INTO ezsearch_object_word_link (
  contentclass_attribute_id,
  contentclass_id,
  contentobject_id,
  frequency,
  id,
  identifier,
  integer_value,
  next_word_id,
  placement,
  prev_word_id,
  published,
  section_id,
  word_id
) VALUES (
  119,
  1,
  1,
  0,
  3209,
  '',
  0,
  334,
  82,
  333,
  1033917596,
  1,
  312
);
INSERT INTO ezsearch_object_word_link (
  contentclass_attribute_id,
  contentclass_id,
  contentobject_id,
  frequency,
  id,
  identifier,
  integer_value,
  next_word_id,
  placement,
  prev_word_id,
  published,
  section_id,
  word_id
) VALUES (
  119,
  1,
  1,
  0,
  3210,
  '',
  0,
  293,
  83,
  312,
  1033917596,
  1,
  334
);
INSERT INTO ezsearch_object_word_link (
  contentclass_attribute_id,
  contentclass_id,
  contentobject_id,
  frequency,
  id,
  identifier,
  integer_value,
  next_word_id,
  placement,
  prev_word_id,
  published,
  section_id,
  word_id
) VALUES (
  119,
  1,
  1,
  0,
  3211,
  '',
  0,
  300,
  84,
  334,
  1033917596,
  1,
  293
);
INSERT INTO ezsearch_object_word_link (
  contentclass_attribute_id,
  contentclass_id,
  contentobject_id,
  frequency,
  id,
  identifier,
  integer_value,
  next_word_id,
  placement,
  prev_word_id,
  published,
  section_id,
  word_id
) VALUES (
  119,
  1,
  1,
  0,
  3212,
  '',
  0,
  280,
  85,
  293,
  1033917596,
  1,
  300
);
INSERT INTO ezsearch_object_word_link (
  contentclass_attribute_id,
  contentclass_id,
  contentobject_id,
  frequency,
  id,
  identifier,
  integer_value,
  next_word_id,
  placement,
  prev_word_id,
  published,
  section_id,
  word_id
) VALUES (
  119,
  1,
  1,
  0,
  3213,
  '',
  0,
  281,
  86,
  300,
  1033917596,
  1,
  280
);
INSERT INTO ezsearch_object_word_link (
  contentclass_attribute_id,
  contentclass_id,
  contentobject_id,
  frequency,
  id,
  identifier,
  integer_value,
  next_word_id,
  placement,
  prev_word_id,
  published,
  section_id,
  word_id
) VALUES (
  119,
  1,
  1,
  0,
  3214,
  '',
  0,
  282,
  87,
  280,
  1033917596,
  1,
  281
);
INSERT INTO ezsearch_object_word_link (
  contentclass_attribute_id,
  contentclass_id,
  contentobject_id,
  frequency,
  id,
  identifier,
  integer_value,
  next_word_id,
  placement,
  prev_word_id,
  published,
  section_id,
  word_id
) VALUES (
  119,
  1,
  1,
  0,
  3215,
  '',
  0,
  283,
  88,
  281,
  1033917596,
  1,
  282
);
INSERT INTO ezsearch_object_word_link (
  contentclass_attribute_id,
  contentclass_id,
  contentobject_id,
  frequency,
  id,
  identifier,
  integer_value,
  next_word_id,
  placement,
  prev_word_id,
  published,
  section_id,
  word_id
) VALUES (
  119,
  1,
  1,
  0,
  3216,
  '',
  0,
  284,
  89,
  282,
  1033917596,
  1,
  283
);
INSERT INTO ezsearch_object_word_link (
  contentclass_attribute_id,
  contentclass_id,
  contentobject_id,
  frequency,
  id,
  identifier,
  integer_value,
  next_word_id,
  placement,
  prev_word_id,
  published,
  section_id,
  word_id
) VALUES (
  119,
  1,
  1,
  0,
  3217,
  '',
  0,
  285,
  90,
  283,
  1033917596,
  1,
  284
);
INSERT INTO ezsearch_object_word_link (
  contentclass_attribute_id,
  contentclass_id,
  contentobject_id,
  frequency,
  id,
  identifier,
  integer_value,
  next_word_id,
  placement,
  prev_word_id,
  published,
  section_id,
  word_id
) VALUES (
  119,
  1,
  1,
  0,
  3218,
  '',
  0,
  286,
  91,
  284,
  1033917596,
  1,
  285
);
INSERT INTO ezsearch_object_word_link (
  contentclass_attribute_id,
  contentclass_id,
  contentobject_id,
  frequency,
  id,
  identifier,
  integer_value,
  next_word_id,
  placement,
  prev_word_id,
  published,
  section_id,
  word_id
) VALUES (
  119,
  1,
  1,
  0,
  3219,
  '',
  0,
  287,
  92,
  285,
  1033917596,
  1,
  286
);
INSERT INTO ezsearch_object_word_link (
  contentclass_attribute_id,
  contentclass_id,
  contentobject_id,
  frequency,
  id,
  identifier,
  integer_value,
  next_word_id,
  placement,
  prev_word_id,
  published,
  section_id,
  word_id
) VALUES (
  119,
  1,
  1,
  0,
  3220,
  '',
  0,
  288,
  93,
  286,
  1033917596,
  1,
  287
);
INSERT INTO ezsearch_object_word_link (
  contentclass_attribute_id,
  contentclass_id,
  contentobject_id,
  frequency,
  id,
  identifier,
  integer_value,
  next_word_id,
  placement,
  prev_word_id,
  published,
  section_id,
  word_id
) VALUES (
  119,
  1,
  1,
  0,
  3221,
  '',
  0,
  289,
  94,
  287,
  1033917596,
  1,
  288
);
INSERT INTO ezsearch_object_word_link (
  contentclass_attribute_id,
  contentclass_id,
  contentobject_id,
  frequency,
  id,
  identifier,
  integer_value,
  next_word_id,
  placement,
  prev_word_id,
  published,
  section_id,
  word_id
) VALUES (
  119,
  1,
  1,
  0,
  3222,
  '',
  0,
  290,
  95,
  288,
  1033917596,
  1,
  289
);
INSERT INTO ezsearch_object_word_link (
  contentclass_attribute_id,
  contentclass_id,
  contentobject_id,
  frequency,
  id,
  identifier,
  integer_value,
  next_word_id,
  placement,
  prev_word_id,
  published,
  section_id,
  word_id
) VALUES (
  119,
  1,
  1,
  0,
  3223,
  '',
  0,
  291,
  96,
  289,
  1033917596,
  1,
  290
);
INSERT INTO ezsearch_object_word_link (
  contentclass_attribute_id,
  contentclass_id,
  contentobject_id,
  frequency,
  id,
  identifier,
  integer_value,
  next_word_id,
  placement,
  prev_word_id,
  published,
  section_id,
  word_id
) VALUES (
  119,
  1,
  1,
  0,
  3224,
  '',
  0,
  292,
  97,
  290,
  1033917596,
  1,
  291
);
INSERT INTO ezsearch_object_word_link (
  contentclass_attribute_id,
  contentclass_id,
  contentobject_id,
  frequency,
  id,
  identifier,
  integer_value,
  next_word_id,
  placement,
  prev_word_id,
  published,
  section_id,
  word_id
) VALUES (
  119,
  1,
  1,
  0,
  3225,
  '',
  0,
  293,
  98,
  291,
  1033917596,
  1,
  292
);
INSERT INTO ezsearch_object_word_link (
  contentclass_attribute_id,
  contentclass_id,
  contentobject_id,
  frequency,
  id,
  identifier,
  integer_value,
  next_word_id,
  placement,
  prev_word_id,
  published,
  section_id,
  word_id
) VALUES (
  119,
  1,
  1,
  0,
  3226,
  '',
  0,
  294,
  99,
  292,
  1033917596,
  1,
  293
);
INSERT INTO ezsearch_object_word_link (
  contentclass_attribute_id,
  contentclass_id,
  contentobject_id,
  frequency,
  id,
  identifier,
  integer_value,
  next_word_id,
  placement,
  prev_word_id,
  published,
  section_id,
  word_id
) VALUES (
  119,
  1,
  1,
  0,
  3227,
  '',
  0,
  70,
  100,
  293,
  1033917596,
  1,
  294
);
INSERT INTO ezsearch_object_word_link (
  contentclass_attribute_id,
  contentclass_id,
  contentobject_id,
  frequency,
  id,
  identifier,
  integer_value,
  next_word_id,
  placement,
  prev_word_id,
  published,
  section_id,
  word_id
) VALUES (
  119,
  1,
  1,
  0,
  3228,
  '',
  0,
  291,
  101,
  294,
  1033917596,
  1,
  70
);
INSERT INTO ezsearch_object_word_link (
  contentclass_attribute_id,
  contentclass_id,
  contentobject_id,
  frequency,
  id,
  identifier,
  integer_value,
  next_word_id,
  placement,
  prev_word_id,
  published,
  section_id,
  word_id
) VALUES (
  119,
  1,
  1,
  0,
  3229,
  '',
  0,
  295,
  102,
  70,
  1033917596,
  1,
  291
);
INSERT INTO ezsearch_object_word_link (
  contentclass_attribute_id,
  contentclass_id,
  contentobject_id,
  frequency,
  id,
  identifier,
  integer_value,
  next_word_id,
  placement,
  prev_word_id,
  published,
  section_id,
  word_id
) VALUES (
  119,
  1,
  1,
  0,
  3230,
  '',
  0,
  296,
  103,
  291,
  1033917596,
  1,
  295
);
INSERT INTO ezsearch_object_word_link (
  contentclass_attribute_id,
  contentclass_id,
  contentobject_id,
  frequency,
  id,
  identifier,
  integer_value,
  next_word_id,
  placement,
  prev_word_id,
  published,
  section_id,
  word_id
) VALUES (
  119,
  1,
  1,
  0,
  3231,
  '',
  0,
  297,
  104,
  295,
  1033917596,
  1,
  296
);
INSERT INTO ezsearch_object_word_link (
  contentclass_attribute_id,
  contentclass_id,
  contentobject_id,
  frequency,
  id,
  identifier,
  integer_value,
  next_word_id,
  placement,
  prev_word_id,
  published,
  section_id,
  word_id
) VALUES (
  119,
  1,
  1,
  0,
  3232,
  '',
  0,
  290,
  105,
  296,
  1033917596,
  1,
  297
);
INSERT INTO ezsearch_object_word_link (
  contentclass_attribute_id,
  contentclass_id,
  contentobject_id,
  frequency,
  id,
  identifier,
  integer_value,
  next_word_id,
  placement,
  prev_word_id,
  published,
  section_id,
  word_id
) VALUES (
  119,
  1,
  1,
  0,
  3233,
  '',
  0,
  298,
  106,
  297,
  1033917596,
  1,
  290
);
INSERT INTO ezsearch_object_word_link (
  contentclass_attribute_id,
  contentclass_id,
  contentobject_id,
  frequency,
  id,
  identifier,
  integer_value,
  next_word_id,
  placement,
  prev_word_id,
  published,
  section_id,
  word_id
) VALUES (
  119,
  1,
  1,
  0,
  3234,
  '',
  0,
  299,
  107,
  290,
  1033917596,
  1,
  298
);
INSERT INTO ezsearch_object_word_link (
  contentclass_attribute_id,
  contentclass_id,
  contentobject_id,
  frequency,
  id,
  identifier,
  integer_value,
  next_word_id,
  placement,
  prev_word_id,
  published,
  section_id,
  word_id
) VALUES (
  119,
  1,
  1,
  0,
  3235,
  '',
  0,
  300,
  108,
  298,
  1033917596,
  1,
  299
);
INSERT INTO ezsearch_object_word_link (
  contentclass_attribute_id,
  contentclass_id,
  contentobject_id,
  frequency,
  id,
  identifier,
  integer_value,
  next_word_id,
  placement,
  prev_word_id,
  published,
  section_id,
  word_id
) VALUES (
  119,
  1,
  1,
  0,
  3236,
  '',
  0,
  293,
  109,
  299,
  1033917596,
  1,
  300
);
INSERT INTO ezsearch_object_word_link (
  contentclass_attribute_id,
  contentclass_id,
  contentobject_id,
  frequency,
  id,
  identifier,
  integer_value,
  next_word_id,
  placement,
  prev_word_id,
  published,
  section_id,
  word_id
) VALUES (
  119,
  1,
  1,
  0,
  3237,
  '',
  0,
  301,
  110,
  300,
  1033917596,
  1,
  293
);
INSERT INTO ezsearch_object_word_link (
  contentclass_attribute_id,
  contentclass_id,
  contentobject_id,
  frequency,
  id,
  identifier,
  integer_value,
  next_word_id,
  placement,
  prev_word_id,
  published,
  section_id,
  word_id
) VALUES (
  119,
  1,
  1,
  0,
  3238,
  '',
  0,
  302,
  111,
  293,
  1033917596,
  1,
  301
);
INSERT INTO ezsearch_object_word_link (
  contentclass_attribute_id,
  contentclass_id,
  contentobject_id,
  frequency,
  id,
  identifier,
  integer_value,
  next_word_id,
  placement,
  prev_word_id,
  published,
  section_id,
  word_id
) VALUES (
  119,
  1,
  1,
  0,
  3239,
  '',
  0,
  303,
  112,
  301,
  1033917596,
  1,
  302
);
INSERT INTO ezsearch_object_word_link (
  contentclass_attribute_id,
  contentclass_id,
  contentobject_id,
  frequency,
  id,
  identifier,
  integer_value,
  next_word_id,
  placement,
  prev_word_id,
  published,
  section_id,
  word_id
) VALUES (
  119,
  1,
  1,
  0,
  3240,
  '',
  0,
  279,
  113,
  302,
  1033917596,
  1,
  303
);
INSERT INTO ezsearch_object_word_link (
  contentclass_attribute_id,
  contentclass_id,
  contentobject_id,
  frequency,
  id,
  identifier,
  integer_value,
  next_word_id,
  placement,
  prev_word_id,
  published,
  section_id,
  word_id
) VALUES (
  119,
  1,
  1,
  0,
  3241,
  '',
  0,
  304,
  114,
  303,
  1033917596,
  1,
  279
);
INSERT INTO ezsearch_object_word_link (
  contentclass_attribute_id,
  contentclass_id,
  contentobject_id,
  frequency,
  id,
  identifier,
  integer_value,
  next_word_id,
  placement,
  prev_word_id,
  published,
  section_id,
  word_id
) VALUES (
  119,
  1,
  1,
  0,
  3242,
  '',
  0,
  305,
  115,
  279,
  1033917596,
  1,
  304
);
INSERT INTO ezsearch_object_word_link (
  contentclass_attribute_id,
  contentclass_id,
  contentobject_id,
  frequency,
  id,
  identifier,
  integer_value,
  next_word_id,
  placement,
  prev_word_id,
  published,
  section_id,
  word_id
) VALUES (
  119,
  1,
  1,
  0,
  3243,
  '',
  0,
  306,
  116,
  304,
  1033917596,
  1,
  305
);
INSERT INTO ezsearch_object_word_link (
  contentclass_attribute_id,
  contentclass_id,
  contentobject_id,
  frequency,
  id,
  identifier,
  integer_value,
  next_word_id,
  placement,
  prev_word_id,
  published,
  section_id,
  word_id
) VALUES (
  119,
  1,
  1,
  0,
  3244,
  '',
  0,
  283,
  117,
  305,
  1033917596,
  1,
  306
);
INSERT INTO ezsearch_object_word_link (
  contentclass_attribute_id,
  contentclass_id,
  contentobject_id,
  frequency,
  id,
  identifier,
  integer_value,
  next_word_id,
  placement,
  prev_word_id,
  published,
  section_id,
  word_id
) VALUES (
  119,
  1,
  1,
  0,
  3245,
  '',
  0,
  307,
  118,
  306,
  1033917596,
  1,
  283
);
INSERT INTO ezsearch_object_word_link (
  contentclass_attribute_id,
  contentclass_id,
  contentobject_id,
  frequency,
  id,
  identifier,
  integer_value,
  next_word_id,
  placement,
  prev_word_id,
  published,
  section_id,
  word_id
) VALUES (
  119,
  1,
  1,
  0,
  3246,
  '',
  0,
  308,
  119,
  283,
  1033917596,
  1,
  307
);
INSERT INTO ezsearch_object_word_link (
  contentclass_attribute_id,
  contentclass_id,
  contentobject_id,
  frequency,
  id,
  identifier,
  integer_value,
  next_word_id,
  placement,
  prev_word_id,
  published,
  section_id,
  word_id
) VALUES (
  119,
  1,
  1,
  0,
  3247,
  '',
  0,
  279,
  120,
  307,
  1033917596,
  1,
  308
);
INSERT INTO ezsearch_object_word_link (
  contentclass_attribute_id,
  contentclass_id,
  contentobject_id,
  frequency,
  id,
  identifier,
  integer_value,
  next_word_id,
  placement,
  prev_word_id,
  published,
  section_id,
  word_id
) VALUES (
  119,
  1,
  1,
  0,
  3248,
  '',
  0,
  283,
  121,
  308,
  1033917596,
  1,
  279
);
INSERT INTO ezsearch_object_word_link (
  contentclass_attribute_id,
  contentclass_id,
  contentobject_id,
  frequency,
  id,
  identifier,
  integer_value,
  next_word_id,
  placement,
  prev_word_id,
  published,
  section_id,
  word_id
) VALUES (
  119,
  1,
  1,
  0,
  3249,
  '',
  0,
  309,
  122,
  279,
  1033917596,
  1,
  283
);
INSERT INTO ezsearch_object_word_link (
  contentclass_attribute_id,
  contentclass_id,
  contentobject_id,
  frequency,
  id,
  identifier,
  integer_value,
  next_word_id,
  placement,
  prev_word_id,
  published,
  section_id,
  word_id
) VALUES (
  119,
  1,
  1,
  0,
  3250,
  '',
  0,
  310,
  123,
  283,
  1033917596,
  1,
  309
);
INSERT INTO ezsearch_object_word_link (
  contentclass_attribute_id,
  contentclass_id,
  contentobject_id,
  frequency,
  id,
  identifier,
  integer_value,
  next_word_id,
  placement,
  prev_word_id,
  published,
  section_id,
  word_id
) VALUES (
  119,
  1,
  1,
  0,
  3251,
  '',
  0,
  311,
  124,
  309,
  1033917596,
  1,
  310
);
INSERT INTO ezsearch_object_word_link (
  contentclass_attribute_id,
  contentclass_id,
  contentobject_id,
  frequency,
  id,
  identifier,
  integer_value,
  next_word_id,
  placement,
  prev_word_id,
  published,
  section_id,
  word_id
) VALUES (
  119,
  1,
  1,
  0,
  3252,
  '',
  0,
  312,
  125,
  310,
  1033917596,
  1,
  311
);
INSERT INTO ezsearch_object_word_link (
  contentclass_attribute_id,
  contentclass_id,
  contentobject_id,
  frequency,
  id,
  identifier,
  integer_value,
  next_word_id,
  placement,
  prev_word_id,
  published,
  section_id,
  word_id
) VALUES (
  119,
  1,
  1,
  0,
  3253,
  '',
  0,
  313,
  126,
  311,
  1033917596,
  1,
  312
);
INSERT INTO ezsearch_object_word_link (
  contentclass_attribute_id,
  contentclass_id,
  contentobject_id,
  frequency,
  id,
  identifier,
  integer_value,
  next_word_id,
  placement,
  prev_word_id,
  published,
  section_id,
  word_id
) VALUES (
  119,
  1,
  1,
  0,
  3254,
  '',
  0,
  314,
  127,
  312,
  1033917596,
  1,
  313
);
INSERT INTO ezsearch_object_word_link (
  contentclass_attribute_id,
  contentclass_id,
  contentobject_id,
  frequency,
  id,
  identifier,
  integer_value,
  next_word_id,
  placement,
  prev_word_id,
  published,
  section_id,
  word_id
) VALUES (
  119,
  1,
  1,
  0,
  3255,
  '',
  0,
  315,
  128,
  313,
  1033917596,
  1,
  314
);
INSERT INTO ezsearch_object_word_link (
  contentclass_attribute_id,
  contentclass_id,
  contentobject_id,
  frequency,
  id,
  identifier,
  integer_value,
  next_word_id,
  placement,
  prev_word_id,
  published,
  section_id,
  word_id
) VALUES (
  119,
  1,
  1,
  0,
  3256,
  '',
  0,
  316,
  129,
  314,
  1033917596,
  1,
  315
);
INSERT INTO ezsearch_object_word_link (
  contentclass_attribute_id,
  contentclass_id,
  contentobject_id,
  frequency,
  id,
  identifier,
  integer_value,
  next_word_id,
  placement,
  prev_word_id,
  published,
  section_id,
  word_id
) VALUES (
  119,
  1,
  1,
  0,
  3257,
  '',
  0,
  317,
  130,
  315,
  1033917596,
  1,
  316
);
INSERT INTO ezsearch_object_word_link (
  contentclass_attribute_id,
  contentclass_id,
  contentobject_id,
  frequency,
  id,
  identifier,
  integer_value,
  next_word_id,
  placement,
  prev_word_id,
  published,
  section_id,
  word_id
) VALUES (
  119,
  1,
  1,
  0,
  3258,
  '',
  0,
  318,
  131,
  316,
  1033917596,
  1,
  317
);
INSERT INTO ezsearch_object_word_link (
  contentclass_attribute_id,
  contentclass_id,
  contentobject_id,
  frequency,
  id,
  identifier,
  integer_value,
  next_word_id,
  placement,
  prev_word_id,
  published,
  section_id,
  word_id
) VALUES (
  119,
  1,
  1,
  0,
  3259,
  '',
  0,
  319,
  132,
  317,
  1033917596,
  1,
  318
);
INSERT INTO ezsearch_object_word_link (
  contentclass_attribute_id,
  contentclass_id,
  contentobject_id,
  frequency,
  id,
  identifier,
  integer_value,
  next_word_id,
  placement,
  prev_word_id,
  published,
  section_id,
  word_id
) VALUES (
  119,
  1,
  1,
  0,
  3260,
  '',
  0,
  320,
  133,
  318,
  1033917596,
  1,
  319
);
INSERT INTO ezsearch_object_word_link (
  contentclass_attribute_id,
  contentclass_id,
  contentobject_id,
  frequency,
  id,
  identifier,
  integer_value,
  next_word_id,
  placement,
  prev_word_id,
  published,
  section_id,
  word_id
) VALUES (
  119,
  1,
  1,
  0,
  3261,
  '',
  0,
  290,
  134,
  319,
  1033917596,
  1,
  320
);
INSERT INTO ezsearch_object_word_link (
  contentclass_attribute_id,
  contentclass_id,
  contentobject_id,
  frequency,
  id,
  identifier,
  integer_value,
  next_word_id,
  placement,
  prev_word_id,
  published,
  section_id,
  word_id
) VALUES (
  119,
  1,
  1,
  0,
  3262,
  '',
  0,
  321,
  135,
  320,
  1033917596,
  1,
  290
);
INSERT INTO ezsearch_object_word_link (
  contentclass_attribute_id,
  contentclass_id,
  contentobject_id,
  frequency,
  id,
  identifier,
  integer_value,
  next_word_id,
  placement,
  prev_word_id,
  published,
  section_id,
  word_id
) VALUES (
  119,
  1,
  1,
  0,
  3263,
  '',
  0,
  322,
  136,
  290,
  1033917596,
  1,
  321
);
INSERT INTO ezsearch_object_word_link (
  contentclass_attribute_id,
  contentclass_id,
  contentobject_id,
  frequency,
  id,
  identifier,
  integer_value,
  next_word_id,
  placement,
  prev_word_id,
  published,
  section_id,
  word_id
) VALUES (
  119,
  1,
  1,
  0,
  3264,
  '',
  0,
  323,
  137,
  321,
  1033917596,
  1,
  322
);
INSERT INTO ezsearch_object_word_link (
  contentclass_attribute_id,
  contentclass_id,
  contentobject_id,
  frequency,
  id,
  identifier,
  integer_value,
  next_word_id,
  placement,
  prev_word_id,
  published,
  section_id,
  word_id
) VALUES (
  119,
  1,
  1,
  0,
  3265,
  '',
  0,
  324,
  138,
  322,
  1033917596,
  1,
  323
);
INSERT INTO ezsearch_object_word_link (
  contentclass_attribute_id,
  contentclass_id,
  contentobject_id,
  frequency,
  id,
  identifier,
  integer_value,
  next_word_id,
  placement,
  prev_word_id,
  published,
  section_id,
  word_id
) VALUES (
  119,
  1,
  1,
  0,
  3266,
  '',
  0,
  325,
  139,
  323,
  1033917596,
  1,
  324
);
INSERT INTO ezsearch_object_word_link (
  contentclass_attribute_id,
  contentclass_id,
  contentobject_id,
  frequency,
  id,
  identifier,
  integer_value,
  next_word_id,
  placement,
  prev_word_id,
  published,
  section_id,
  word_id
) VALUES (
  119,
  1,
  1,
  0,
  3267,
  '',
  0,
  326,
  140,
  324,
  1033917596,
  1,
  325
);
INSERT INTO ezsearch_object_word_link (
  contentclass_attribute_id,
  contentclass_id,
  contentobject_id,
  frequency,
  id,
  identifier,
  integer_value,
  next_word_id,
  placement,
  prev_word_id,
  published,
  section_id,
  word_id
) VALUES (
  119,
  1,
  1,
  0,
  3268,
  '',
  0,
  295,
  141,
  325,
  1033917596,
  1,
  326
);
INSERT INTO ezsearch_object_word_link (
  contentclass_attribute_id,
  contentclass_id,
  contentobject_id,
  frequency,
  id,
  identifier,
  integer_value,
  next_word_id,
  placement,
  prev_word_id,
  published,
  section_id,
  word_id
) VALUES (
  119,
  1,
  1,
  0,
  3269,
  '',
  0,
  327,
  142,
  326,
  1033917596,
  1,
  295
);
INSERT INTO ezsearch_object_word_link (
  contentclass_attribute_id,
  contentclass_id,
  contentobject_id,
  frequency,
  id,
  identifier,
  integer_value,
  next_word_id,
  placement,
  prev_word_id,
  published,
  section_id,
  word_id
) VALUES (
  119,
  1,
  1,
  0,
  3270,
  '',
  0,
  285,
  143,
  295,
  1033917596,
  1,
  327
);
INSERT INTO ezsearch_object_word_link (
  contentclass_attribute_id,
  contentclass_id,
  contentobject_id,
  frequency,
  id,
  identifier,
  integer_value,
  next_word_id,
  placement,
  prev_word_id,
  published,
  section_id,
  word_id
) VALUES (
  119,
  1,
  1,
  0,
  3271,
  '',
  0,
  328,
  144,
  327,
  1033917596,
  1,
  285
);
INSERT INTO ezsearch_object_word_link (
  contentclass_attribute_id,
  contentclass_id,
  contentobject_id,
  frequency,
  id,
  identifier,
  integer_value,
  next_word_id,
  placement,
  prev_word_id,
  published,
  section_id,
  word_id
) VALUES (
  119,
  1,
  1,
  0,
  3272,
  '',
  0,
  280,
  145,
  285,
  1033917596,
  1,
  328
);
INSERT INTO ezsearch_object_word_link (
  contentclass_attribute_id,
  contentclass_id,
  contentobject_id,
  frequency,
  id,
  identifier,
  integer_value,
  next_word_id,
  placement,
  prev_word_id,
  published,
  section_id,
  word_id
) VALUES (
  119,
  1,
  1,
  0,
  3273,
  '',
  0,
  281,
  146,
  328,
  1033917596,
  1,
  280
);
INSERT INTO ezsearch_object_word_link (
  contentclass_attribute_id,
  contentclass_id,
  contentobject_id,
  frequency,
  id,
  identifier,
  integer_value,
  next_word_id,
  placement,
  prev_word_id,
  published,
  section_id,
  word_id
) VALUES (
  119,
  1,
  1,
  0,
  3274,
  '',
  0,
  301,
  147,
  280,
  1033917596,
  1,
  281
);
INSERT INTO ezsearch_object_word_link (
  contentclass_attribute_id,
  contentclass_id,
  contentobject_id,
  frequency,
  id,
  identifier,
  integer_value,
  next_word_id,
  placement,
  prev_word_id,
  published,
  section_id,
  word_id
) VALUES (
  119,
  1,
  1,
  0,
  3275,
  '',
  0,
  329,
  148,
  281,
  1033917596,
  1,
  301
);
INSERT INTO ezsearch_object_word_link (
  contentclass_attribute_id,
  contentclass_id,
  contentobject_id,
  frequency,
  id,
  identifier,
  integer_value,
  next_word_id,
  placement,
  prev_word_id,
  published,
  section_id,
  word_id
) VALUES (
  119,
  1,
  1,
  0,
  3276,
  '',
  0,
  302,
  149,
  301,
  1033917596,
  1,
  329
);
INSERT INTO ezsearch_object_word_link (
  contentclass_attribute_id,
  contentclass_id,
  contentobject_id,
  frequency,
  id,
  identifier,
  integer_value,
  next_word_id,
  placement,
  prev_word_id,
  published,
  section_id,
  word_id
) VALUES (
  119,
  1,
  1,
  0,
  3277,
  '',
  0,
  330,
  150,
  329,
  1033917596,
  1,
  302
);
INSERT INTO ezsearch_object_word_link (
  contentclass_attribute_id,
  contentclass_id,
  contentobject_id,
  frequency,
  id,
  identifier,
  integer_value,
  next_word_id,
  placement,
  prev_word_id,
  published,
  section_id,
  word_id
) VALUES (
  119,
  1,
  1,
  0,
  3278,
  '',
  0,
  331,
  151,
  302,
  1033917596,
  1,
  330
);
INSERT INTO ezsearch_object_word_link (
  contentclass_attribute_id,
  contentclass_id,
  contentobject_id,
  frequency,
  id,
  identifier,
  integer_value,
  next_word_id,
  placement,
  prev_word_id,
  published,
  section_id,
  word_id
) VALUES (
  119,
  1,
  1,
  0,
  3279,
  '',
  0,
  332,
  152,
  330,
  1033917596,
  1,
  331
);
INSERT INTO ezsearch_object_word_link (
  contentclass_attribute_id,
  contentclass_id,
  contentobject_id,
  frequency,
  id,
  identifier,
  integer_value,
  next_word_id,
  placement,
  prev_word_id,
  published,
  section_id,
  word_id
) VALUES (
  119,
  1,
  1,
  0,
  3280,
  '',
  0,
  290,
  153,
  331,
  1033917596,
  1,
  332
);
INSERT INTO ezsearch_object_word_link (
  contentclass_attribute_id,
  contentclass_id,
  contentobject_id,
  frequency,
  id,
  identifier,
  integer_value,
  next_word_id,
  placement,
  prev_word_id,
  published,
  section_id,
  word_id
) VALUES (
  119,
  1,
  1,
  0,
  3281,
  '',
  0,
  333,
  154,
  332,
  1033917596,
  1,
  290
);
INSERT INTO ezsearch_object_word_link (
  contentclass_attribute_id,
  contentclass_id,
  contentobject_id,
  frequency,
  id,
  identifier,
  integer_value,
  next_word_id,
  placement,
  prev_word_id,
  published,
  section_id,
  word_id
) VALUES (
  119,
  1,
  1,
  0,
  3282,
  '',
  0,
  312,
  155,
  290,
  1033917596,
  1,
  333
);
INSERT INTO ezsearch_object_word_link (
  contentclass_attribute_id,
  contentclass_id,
  contentobject_id,
  frequency,
  id,
  identifier,
  integer_value,
  next_word_id,
  placement,
  prev_word_id,
  published,
  section_id,
  word_id
) VALUES (
  119,
  1,
  1,
  0,
  3283,
  '',
  0,
  334,
  156,
  333,
  1033917596,
  1,
  312
);
INSERT INTO ezsearch_object_word_link (
  contentclass_attribute_id,
  contentclass_id,
  contentobject_id,
  frequency,
  id,
  identifier,
  integer_value,
  next_word_id,
  placement,
  prev_word_id,
  published,
  section_id,
  word_id
) VALUES (
  119,
  1,
  1,
  0,
  3284,
  '',
  0,
  293,
  157,
  312,
  1033917596,
  1,
  334
);
INSERT INTO ezsearch_object_word_link (
  contentclass_attribute_id,
  contentclass_id,
  contentobject_id,
  frequency,
  id,
  identifier,
  integer_value,
  next_word_id,
  placement,
  prev_word_id,
  published,
  section_id,
  word_id
) VALUES (
  119,
  1,
  1,
  0,
  3285,
  '',
  0,
  300,
  158,
  334,
  1033917596,
  1,
  293
);
INSERT INTO ezsearch_object_word_link (
  contentclass_attribute_id,
  contentclass_id,
  contentobject_id,
  frequency,
  id,
  identifier,
  integer_value,
  next_word_id,
  placement,
  prev_word_id,
  published,
  section_id,
  word_id
) VALUES (
  119,
  1,
  1,
  0,
  3286,
  '',
  0,
  335,
  159,
  293,
  1033917596,
  1,
  300
);
INSERT INTO ezsearch_object_word_link (
  contentclass_attribute_id,
  contentclass_id,
  contentobject_id,
  frequency,
  id,
  identifier,
  integer_value,
  next_word_id,
  placement,
  prev_word_id,
  published,
  section_id,
  word_id
) VALUES (
  156,
  1,
  1,
  0,
  3287,
  '',
  0,
  290,
  160,
  300,
  1033917596,
  1,
  335
);
INSERT INTO ezsearch_object_word_link (
  contentclass_attribute_id,
  contentclass_id,
  contentobject_id,
  frequency,
  id,
  identifier,
  integer_value,
  next_word_id,
  placement,
  prev_word_id,
  published,
  section_id,
  word_id
) VALUES (
  156,
  1,
  1,
  0,
  3288,
  '',
  0,
  336,
  161,
  335,
  1033917596,
  1,
  290
);
INSERT INTO ezsearch_object_word_link (
  contentclass_attribute_id,
  contentclass_id,
  contentobject_id,
  frequency,
  id,
  identifier,
  integer_value,
  next_word_id,
  placement,
  prev_word_id,
  published,
  section_id,
  word_id
) VALUES (
  156,
  1,
  1,
  0,
  3289,
  '',
  0,
  70,
  162,
  290,
  1033917596,
  1,
  336
);
INSERT INTO ezsearch_object_word_link (
  contentclass_attribute_id,
  contentclass_id,
  contentobject_id,
  frequency,
  id,
  identifier,
  integer_value,
  next_word_id,
  placement,
  prev_word_id,
  published,
  section_id,
  word_id
) VALUES (
  156,
  1,
  1,
  0,
  3290,
  '',
  0,
  280,
  163,
  336,
  1033917596,
  1,
  70
);
INSERT INTO ezsearch_object_word_link (
  contentclass_attribute_id,
  contentclass_id,
  contentobject_id,
  frequency,
  id,
  identifier,
  integer_value,
  next_word_id,
  placement,
  prev_word_id,
  published,
  section_id,
  word_id
) VALUES (
  156,
  1,
  1,
  0,
  3291,
  '',
  0,
  281,
  164,
  70,
  1033917596,
  1,
  280
);
INSERT INTO ezsearch_object_word_link (
  contentclass_attribute_id,
  contentclass_id,
  contentobject_id,
  frequency,
  id,
  identifier,
  integer_value,
  next_word_id,
  placement,
  prev_word_id,
  published,
  section_id,
  word_id
) VALUES (
  156,
  1,
  1,
  0,
  3292,
  '',
  0,
  335,
  165,
  280,
  1033917596,
  1,
  281
);
INSERT INTO ezsearch_object_word_link (
  contentclass_attribute_id,
  contentclass_id,
  contentobject_id,
  frequency,
  id,
  identifier,
  integer_value,
  next_word_id,
  placement,
  prev_word_id,
  published,
  section_id,
  word_id
) VALUES (
  156,
  1,
  1,
  0,
  3293,
  '',
  0,
  337,
  166,
  281,
  1033917596,
  1,
  335
);
INSERT INTO ezsearch_object_word_link (
  contentclass_attribute_id,
  contentclass_id,
  contentobject_id,
  frequency,
  id,
  identifier,
  integer_value,
  next_word_id,
  placement,
  prev_word_id,
  published,
  section_id,
  word_id
) VALUES (
  156,
  1,
  1,
  0,
  3294,
  '',
  0,
  103,
  167,
  335,
  1033917596,
  1,
  337
);
INSERT INTO ezsearch_object_word_link (
  contentclass_attribute_id,
  contentclass_id,
  contentobject_id,
  frequency,
  id,
  identifier,
  integer_value,
  next_word_id,
  placement,
  prev_word_id,
  published,
  section_id,
  word_id
) VALUES (
  156,
  1,
  1,
  0,
  3295,
  '',
  0,
  338,
  168,
  337,
  1033917596,
  1,
  103
);
INSERT INTO ezsearch_object_word_link (
  contentclass_attribute_id,
  contentclass_id,
  contentobject_id,
  frequency,
  id,
  identifier,
  integer_value,
  next_word_id,
  placement,
  prev_word_id,
  published,
  section_id,
  word_id
) VALUES (
  156,
  1,
  1,
  0,
  3296,
  '',
  0,
  339,
  169,
  103,
  1033917596,
  1,
  338
);
INSERT INTO ezsearch_object_word_link (
  contentclass_attribute_id,
  contentclass_id,
  contentobject_id,
  frequency,
  id,
  identifier,
  integer_value,
  next_word_id,
  placement,
  prev_word_id,
  published,
  section_id,
  word_id
) VALUES (
  156,
  1,
  1,
  0,
  3297,
  '',
  0,
  279,
  170,
  338,
  1033917596,
  1,
  339
);
INSERT INTO ezsearch_object_word_link (
  contentclass_attribute_id,
  contentclass_id,
  contentobject_id,
  frequency,
  id,
  identifier,
  integer_value,
  next_word_id,
  placement,
  prev_word_id,
  published,
  section_id,
  word_id
) VALUES (
  156,
  1,
  1,
  0,
  3298,
  '',
  0,
  70,
  171,
  339,
  1033917596,
  1,
  279
);
INSERT INTO ezsearch_object_word_link (
  contentclass_attribute_id,
  contentclass_id,
  contentobject_id,
  frequency,
  id,
  identifier,
  integer_value,
  next_word_id,
  placement,
  prev_word_id,
  published,
  section_id,
  word_id
) VALUES (
  156,
  1,
  1,
  0,
  3299,
  '',
  0,
  85,
  172,
  279,
  1033917596,
  1,
  70
);
INSERT INTO ezsearch_object_word_link (
  contentclass_attribute_id,
  contentclass_id,
  contentobject_id,
  frequency,
  id,
  identifier,
  integer_value,
  next_word_id,
  placement,
  prev_word_id,
  published,
  section_id,
  word_id
) VALUES (
  156,
  1,
  1,
  0,
  3300,
  '',
  0,
  290,
  173,
  70,
  1033917596,
  1,
  85
);
INSERT INTO ezsearch_object_word_link (
  contentclass_attribute_id,
  contentclass_id,
  contentobject_id,
  frequency,
  id,
  identifier,
  integer_value,
  next_word_id,
  placement,
  prev_word_id,
  published,
  section_id,
  word_id
) VALUES (
  156,
  1,
  1,
  0,
  3301,
  '',
  0,
  340,
  174,
  85,
  1033917596,
  1,
  290
);
INSERT INTO ezsearch_object_word_link (
  contentclass_attribute_id,
  contentclass_id,
  contentobject_id,
  frequency,
  id,
  identifier,
  integer_value,
  next_word_id,
  placement,
  prev_word_id,
  published,
  section_id,
  word_id
) VALUES (
  156,
  1,
  1,
  0,
  3302,
  '',
  0,
  341,
  175,
  290,
  1033917596,
  1,
  340
);
INSERT INTO ezsearch_object_word_link (
  contentclass_attribute_id,
  contentclass_id,
  contentobject_id,
  frequency,
  id,
  identifier,
  integer_value,
  next_word_id,
  placement,
  prev_word_id,
  published,
  section_id,
  word_id
) VALUES (
  156,
  1,
  1,
  0,
  3303,
  '',
  0,
  295,
  176,
  340,
  1033917596,
  1,
  341
);
INSERT INTO ezsearch_object_word_link (
  contentclass_attribute_id,
  contentclass_id,
  contentobject_id,
  frequency,
  id,
  identifier,
  integer_value,
  next_word_id,
  placement,
  prev_word_id,
  published,
  section_id,
  word_id
) VALUES (
  156,
  1,
  1,
  0,
  3304,
  '',
  0,
  70,
  177,
  341,
  1033917596,
  1,
  295
);
INSERT INTO ezsearch_object_word_link (
  contentclass_attribute_id,
  contentclass_id,
  contentobject_id,
  frequency,
  id,
  identifier,
  integer_value,
  next_word_id,
  placement,
  prev_word_id,
  published,
  section_id,
  word_id
) VALUES (
  156,
  1,
  1,
  0,
  3305,
  '',
  0,
  280,
  178,
  295,
  1033917596,
  1,
  70
);
INSERT INTO ezsearch_object_word_link (
  contentclass_attribute_id,
  contentclass_id,
  contentobject_id,
  frequency,
  id,
  identifier,
  integer_value,
  next_word_id,
  placement,
  prev_word_id,
  published,
  section_id,
  word_id
) VALUES (
  156,
  1,
  1,
  0,
  3306,
  '',
  0,
  281,
  179,
  70,
  1033917596,
  1,
  280
);
INSERT INTO ezsearch_object_word_link (
  contentclass_attribute_id,
  contentclass_id,
  contentobject_id,
  frequency,
  id,
  identifier,
  integer_value,
  next_word_id,
  placement,
  prev_word_id,
  published,
  section_id,
  word_id
) VALUES (
  156,
  1,
  1,
  0,
  3307,
  '',
  0,
  287,
  180,
  280,
  1033917596,
  1,
  281
);
INSERT INTO ezsearch_object_word_link (
  contentclass_attribute_id,
  contentclass_id,
  contentobject_id,
  frequency,
  id,
  identifier,
  integer_value,
  next_word_id,
  placement,
  prev_word_id,
  published,
  section_id,
  word_id
) VALUES (
  156,
  1,
  1,
  0,
  3308,
  '',
  0,
  288,
  181,
  281,
  1033917596,
  1,
  287
);
INSERT INTO ezsearch_object_word_link (
  contentclass_attribute_id,
  contentclass_id,
  contentobject_id,
  frequency,
  id,
  identifier,
  integer_value,
  next_word_id,
  placement,
  prev_word_id,
  published,
  section_id,
  word_id
) VALUES (
  156,
  1,
  1,
  0,
  3309,
  '',
  0,
  289,
  182,
  287,
  1033917596,
  1,
  288
);
INSERT INTO ezsearch_object_word_link (
  contentclass_attribute_id,
  contentclass_id,
  contentobject_id,
  frequency,
  id,
  identifier,
  integer_value,
  next_word_id,
  placement,
  prev_word_id,
  published,
  section_id,
  word_id
) VALUES (
  156,
  1,
  1,
  0,
  3310,
  '',
  0,
  292,
  183,
  288,
  1033917596,
  1,
  289
);
INSERT INTO ezsearch_object_word_link (
  contentclass_attribute_id,
  contentclass_id,
  contentobject_id,
  frequency,
  id,
  identifier,
  integer_value,
  next_word_id,
  placement,
  prev_word_id,
  published,
  section_id,
  word_id
) VALUES (
  156,
  1,
  1,
  0,
  3311,
  '',
  0,
  324,
  184,
  289,
  1033917596,
  1,
  292
);
INSERT INTO ezsearch_object_word_link (
  contentclass_attribute_id,
  contentclass_id,
  contentobject_id,
  frequency,
  id,
  identifier,
  integer_value,
  next_word_id,
  placement,
  prev_word_id,
  published,
  section_id,
  word_id
) VALUES (
  156,
  1,
  1,
  0,
  3312,
  '',
  0,
  325,
  185,
  292,
  1033917596,
  1,
  324
);
INSERT INTO ezsearch_object_word_link (
  contentclass_attribute_id,
  contentclass_id,
  contentobject_id,
  frequency,
  id,
  identifier,
  integer_value,
  next_word_id,
  placement,
  prev_word_id,
  published,
  section_id,
  word_id
) VALUES (
  156,
  1,
  1,
  0,
  3313,
  '',
  0,
  293,
  186,
  324,
  1033917596,
  1,
  325
);
INSERT INTO ezsearch_object_word_link (
  contentclass_attribute_id,
  contentclass_id,
  contentobject_id,
  frequency,
  id,
  identifier,
  integer_value,
  next_word_id,
  placement,
  prev_word_id,
  published,
  section_id,
  word_id
) VALUES (
  156,
  1,
  1,
  0,
  3314,
  '',
  0,
  342,
  187,
  325,
  1033917596,
  1,
  293
);
INSERT INTO ezsearch_object_word_link (
  contentclass_attribute_id,
  contentclass_id,
  contentobject_id,
  frequency,
  id,
  identifier,
  integer_value,
  next_word_id,
  placement,
  prev_word_id,
  published,
  section_id,
  word_id
) VALUES (
  156,
  1,
  1,
  0,
  3315,
  '',
  0,
  337,
  188,
  293,
  1033917596,
  1,
  342
);
INSERT INTO ezsearch_object_word_link (
  contentclass_attribute_id,
  contentclass_id,
  contentobject_id,
  frequency,
  id,
  identifier,
  integer_value,
  next_word_id,
  placement,
  prev_word_id,
  published,
  section_id,
  word_id
) VALUES (
  156,
  1,
  1,
  0,
  3316,
  '',
  0,
  343,
  189,
  342,
  1033917596,
  1,
  337
);
INSERT INTO ezsearch_object_word_link (
  contentclass_attribute_id,
  contentclass_id,
  contentobject_id,
  frequency,
  id,
  identifier,
  integer_value,
  next_word_id,
  placement,
  prev_word_id,
  published,
  section_id,
  word_id
) VALUES (
  156,
  1,
  1,
  0,
  3317,
  '',
  0,
  322,
  190,
  337,
  1033917596,
  1,
  343
);
INSERT INTO ezsearch_object_word_link (
  contentclass_attribute_id,
  contentclass_id,
  contentobject_id,
  frequency,
  id,
  identifier,
  integer_value,
  next_word_id,
  placement,
  prev_word_id,
  published,
  section_id,
  word_id
) VALUES (
  156,
  1,
  1,
  0,
  3318,
  '',
  0,
  338,
  191,
  343,
  1033917596,
  1,
  322
);
INSERT INTO ezsearch_object_word_link (
  contentclass_attribute_id,
  contentclass_id,
  contentobject_id,
  frequency,
  id,
  identifier,
  integer_value,
  next_word_id,
  placement,
  prev_word_id,
  published,
  section_id,
  word_id
) VALUES (
  156,
  1,
  1,
  0,
  3319,
  '',
  0,
  344,
  192,
  322,
  1033917596,
  1,
  338
);
INSERT INTO ezsearch_object_word_link (
  contentclass_attribute_id,
  contentclass_id,
  contentobject_id,
  frequency,
  id,
  identifier,
  integer_value,
  next_word_id,
  placement,
  prev_word_id,
  published,
  section_id,
  word_id
) VALUES (
  156,
  1,
  1,
  0,
  3320,
  '',
  0,
  345,
  193,
  338,
  1033917596,
  1,
  344
);
INSERT INTO ezsearch_object_word_link (
  contentclass_attribute_id,
  contentclass_id,
  contentobject_id,
  frequency,
  id,
  identifier,
  integer_value,
  next_word_id,
  placement,
  prev_word_id,
  published,
  section_id,
  word_id
) VALUES (
  156,
  1,
  1,
  0,
  3321,
  '',
  0,
  346,
  194,
  344,
  1033917596,
  1,
  345
);
INSERT INTO ezsearch_object_word_link (
  contentclass_attribute_id,
  contentclass_id,
  contentobject_id,
  frequency,
  id,
  identifier,
  integer_value,
  next_word_id,
  placement,
  prev_word_id,
  published,
  section_id,
  word_id
) VALUES (
  156,
  1,
  1,
  0,
  3322,
  '',
  0,
  347,
  195,
  345,
  1033917596,
  1,
  346
);
INSERT INTO ezsearch_object_word_link (
  contentclass_attribute_id,
  contentclass_id,
  contentobject_id,
  frequency,
  id,
  identifier,
  integer_value,
  next_word_id,
  placement,
  prev_word_id,
  published,
  section_id,
  word_id
) VALUES (
  156,
  1,
  1,
  0,
  3323,
  '',
  0,
  312,
  196,
  346,
  1033917596,
  1,
  347
);
INSERT INTO ezsearch_object_word_link (
  contentclass_attribute_id,
  contentclass_id,
  contentobject_id,
  frequency,
  id,
  identifier,
  integer_value,
  next_word_id,
  placement,
  prev_word_id,
  published,
  section_id,
  word_id
) VALUES (
  156,
  1,
  1,
  0,
  3324,
  '',
  0,
  280,
  197,
  347,
  1033917596,
  1,
  312
);
INSERT INTO ezsearch_object_word_link (
  contentclass_attribute_id,
  contentclass_id,
  contentobject_id,
  frequency,
  id,
  identifier,
  integer_value,
  next_word_id,
  placement,
  prev_word_id,
  published,
  section_id,
  word_id
) VALUES (
  156,
  1,
  1,
  0,
  3325,
  '',
  0,
  281,
  198,
  312,
  1033917596,
  1,
  280
);
INSERT INTO ezsearch_object_word_link (
  contentclass_attribute_id,
  contentclass_id,
  contentobject_id,
  frequency,
  id,
  identifier,
  integer_value,
  next_word_id,
  placement,
  prev_word_id,
  published,
  section_id,
  word_id
) VALUES (
  156,
  1,
  1,
  0,
  3326,
  '',
  0,
  348,
  199,
  280,
  1033917596,
  1,
  281
);
INSERT INTO ezsearch_object_word_link (
  contentclass_attribute_id,
  contentclass_id,
  contentobject_id,
  frequency,
  id,
  identifier,
  integer_value,
  next_word_id,
  placement,
  prev_word_id,
  published,
  section_id,
  word_id
) VALUES (
  156,
  1,
  1,
  0,
  3327,
  '',
  0,
  349,
  200,
  281,
  1033917596,
  1,
  348
);
INSERT INTO ezsearch_object_word_link (
  contentclass_attribute_id,
  contentclass_id,
  contentobject_id,
  frequency,
  id,
  identifier,
  integer_value,
  next_word_id,
  placement,
  prev_word_id,
  published,
  section_id,
  word_id
) VALUES (
  156,
  1,
  1,
  0,
  3328,
  '',
  0,
  350,
  201,
  348,
  1033917596,
  1,
  349
);
INSERT INTO ezsearch_object_word_link (
  contentclass_attribute_id,
  contentclass_id,
  contentobject_id,
  frequency,
  id,
  identifier,
  integer_value,
  next_word_id,
  placement,
  prev_word_id,
  published,
  section_id,
  word_id
) VALUES (
  156,
  1,
  1,
  0,
  3329,
  '',
  0,
  351,
  202,
  349,
  1033917596,
  1,
  350
);
INSERT INTO ezsearch_object_word_link (
  contentclass_attribute_id,
  contentclass_id,
  contentobject_id,
  frequency,
  id,
  identifier,
  integer_value,
  next_word_id,
  placement,
  prev_word_id,
  published,
  section_id,
  word_id
) VALUES (
  156,
  1,
  1,
  0,
  3330,
  '',
  0,
  70,
  203,
  350,
  1033917596,
  1,
  351
);
INSERT INTO ezsearch_object_word_link (
  contentclass_attribute_id,
  contentclass_id,
  contentobject_id,
  frequency,
  id,
  identifier,
  integer_value,
  next_word_id,
  placement,
  prev_word_id,
  published,
  section_id,
  word_id
) VALUES (
  156,
  1,
  1,
  0,
  3331,
  '',
  0,
  280,
  204,
  351,
  1033917596,
  1,
  70
);
INSERT INTO ezsearch_object_word_link (
  contentclass_attribute_id,
  contentclass_id,
  contentobject_id,
  frequency,
  id,
  identifier,
  integer_value,
  next_word_id,
  placement,
  prev_word_id,
  published,
  section_id,
  word_id
) VALUES (
  156,
  1,
  1,
  0,
  3332,
  '',
  0,
  281,
  205,
  70,
  1033917596,
  1,
  280
);
INSERT INTO ezsearch_object_word_link (
  contentclass_attribute_id,
  contentclass_id,
  contentobject_id,
  frequency,
  id,
  identifier,
  integer_value,
  next_word_id,
  placement,
  prev_word_id,
  published,
  section_id,
  word_id
) VALUES (
  156,
  1,
  1,
  0,
  3333,
  '',
  0,
  352,
  206,
  280,
  1033917596,
  1,
  281
);
INSERT INTO ezsearch_object_word_link (
  contentclass_attribute_id,
  contentclass_id,
  contentobject_id,
  frequency,
  id,
  identifier,
  integer_value,
  next_word_id,
  placement,
  prev_word_id,
  published,
  section_id,
  word_id
) VALUES (
  156,
  1,
  1,
  0,
  3334,
  '',
  0,
  353,
  207,
  281,
  1033917596,
  1,
  352
);
INSERT INTO ezsearch_object_word_link (
  contentclass_attribute_id,
  contentclass_id,
  contentobject_id,
  frequency,
  id,
  identifier,
  integer_value,
  next_word_id,
  placement,
  prev_word_id,
  published,
  section_id,
  word_id
) VALUES (
  156,
  1,
  1,
  0,
  3335,
  '',
  0,
  354,
  208,
  352,
  1033917596,
  1,
  353
);
INSERT INTO ezsearch_object_word_link (
  contentclass_attribute_id,
  contentclass_id,
  contentobject_id,
  frequency,
  id,
  identifier,
  integer_value,
  next_word_id,
  placement,
  prev_word_id,
  published,
  section_id,
  word_id
) VALUES (
  156,
  1,
  1,
  0,
  3336,
  '',
  0,
  355,
  209,
  353,
  1033917596,
  1,
  354
);
INSERT INTO ezsearch_object_word_link (
  contentclass_attribute_id,
  contentclass_id,
  contentobject_id,
  frequency,
  id,
  identifier,
  integer_value,
  next_word_id,
  placement,
  prev_word_id,
  published,
  section_id,
  word_id
) VALUES (
  156,
  1,
  1,
  0,
  3337,
  '',
  0,
  356,
  210,
  354,
  1033917596,
  1,
  355
);
INSERT INTO ezsearch_object_word_link (
  contentclass_attribute_id,
  contentclass_id,
  contentobject_id,
  frequency,
  id,
  identifier,
  integer_value,
  next_word_id,
  placement,
  prev_word_id,
  published,
  section_id,
  word_id
) VALUES (
  156,
  1,
  1,
  0,
  3338,
  '',
  0,
  357,
  211,
  355,
  1033917596,
  1,
  356
);
INSERT INTO ezsearch_object_word_link (
  contentclass_attribute_id,
  contentclass_id,
  contentobject_id,
  frequency,
  id,
  identifier,
  integer_value,
  next_word_id,
  placement,
  prev_word_id,
  published,
  section_id,
  word_id
) VALUES (
  156,
  1,
  1,
  0,
  3339,
  '',
  0,
  279,
  212,
  356,
  1033917596,
  1,
  357
);
INSERT INTO ezsearch_object_word_link (
  contentclass_attribute_id,
  contentclass_id,
  contentobject_id,
  frequency,
  id,
  identifier,
  integer_value,
  next_word_id,
  placement,
  prev_word_id,
  published,
  section_id,
  word_id
) VALUES (
  156,
  1,
  1,
  0,
  3340,
  '',
  0,
  358,
  213,
  357,
  1033917596,
  1,
  279
);
INSERT INTO ezsearch_object_word_link (
  contentclass_attribute_id,
  contentclass_id,
  contentobject_id,
  frequency,
  id,
  identifier,
  integer_value,
  next_word_id,
  placement,
  prev_word_id,
  published,
  section_id,
  word_id
) VALUES (
  156,
  1,
  1,
  0,
  3341,
  '',
  0,
  359,
  214,
  279,
  1033917596,
  1,
  358
);
INSERT INTO ezsearch_object_word_link (
  contentclass_attribute_id,
  contentclass_id,
  contentobject_id,
  frequency,
  id,
  identifier,
  integer_value,
  next_word_id,
  placement,
  prev_word_id,
  published,
  section_id,
  word_id
) VALUES (
  156,
  1,
  1,
  0,
  3342,
  '',
  0,
  360,
  215,
  358,
  1033917596,
  1,
  359
);
INSERT INTO ezsearch_object_word_link (
  contentclass_attribute_id,
  contentclass_id,
  contentobject_id,
  frequency,
  id,
  identifier,
  integer_value,
  next_word_id,
  placement,
  prev_word_id,
  published,
  section_id,
  word_id
) VALUES (
  156,
  1,
  1,
  0,
  3343,
  '',
  0,
  361,
  216,
  359,
  1033917596,
  1,
  360
);
INSERT INTO ezsearch_object_word_link (
  contentclass_attribute_id,
  contentclass_id,
  contentobject_id,
  frequency,
  id,
  identifier,
  integer_value,
  next_word_id,
  placement,
  prev_word_id,
  published,
  section_id,
  word_id
) VALUES (
  156,
  1,
  1,
  0,
  3344,
  '',
  0,
  279,
  217,
  360,
  1033917596,
  1,
  361
);
INSERT INTO ezsearch_object_word_link (
  contentclass_attribute_id,
  contentclass_id,
  contentobject_id,
  frequency,
  id,
  identifier,
  integer_value,
  next_word_id,
  placement,
  prev_word_id,
  published,
  section_id,
  word_id
) VALUES (
  156,
  1,
  1,
  0,
  3345,
  '',
  0,
  283,
  218,
  361,
  1033917596,
  1,
  279
);
INSERT INTO ezsearch_object_word_link (
  contentclass_attribute_id,
  contentclass_id,
  contentobject_id,
  frequency,
  id,
  identifier,
  integer_value,
  next_word_id,
  placement,
  prev_word_id,
  published,
  section_id,
  word_id
) VALUES (
  156,
  1,
  1,
  0,
  3346,
  '',
  0,
  362,
  219,
  279,
  1033917596,
  1,
  283
);
INSERT INTO ezsearch_object_word_link (
  contentclass_attribute_id,
  contentclass_id,
  contentobject_id,
  frequency,
  id,
  identifier,
  integer_value,
  next_word_id,
  placement,
  prev_word_id,
  published,
  section_id,
  word_id
) VALUES (
  156,
  1,
  1,
  0,
  3347,
  '',
  0,
  363,
  220,
  283,
  1033917596,
  1,
  362
);
INSERT INTO ezsearch_object_word_link (
  contentclass_attribute_id,
  contentclass_id,
  contentobject_id,
  frequency,
  id,
  identifier,
  integer_value,
  next_word_id,
  placement,
  prev_word_id,
  published,
  section_id,
  word_id
) VALUES (
  156,
  1,
  1,
  0,
  3348,
  '',
  0,
  364,
  221,
  362,
  1033917596,
  1,
  363
);
INSERT INTO ezsearch_object_word_link (
  contentclass_attribute_id,
  contentclass_id,
  contentobject_id,
  frequency,
  id,
  identifier,
  integer_value,
  next_word_id,
  placement,
  prev_word_id,
  published,
  section_id,
  word_id
) VALUES (
  156,
  1,
  1,
  0,
  3349,
  '',
  0,
  365,
  222,
  363,
  1033917596,
  1,
  364
);
INSERT INTO ezsearch_object_word_link (
  contentclass_attribute_id,
  contentclass_id,
  contentobject_id,
  frequency,
  id,
  identifier,
  integer_value,
  next_word_id,
  placement,
  prev_word_id,
  published,
  section_id,
  word_id
) VALUES (
  156,
  1,
  1,
  0,
  3350,
  '',
  0,
  70,
  223,
  364,
  1033917596,
  1,
  365
);
INSERT INTO ezsearch_object_word_link (
  contentclass_attribute_id,
  contentclass_id,
  contentobject_id,
  frequency,
  id,
  identifier,
  integer_value,
  next_word_id,
  placement,
  prev_word_id,
  published,
  section_id,
  word_id
) VALUES (
  156,
  1,
  1,
  0,
  3351,
  '',
  0,
  335,
  224,
  365,
  1033917596,
  1,
  70
);
INSERT INTO ezsearch_object_word_link (
  contentclass_attribute_id,
  contentclass_id,
  contentobject_id,
  frequency,
  id,
  identifier,
  integer_value,
  next_word_id,
  placement,
  prev_word_id,
  published,
  section_id,
  word_id
) VALUES (
  156,
  1,
  1,
  0,
  3352,
  '',
  0,
  366,
  225,
  70,
  1033917596,
  1,
  335
);
INSERT INTO ezsearch_object_word_link (
  contentclass_attribute_id,
  contentclass_id,
  contentobject_id,
  frequency,
  id,
  identifier,
  integer_value,
  next_word_id,
  placement,
  prev_word_id,
  published,
  section_id,
  word_id
) VALUES (
  156,
  1,
  1,
  0,
  3353,
  '',
  0,
  355,
  226,
  335,
  1033917596,
  1,
  366
);
INSERT INTO ezsearch_object_word_link (
  contentclass_attribute_id,
  contentclass_id,
  contentobject_id,
  frequency,
  id,
  identifier,
  integer_value,
  next_word_id,
  placement,
  prev_word_id,
  published,
  section_id,
  word_id
) VALUES (
  156,
  1,
  1,
  0,
  3354,
  '',
  0,
  348,
  227,
  366,
  1033917596,
  1,
  355
);
INSERT INTO ezsearch_object_word_link (
  contentclass_attribute_id,
  contentclass_id,
  contentobject_id,
  frequency,
  id,
  identifier,
  integer_value,
  next_word_id,
  placement,
  prev_word_id,
  published,
  section_id,
  word_id
) VALUES (
  156,
  1,
  1,
  0,
  3355,
  '',
  0,
  367,
  228,
  355,
  1033917596,
  1,
  348
);
INSERT INTO ezsearch_object_word_link (
  contentclass_attribute_id,
  contentclass_id,
  contentobject_id,
  frequency,
  id,
  identifier,
  integer_value,
  next_word_id,
  placement,
  prev_word_id,
  published,
  section_id,
  word_id
) VALUES (
  156,
  1,
  1,
  0,
  3356,
  '',
  0,
  341,
  229,
  348,
  1033917596,
  1,
  367
);
INSERT INTO ezsearch_object_word_link (
  contentclass_attribute_id,
  contentclass_id,
  contentobject_id,
  frequency,
  id,
  identifier,
  integer_value,
  next_word_id,
  placement,
  prev_word_id,
  published,
  section_id,
  word_id
) VALUES (
  156,
  1,
  1,
  0,
  3357,
  '',
  0,
  295,
  230,
  367,
  1033917596,
  1,
  341
);
INSERT INTO ezsearch_object_word_link (
  contentclass_attribute_id,
  contentclass_id,
  contentobject_id,
  frequency,
  id,
  identifier,
  integer_value,
  next_word_id,
  placement,
  prev_word_id,
  published,
  section_id,
  word_id
) VALUES (
  156,
  1,
  1,
  0,
  3358,
  '',
  0,
  70,
  231,
  341,
  1033917596,
  1,
  295
);
INSERT INTO ezsearch_object_word_link (
  contentclass_attribute_id,
  contentclass_id,
  contentobject_id,
  frequency,
  id,
  identifier,
  integer_value,
  next_word_id,
  placement,
  prev_word_id,
  published,
  section_id,
  word_id
) VALUES (
  156,
  1,
  1,
  0,
  3359,
  '',
  0,
  368,
  232,
  295,
  1033917596,
  1,
  70
);
INSERT INTO ezsearch_object_word_link (
  contentclass_attribute_id,
  contentclass_id,
  contentobject_id,
  frequency,
  id,
  identifier,
  integer_value,
  next_word_id,
  placement,
  prev_word_id,
  published,
  section_id,
  word_id
) VALUES (
  156,
  1,
  1,
  0,
  3360,
  '',
  0,
  280,
  233,
  70,
  1033917596,
  1,
  368
);
INSERT INTO ezsearch_object_word_link (
  contentclass_attribute_id,
  contentclass_id,
  contentobject_id,
  frequency,
  id,
  identifier,
  integer_value,
  next_word_id,
  placement,
  prev_word_id,
  published,
  section_id,
  word_id
) VALUES (
  156,
  1,
  1,
  0,
  3361,
  '',
  0,
  281,
  234,
  368,
  1033917596,
  1,
  280
);
INSERT INTO ezsearch_object_word_link (
  contentclass_attribute_id,
  contentclass_id,
  contentobject_id,
  frequency,
  id,
  identifier,
  integer_value,
  next_word_id,
  placement,
  prev_word_id,
  published,
  section_id,
  word_id
) VALUES (
  156,
  1,
  1,
  0,
  3362,
  '',
  0,
  369,
  235,
  280,
  1033917596,
  1,
  281
);
INSERT INTO ezsearch_object_word_link (
  contentclass_attribute_id,
  contentclass_id,
  contentobject_id,
  frequency,
  id,
  identifier,
  integer_value,
  next_word_id,
  placement,
  prev_word_id,
  published,
  section_id,
  word_id
) VALUES (
  156,
  1,
  1,
  0,
  3363,
  '',
  0,
  344,
  236,
  281,
  1033917596,
  1,
  369
);
INSERT INTO ezsearch_object_word_link (
  contentclass_attribute_id,
  contentclass_id,
  contentobject_id,
  frequency,
  id,
  identifier,
  integer_value,
  next_word_id,
  placement,
  prev_word_id,
  published,
  section_id,
  word_id
) VALUES (
  156,
  1,
  1,
  0,
  3364,
  '',
  0,
  345,
  237,
  369,
  1033917596,
  1,
  344
);
INSERT INTO ezsearch_object_word_link (
  contentclass_attribute_id,
  contentclass_id,
  contentobject_id,
  frequency,
  id,
  identifier,
  integer_value,
  next_word_id,
  placement,
  prev_word_id,
  published,
  section_id,
  word_id
) VALUES (
  156,
  1,
  1,
  0,
  3365,
  '',
  0,
  370,
  238,
  344,
  1033917596,
  1,
  345
);
INSERT INTO ezsearch_object_word_link (
  contentclass_attribute_id,
  contentclass_id,
  contentobject_id,
  frequency,
  id,
  identifier,
  integer_value,
  next_word_id,
  placement,
  prev_word_id,
  published,
  section_id,
  word_id
) VALUES (
  156,
  1,
  1,
  0,
  3366,
  '',
  0,
  296,
  239,
  345,
  1033917596,
  1,
  370
);
INSERT INTO ezsearch_object_word_link (
  contentclass_attribute_id,
  contentclass_id,
  contentobject_id,
  frequency,
  id,
  identifier,
  integer_value,
  next_word_id,
  placement,
  prev_word_id,
  published,
  section_id,
  word_id
) VALUES (
  156,
  1,
  1,
  0,
  3367,
  '',
  0,
  371,
  240,
  370,
  1033917596,
  1,
  296
);
INSERT INTO ezsearch_object_word_link (
  contentclass_attribute_id,
  contentclass_id,
  contentobject_id,
  frequency,
  id,
  identifier,
  integer_value,
  next_word_id,
  placement,
  prev_word_id,
  published,
  section_id,
  word_id
) VALUES (
  156,
  1,
  1,
  0,
  3368,
  '',
  0,
  348,
  241,
  296,
  1033917596,
  1,
  371
);
INSERT INTO ezsearch_object_word_link (
  contentclass_attribute_id,
  contentclass_id,
  contentobject_id,
  frequency,
  id,
  identifier,
  integer_value,
  next_word_id,
  placement,
  prev_word_id,
  published,
  section_id,
  word_id
) VALUES (
  156,
  1,
  1,
  0,
  3369,
  '',
  0,
  372,
  242,
  371,
  1033917596,
  1,
  348
);
INSERT INTO ezsearch_object_word_link (
  contentclass_attribute_id,
  contentclass_id,
  contentobject_id,
  frequency,
  id,
  identifier,
  integer_value,
  next_word_id,
  placement,
  prev_word_id,
  published,
  section_id,
  word_id
) VALUES (
  156,
  1,
  1,
  0,
  3370,
  '',
  0,
  373,
  243,
  348,
  1033917596,
  1,
  372
);
INSERT INTO ezsearch_object_word_link (
  contentclass_attribute_id,
  contentclass_id,
  contentobject_id,
  frequency,
  id,
  identifier,
  integer_value,
  next_word_id,
  placement,
  prev_word_id,
  published,
  section_id,
  word_id
) VALUES (
  156,
  1,
  1,
  0,
  3371,
  '',
  0,
  374,
  244,
  372,
  1033917596,
  1,
  373
);
INSERT INTO ezsearch_object_word_link (
  contentclass_attribute_id,
  contentclass_id,
  contentobject_id,
  frequency,
  id,
  identifier,
  integer_value,
  next_word_id,
  placement,
  prev_word_id,
  published,
  section_id,
  word_id
) VALUES (
  156,
  1,
  1,
  0,
  3372,
  '',
  0,
  375,
  245,
  373,
  1033917596,
  1,
  374
);
INSERT INTO ezsearch_object_word_link (
  contentclass_attribute_id,
  contentclass_id,
  contentobject_id,
  frequency,
  id,
  identifier,
  integer_value,
  next_word_id,
  placement,
  prev_word_id,
  published,
  section_id,
  word_id
) VALUES (
  156,
  1,
  1,
  0,
  3373,
  '',
  0,
  376,
  246,
  374,
  1033917596,
  1,
  375
);
INSERT INTO ezsearch_object_word_link (
  contentclass_attribute_id,
  contentclass_id,
  contentobject_id,
  frequency,
  id,
  identifier,
  integer_value,
  next_word_id,
  placement,
  prev_word_id,
  published,
  section_id,
  word_id
) VALUES (
  156,
  1,
  1,
  0,
  3374,
  '',
  0,
  293,
  247,
  375,
  1033917596,
  1,
  376
);
INSERT INTO ezsearch_object_word_link (
  contentclass_attribute_id,
  contentclass_id,
  contentobject_id,
  frequency,
  id,
  identifier,
  integer_value,
  next_word_id,
  placement,
  prev_word_id,
  published,
  section_id,
  word_id
) VALUES (
  156,
  1,
  1,
  0,
  3375,
  '',
  0,
  282,
  248,
  376,
  1033917596,
  1,
  293
);
INSERT INTO ezsearch_object_word_link (
  contentclass_attribute_id,
  contentclass_id,
  contentobject_id,
  frequency,
  id,
  identifier,
  integer_value,
  next_word_id,
  placement,
  prev_word_id,
  published,
  section_id,
  word_id
) VALUES (
  156,
  1,
  1,
  0,
  3376,
  '',
  0,
  342,
  249,
  293,
  1033917596,
  1,
  282
);
INSERT INTO ezsearch_object_word_link (
  contentclass_attribute_id,
  contentclass_id,
  contentobject_id,
  frequency,
  id,
  identifier,
  integer_value,
  next_word_id,
  placement,
  prev_word_id,
  published,
  section_id,
  word_id
) VALUES (
  156,
  1,
  1,
  0,
  3377,
  '',
  0,
  377,
  250,
  282,
  1033917596,
  1,
  342
);
INSERT INTO ezsearch_object_word_link (
  contentclass_attribute_id,
  contentclass_id,
  contentobject_id,
  frequency,
  id,
  identifier,
  integer_value,
  next_word_id,
  placement,
  prev_word_id,
  published,
  section_id,
  word_id
) VALUES (
  156,
  1,
  1,
  0,
  3378,
  '',
  0,
  279,
  251,
  342,
  1033917596,
  1,
  377
);
INSERT INTO ezsearch_object_word_link (
  contentclass_attribute_id,
  contentclass_id,
  contentobject_id,
  frequency,
  id,
  identifier,
  integer_value,
  next_word_id,
  placement,
  prev_word_id,
  published,
  section_id,
  word_id
) VALUES (
  156,
  1,
  1,
  0,
  3379,
  '',
  0,
  378,
  252,
  377,
  1033917596,
  1,
  279
);
INSERT INTO ezsearch_object_word_link (
  contentclass_attribute_id,
  contentclass_id,
  contentobject_id,
  frequency,
  id,
  identifier,
  integer_value,
  next_word_id,
  placement,
  prev_word_id,
  published,
  section_id,
  word_id
) VALUES (
  156,
  1,
  1,
  0,
  3380,
  '',
  0,
  379,
  253,
  279,
  1033917596,
  1,
  378
);
INSERT INTO ezsearch_object_word_link (
  contentclass_attribute_id,
  contentclass_id,
  contentobject_id,
  frequency,
  id,
  identifier,
  integer_value,
  next_word_id,
  placement,
  prev_word_id,
  published,
  section_id,
  word_id
) VALUES (
  156,
  1,
  1,
  0,
  3381,
  '',
  0,
  69,
  254,
  378,
  1033917596,
  1,
  379
);
INSERT INTO ezsearch_object_word_link (
  contentclass_attribute_id,
  contentclass_id,
  contentobject_id,
  frequency,
  id,
  identifier,
  integer_value,
  next_word_id,
  placement,
  prev_word_id,
  published,
  section_id,
  word_id
) VALUES (
  156,
  1,
  1,
  0,
  3382,
  '',
  0,
  380,
  255,
  379,
  1033917596,
  1,
  69
);
INSERT INTO ezsearch_object_word_link (
  contentclass_attribute_id,
  contentclass_id,
  contentobject_id,
  frequency,
  id,
  identifier,
  integer_value,
  next_word_id,
  placement,
  prev_word_id,
  published,
  section_id,
  word_id
) VALUES (
  156,
  1,
  1,
  0,
  3383,
  '',
  0,
  381,
  256,
  69,
  1033917596,
  1,
  380
);
INSERT INTO ezsearch_object_word_link (
  contentclass_attribute_id,
  contentclass_id,
  contentobject_id,
  frequency,
  id,
  identifier,
  integer_value,
  next_word_id,
  placement,
  prev_word_id,
  published,
  section_id,
  word_id
) VALUES (
  156,
  1,
  1,
  0,
  3384,
  '',
  0,
  382,
  257,
  380,
  1033917596,
  1,
  381
);
INSERT INTO ezsearch_object_word_link (
  contentclass_attribute_id,
  contentclass_id,
  contentobject_id,
  frequency,
  id,
  identifier,
  integer_value,
  next_word_id,
  placement,
  prev_word_id,
  published,
  section_id,
  word_id
) VALUES (
  156,
  1,
  1,
  0,
  3385,
  '',
  0,
  69,
  258,
  381,
  1033917596,
  1,
  382
);
INSERT INTO ezsearch_object_word_link (
  contentclass_attribute_id,
  contentclass_id,
  contentobject_id,
  frequency,
  id,
  identifier,
  integer_value,
  next_word_id,
  placement,
  prev_word_id,
  published,
  section_id,
  word_id
) VALUES (
  156,
  1,
  1,
  0,
  3386,
  '',
  0,
  383,
  259,
  382,
  1033917596,
  1,
  69
);
INSERT INTO ezsearch_object_word_link (
  contentclass_attribute_id,
  contentclass_id,
  contentobject_id,
  frequency,
  id,
  identifier,
  integer_value,
  next_word_id,
  placement,
  prev_word_id,
  published,
  section_id,
  word_id
) VALUES (
  156,
  1,
  1,
  0,
  3387,
  '',
  0,
  384,
  260,
  69,
  1033917596,
  1,
  383
);
INSERT INTO ezsearch_object_word_link (
  contentclass_attribute_id,
  contentclass_id,
  contentobject_id,
  frequency,
  id,
  identifier,
  integer_value,
  next_word_id,
  placement,
  prev_word_id,
  published,
  section_id,
  word_id
) VALUES (
  156,
  1,
  1,
  0,
  3388,
  '',
  0,
  385,
  261,
  383,
  1033917596,
  1,
  384
);
INSERT INTO ezsearch_object_word_link (
  contentclass_attribute_id,
  contentclass_id,
  contentobject_id,
  frequency,
  id,
  identifier,
  integer_value,
  next_word_id,
  placement,
  prev_word_id,
  published,
  section_id,
  word_id
) VALUES (
  156,
  1,
  1,
  0,
  3389,
  '',
  0,
  280,
  262,
  384,
  1033917596,
  1,
  385
);
INSERT INTO ezsearch_object_word_link (
  contentclass_attribute_id,
  contentclass_id,
  contentobject_id,
  frequency,
  id,
  identifier,
  integer_value,
  next_word_id,
  placement,
  prev_word_id,
  published,
  section_id,
  word_id
) VALUES (
  156,
  1,
  1,
  0,
  3390,
  '',
  0,
  281,
  263,
  385,
  1033917596,
  1,
  280
);
INSERT INTO ezsearch_object_word_link (
  contentclass_attribute_id,
  contentclass_id,
  contentobject_id,
  frequency,
  id,
  identifier,
  integer_value,
  next_word_id,
  placement,
  prev_word_id,
  published,
  section_id,
  word_id
) VALUES (
  156,
  1,
  1,
  0,
  3391,
  '',
  0,
  290,
  264,
  280,
  1033917596,
  1,
  281
);
INSERT INTO ezsearch_object_word_link (
  contentclass_attribute_id,
  contentclass_id,
  contentobject_id,
  frequency,
  id,
  identifier,
  integer_value,
  next_word_id,
  placement,
  prev_word_id,
  published,
  section_id,
  word_id
) VALUES (
  156,
  1,
  1,
  0,
  3392,
  '',
  0,
  321,
  265,
  281,
  1033917596,
  1,
  290
);
INSERT INTO ezsearch_object_word_link (
  contentclass_attribute_id,
  contentclass_id,
  contentobject_id,
  frequency,
  id,
  identifier,
  integer_value,
  next_word_id,
  placement,
  prev_word_id,
  published,
  section_id,
  word_id
) VALUES (
  156,
  1,
  1,
  0,
  3393,
  '',
  0,
  386,
  266,
  290,
  1033917596,
  1,
  321
);
INSERT INTO ezsearch_object_word_link (
  contentclass_attribute_id,
  contentclass_id,
  contentobject_id,
  frequency,
  id,
  identifier,
  integer_value,
  next_word_id,
  placement,
  prev_word_id,
  published,
  section_id,
  word_id
) VALUES (
  156,
  1,
  1,
  0,
  3394,
  '',
  0,
  376,
  267,
  321,
  1033917596,
  1,
  386
);
INSERT INTO ezsearch_object_word_link (
  contentclass_attribute_id,
  contentclass_id,
  contentobject_id,
  frequency,
  id,
  identifier,
  integer_value,
  next_word_id,
  placement,
  prev_word_id,
  published,
  section_id,
  word_id
) VALUES (
  156,
  1,
  1,
  0,
  3395,
  '',
  0,
  306,
  268,
  386,
  1033917596,
  1,
  376
);
INSERT INTO ezsearch_object_word_link (
  contentclass_attribute_id,
  contentclass_id,
  contentobject_id,
  frequency,
  id,
  identifier,
  integer_value,
  next_word_id,
  placement,
  prev_word_id,
  published,
  section_id,
  word_id
) VALUES (
  156,
  1,
  1,
  0,
  3396,
  '',
  0,
  280,
  269,
  376,
  1033917596,
  1,
  306
);
INSERT INTO ezsearch_object_word_link (
  contentclass_attribute_id,
  contentclass_id,
  contentobject_id,
  frequency,
  id,
  identifier,
  integer_value,
  next_word_id,
  placement,
  prev_word_id,
  published,
  section_id,
  word_id
) VALUES (
  156,
  1,
  1,
  0,
  3397,
  '',
  0,
  387,
  270,
  306,
  1033917596,
  1,
  280
);
INSERT INTO ezsearch_object_word_link (
  contentclass_attribute_id,
  contentclass_id,
  contentobject_id,
  frequency,
  id,
  identifier,
  integer_value,
  next_word_id,
  placement,
  prev_word_id,
  published,
  section_id,
  word_id
) VALUES (
  156,
  1,
  1,
  0,
  3398,
  '',
  0,
  388,
  271,
  280,
  1033917596,
  1,
  387
);
INSERT INTO ezsearch_object_word_link (
  contentclass_attribute_id,
  contentclass_id,
  contentobject_id,
  frequency,
  id,
  identifier,
  integer_value,
  next_word_id,
  placement,
  prev_word_id,
  published,
  section_id,
  word_id
) VALUES (
  156,
  1,
  1,
  0,
  3399,
  '',
  0,
  389,
  272,
  387,
  1033917596,
  1,
  388
);
INSERT INTO ezsearch_object_word_link (
  contentclass_attribute_id,
  contentclass_id,
  contentobject_id,
  frequency,
  id,
  identifier,
  integer_value,
  next_word_id,
  placement,
  prev_word_id,
  published,
  section_id,
  word_id
) VALUES (
  156,
  1,
  1,
  0,
  3400,
  '',
  0,
  390,
  273,
  388,
  1033917596,
  1,
  389
);
INSERT INTO ezsearch_object_word_link (
  contentclass_attribute_id,
  contentclass_id,
  contentobject_id,
  frequency,
  id,
  identifier,
  integer_value,
  next_word_id,
  placement,
  prev_word_id,
  published,
  section_id,
  word_id
) VALUES (
  156,
  1,
  1,
  0,
  3401,
  '',
  0,
  335,
  274,
  389,
  1033917596,
  1,
  390
);
INSERT INTO ezsearch_object_word_link (
  contentclass_attribute_id,
  contentclass_id,
  contentobject_id,
  frequency,
  id,
  identifier,
  integer_value,
  next_word_id,
  placement,
  prev_word_id,
  published,
  section_id,
  word_id
) VALUES (
  156,
  1,
  1,
  0,
  3402,
  '',
  0,
  290,
  275,
  390,
  1033917596,
  1,
  335
);
INSERT INTO ezsearch_object_word_link (
  contentclass_attribute_id,
  contentclass_id,
  contentobject_id,
  frequency,
  id,
  identifier,
  integer_value,
  next_word_id,
  placement,
  prev_word_id,
  published,
  section_id,
  word_id
) VALUES (
  156,
  1,
  1,
  0,
  3403,
  '',
  0,
  336,
  276,
  335,
  1033917596,
  1,
  290
);
INSERT INTO ezsearch_object_word_link (
  contentclass_attribute_id,
  contentclass_id,
  contentobject_id,
  frequency,
  id,
  identifier,
  integer_value,
  next_word_id,
  placement,
  prev_word_id,
  published,
  section_id,
  word_id
) VALUES (
  156,
  1,
  1,
  0,
  3404,
  '',
  0,
  70,
  277,
  290,
  1033917596,
  1,
  336
);
INSERT INTO ezsearch_object_word_link (
  contentclass_attribute_id,
  contentclass_id,
  contentobject_id,
  frequency,
  id,
  identifier,
  integer_value,
  next_word_id,
  placement,
  prev_word_id,
  published,
  section_id,
  word_id
) VALUES (
  156,
  1,
  1,
  0,
  3405,
  '',
  0,
  280,
  278,
  336,
  1033917596,
  1,
  70
);
INSERT INTO ezsearch_object_word_link (
  contentclass_attribute_id,
  contentclass_id,
  contentobject_id,
  frequency,
  id,
  identifier,
  integer_value,
  next_word_id,
  placement,
  prev_word_id,
  published,
  section_id,
  word_id
) VALUES (
  156,
  1,
  1,
  0,
  3406,
  '',
  0,
  281,
  279,
  70,
  1033917596,
  1,
  280
);
INSERT INTO ezsearch_object_word_link (
  contentclass_attribute_id,
  contentclass_id,
  contentobject_id,
  frequency,
  id,
  identifier,
  integer_value,
  next_word_id,
  placement,
  prev_word_id,
  published,
  section_id,
  word_id
) VALUES (
  156,
  1,
  1,
  0,
  3407,
  '',
  0,
  335,
  280,
  280,
  1033917596,
  1,
  281
);
INSERT INTO ezsearch_object_word_link (
  contentclass_attribute_id,
  contentclass_id,
  contentobject_id,
  frequency,
  id,
  identifier,
  integer_value,
  next_word_id,
  placement,
  prev_word_id,
  published,
  section_id,
  word_id
) VALUES (
  156,
  1,
  1,
  0,
  3408,
  '',
  0,
  337,
  281,
  281,
  1033917596,
  1,
  335
);
INSERT INTO ezsearch_object_word_link (
  contentclass_attribute_id,
  contentclass_id,
  contentobject_id,
  frequency,
  id,
  identifier,
  integer_value,
  next_word_id,
  placement,
  prev_word_id,
  published,
  section_id,
  word_id
) VALUES (
  156,
  1,
  1,
  0,
  3409,
  '',
  0,
  103,
  282,
  335,
  1033917596,
  1,
  337
);
INSERT INTO ezsearch_object_word_link (
  contentclass_attribute_id,
  contentclass_id,
  contentobject_id,
  frequency,
  id,
  identifier,
  integer_value,
  next_word_id,
  placement,
  prev_word_id,
  published,
  section_id,
  word_id
) VALUES (
  156,
  1,
  1,
  0,
  3410,
  '',
  0,
  338,
  283,
  337,
  1033917596,
  1,
  103
);
INSERT INTO ezsearch_object_word_link (
  contentclass_attribute_id,
  contentclass_id,
  contentobject_id,
  frequency,
  id,
  identifier,
  integer_value,
  next_word_id,
  placement,
  prev_word_id,
  published,
  section_id,
  word_id
) VALUES (
  156,
  1,
  1,
  0,
  3411,
  '',
  0,
  339,
  284,
  103,
  1033917596,
  1,
  338
);
INSERT INTO ezsearch_object_word_link (
  contentclass_attribute_id,
  contentclass_id,
  contentobject_id,
  frequency,
  id,
  identifier,
  integer_value,
  next_word_id,
  placement,
  prev_word_id,
  published,
  section_id,
  word_id
) VALUES (
  156,
  1,
  1,
  0,
  3412,
  '',
  0,
  279,
  285,
  338,
  1033917596,
  1,
  339
);
INSERT INTO ezsearch_object_word_link (
  contentclass_attribute_id,
  contentclass_id,
  contentobject_id,
  frequency,
  id,
  identifier,
  integer_value,
  next_word_id,
  placement,
  prev_word_id,
  published,
  section_id,
  word_id
) VALUES (
  156,
  1,
  1,
  0,
  3413,
  '',
  0,
  70,
  286,
  339,
  1033917596,
  1,
  279
);
INSERT INTO ezsearch_object_word_link (
  contentclass_attribute_id,
  contentclass_id,
  contentobject_id,
  frequency,
  id,
  identifier,
  integer_value,
  next_word_id,
  placement,
  prev_word_id,
  published,
  section_id,
  word_id
) VALUES (
  156,
  1,
  1,
  0,
  3414,
  '',
  0,
  85,
  287,
  279,
  1033917596,
  1,
  70
);
INSERT INTO ezsearch_object_word_link (
  contentclass_attribute_id,
  contentclass_id,
  contentobject_id,
  frequency,
  id,
  identifier,
  integer_value,
  next_word_id,
  placement,
  prev_word_id,
  published,
  section_id,
  word_id
) VALUES (
  156,
  1,
  1,
  0,
  3415,
  '',
  0,
  290,
  288,
  70,
  1033917596,
  1,
  85
);
INSERT INTO ezsearch_object_word_link (
  contentclass_attribute_id,
  contentclass_id,
  contentobject_id,
  frequency,
  id,
  identifier,
  integer_value,
  next_word_id,
  placement,
  prev_word_id,
  published,
  section_id,
  word_id
) VALUES (
  156,
  1,
  1,
  0,
  3416,
  '',
  0,
  340,
  289,
  85,
  1033917596,
  1,
  290
);
INSERT INTO ezsearch_object_word_link (
  contentclass_attribute_id,
  contentclass_id,
  contentobject_id,
  frequency,
  id,
  identifier,
  integer_value,
  next_word_id,
  placement,
  prev_word_id,
  published,
  section_id,
  word_id
) VALUES (
  156,
  1,
  1,
  0,
  3417,
  '',
  0,
  341,
  290,
  290,
  1033917596,
  1,
  340
);
INSERT INTO ezsearch_object_word_link (
  contentclass_attribute_id,
  contentclass_id,
  contentobject_id,
  frequency,
  id,
  identifier,
  integer_value,
  next_word_id,
  placement,
  prev_word_id,
  published,
  section_id,
  word_id
) VALUES (
  156,
  1,
  1,
  0,
  3418,
  '',
  0,
  295,
  291,
  340,
  1033917596,
  1,
  341
);
INSERT INTO ezsearch_object_word_link (
  contentclass_attribute_id,
  contentclass_id,
  contentobject_id,
  frequency,
  id,
  identifier,
  integer_value,
  next_word_id,
  placement,
  prev_word_id,
  published,
  section_id,
  word_id
) VALUES (
  156,
  1,
  1,
  0,
  3419,
  '',
  0,
  70,
  292,
  341,
  1033917596,
  1,
  295
);
INSERT INTO ezsearch_object_word_link (
  contentclass_attribute_id,
  contentclass_id,
  contentobject_id,
  frequency,
  id,
  identifier,
  integer_value,
  next_word_id,
  placement,
  prev_word_id,
  published,
  section_id,
  word_id
) VALUES (
  156,
  1,
  1,
  0,
  3420,
  '',
  0,
  280,
  293,
  295,
  1033917596,
  1,
  70
);
INSERT INTO ezsearch_object_word_link (
  contentclass_attribute_id,
  contentclass_id,
  contentobject_id,
  frequency,
  id,
  identifier,
  integer_value,
  next_word_id,
  placement,
  prev_word_id,
  published,
  section_id,
  word_id
) VALUES (
  156,
  1,
  1,
  0,
  3421,
  '',
  0,
  281,
  294,
  70,
  1033917596,
  1,
  280
);
INSERT INTO ezsearch_object_word_link (
  contentclass_attribute_id,
  contentclass_id,
  contentobject_id,
  frequency,
  id,
  identifier,
  integer_value,
  next_word_id,
  placement,
  prev_word_id,
  published,
  section_id,
  word_id
) VALUES (
  156,
  1,
  1,
  0,
  3422,
  '',
  0,
  287,
  295,
  280,
  1033917596,
  1,
  281
);
INSERT INTO ezsearch_object_word_link (
  contentclass_attribute_id,
  contentclass_id,
  contentobject_id,
  frequency,
  id,
  identifier,
  integer_value,
  next_word_id,
  placement,
  prev_word_id,
  published,
  section_id,
  word_id
) VALUES (
  156,
  1,
  1,
  0,
  3423,
  '',
  0,
  288,
  296,
  281,
  1033917596,
  1,
  287
);
INSERT INTO ezsearch_object_word_link (
  contentclass_attribute_id,
  contentclass_id,
  contentobject_id,
  frequency,
  id,
  identifier,
  integer_value,
  next_word_id,
  placement,
  prev_word_id,
  published,
  section_id,
  word_id
) VALUES (
  156,
  1,
  1,
  0,
  3424,
  '',
  0,
  289,
  297,
  287,
  1033917596,
  1,
  288
);
INSERT INTO ezsearch_object_word_link (
  contentclass_attribute_id,
  contentclass_id,
  contentobject_id,
  frequency,
  id,
  identifier,
  integer_value,
  next_word_id,
  placement,
  prev_word_id,
  published,
  section_id,
  word_id
) VALUES (
  156,
  1,
  1,
  0,
  3425,
  '',
  0,
  292,
  298,
  288,
  1033917596,
  1,
  289
);
INSERT INTO ezsearch_object_word_link (
  contentclass_attribute_id,
  contentclass_id,
  contentobject_id,
  frequency,
  id,
  identifier,
  integer_value,
  next_word_id,
  placement,
  prev_word_id,
  published,
  section_id,
  word_id
) VALUES (
  156,
  1,
  1,
  0,
  3426,
  '',
  0,
  324,
  299,
  289,
  1033917596,
  1,
  292
);
INSERT INTO ezsearch_object_word_link (
  contentclass_attribute_id,
  contentclass_id,
  contentobject_id,
  frequency,
  id,
  identifier,
  integer_value,
  next_word_id,
  placement,
  prev_word_id,
  published,
  section_id,
  word_id
) VALUES (
  156,
  1,
  1,
  0,
  3427,
  '',
  0,
  325,
  300,
  292,
  1033917596,
  1,
  324
);
INSERT INTO ezsearch_object_word_link (
  contentclass_attribute_id,
  contentclass_id,
  contentobject_id,
  frequency,
  id,
  identifier,
  integer_value,
  next_word_id,
  placement,
  prev_word_id,
  published,
  section_id,
  word_id
) VALUES (
  156,
  1,
  1,
  0,
  3428,
  '',
  0,
  293,
  301,
  324,
  1033917596,
  1,
  325
);
INSERT INTO ezsearch_object_word_link (
  contentclass_attribute_id,
  contentclass_id,
  contentobject_id,
  frequency,
  id,
  identifier,
  integer_value,
  next_word_id,
  placement,
  prev_word_id,
  published,
  section_id,
  word_id
) VALUES (
  156,
  1,
  1,
  0,
  3429,
  '',
  0,
  342,
  302,
  325,
  1033917596,
  1,
  293
);
INSERT INTO ezsearch_object_word_link (
  contentclass_attribute_id,
  contentclass_id,
  contentobject_id,
  frequency,
  id,
  identifier,
  integer_value,
  next_word_id,
  placement,
  prev_word_id,
  published,
  section_id,
  word_id
) VALUES (
  156,
  1,
  1,
  0,
  3430,
  '',
  0,
  337,
  303,
  293,
  1033917596,
  1,
  342
);
INSERT INTO ezsearch_object_word_link (
  contentclass_attribute_id,
  contentclass_id,
  contentobject_id,
  frequency,
  id,
  identifier,
  integer_value,
  next_word_id,
  placement,
  prev_word_id,
  published,
  section_id,
  word_id
) VALUES (
  156,
  1,
  1,
  0,
  3431,
  '',
  0,
  343,
  304,
  342,
  1033917596,
  1,
  337
);
INSERT INTO ezsearch_object_word_link (
  contentclass_attribute_id,
  contentclass_id,
  contentobject_id,
  frequency,
  id,
  identifier,
  integer_value,
  next_word_id,
  placement,
  prev_word_id,
  published,
  section_id,
  word_id
) VALUES (
  156,
  1,
  1,
  0,
  3432,
  '',
  0,
  322,
  305,
  337,
  1033917596,
  1,
  343
);
INSERT INTO ezsearch_object_word_link (
  contentclass_attribute_id,
  contentclass_id,
  contentobject_id,
  frequency,
  id,
  identifier,
  integer_value,
  next_word_id,
  placement,
  prev_word_id,
  published,
  section_id,
  word_id
) VALUES (
  156,
  1,
  1,
  0,
  3433,
  '',
  0,
  338,
  306,
  343,
  1033917596,
  1,
  322
);
INSERT INTO ezsearch_object_word_link (
  contentclass_attribute_id,
  contentclass_id,
  contentobject_id,
  frequency,
  id,
  identifier,
  integer_value,
  next_word_id,
  placement,
  prev_word_id,
  published,
  section_id,
  word_id
) VALUES (
  156,
  1,
  1,
  0,
  3434,
  '',
  0,
  344,
  307,
  322,
  1033917596,
  1,
  338
);
INSERT INTO ezsearch_object_word_link (
  contentclass_attribute_id,
  contentclass_id,
  contentobject_id,
  frequency,
  id,
  identifier,
  integer_value,
  next_word_id,
  placement,
  prev_word_id,
  published,
  section_id,
  word_id
) VALUES (
  156,
  1,
  1,
  0,
  3435,
  '',
  0,
  345,
  308,
  338,
  1033917596,
  1,
  344
);
INSERT INTO ezsearch_object_word_link (
  contentclass_attribute_id,
  contentclass_id,
  contentobject_id,
  frequency,
  id,
  identifier,
  integer_value,
  next_word_id,
  placement,
  prev_word_id,
  published,
  section_id,
  word_id
) VALUES (
  156,
  1,
  1,
  0,
  3436,
  '',
  0,
  346,
  309,
  344,
  1033917596,
  1,
  345
);
INSERT INTO ezsearch_object_word_link (
  contentclass_attribute_id,
  contentclass_id,
  contentobject_id,
  frequency,
  id,
  identifier,
  integer_value,
  next_word_id,
  placement,
  prev_word_id,
  published,
  section_id,
  word_id
) VALUES (
  156,
  1,
  1,
  0,
  3437,
  '',
  0,
  347,
  310,
  345,
  1033917596,
  1,
  346
);
INSERT INTO ezsearch_object_word_link (
  contentclass_attribute_id,
  contentclass_id,
  contentobject_id,
  frequency,
  id,
  identifier,
  integer_value,
  next_word_id,
  placement,
  prev_word_id,
  published,
  section_id,
  word_id
) VALUES (
  156,
  1,
  1,
  0,
  3438,
  '',
  0,
  312,
  311,
  346,
  1033917596,
  1,
  347
);
INSERT INTO ezsearch_object_word_link (
  contentclass_attribute_id,
  contentclass_id,
  contentobject_id,
  frequency,
  id,
  identifier,
  integer_value,
  next_word_id,
  placement,
  prev_word_id,
  published,
  section_id,
  word_id
) VALUES (
  156,
  1,
  1,
  0,
  3439,
  '',
  0,
  280,
  312,
  347,
  1033917596,
  1,
  312
);
INSERT INTO ezsearch_object_word_link (
  contentclass_attribute_id,
  contentclass_id,
  contentobject_id,
  frequency,
  id,
  identifier,
  integer_value,
  next_word_id,
  placement,
  prev_word_id,
  published,
  section_id,
  word_id
) VALUES (
  156,
  1,
  1,
  0,
  3440,
  '',
  0,
  281,
  313,
  312,
  1033917596,
  1,
  280
);
INSERT INTO ezsearch_object_word_link (
  contentclass_attribute_id,
  contentclass_id,
  contentobject_id,
  frequency,
  id,
  identifier,
  integer_value,
  next_word_id,
  placement,
  prev_word_id,
  published,
  section_id,
  word_id
) VALUES (
  156,
  1,
  1,
  0,
  3441,
  '',
  0,
  348,
  314,
  280,
  1033917596,
  1,
  281
);
INSERT INTO ezsearch_object_word_link (
  contentclass_attribute_id,
  contentclass_id,
  contentobject_id,
  frequency,
  id,
  identifier,
  integer_value,
  next_word_id,
  placement,
  prev_word_id,
  published,
  section_id,
  word_id
) VALUES (
  156,
  1,
  1,
  0,
  3442,
  '',
  0,
  349,
  315,
  281,
  1033917596,
  1,
  348
);
INSERT INTO ezsearch_object_word_link (
  contentclass_attribute_id,
  contentclass_id,
  contentobject_id,
  frequency,
  id,
  identifier,
  integer_value,
  next_word_id,
  placement,
  prev_word_id,
  published,
  section_id,
  word_id
) VALUES (
  156,
  1,
  1,
  0,
  3443,
  '',
  0,
  350,
  316,
  348,
  1033917596,
  1,
  349
);
INSERT INTO ezsearch_object_word_link (
  contentclass_attribute_id,
  contentclass_id,
  contentobject_id,
  frequency,
  id,
  identifier,
  integer_value,
  next_word_id,
  placement,
  prev_word_id,
  published,
  section_id,
  word_id
) VALUES (
  156,
  1,
  1,
  0,
  3444,
  '',
  0,
  351,
  317,
  349,
  1033917596,
  1,
  350
);
INSERT INTO ezsearch_object_word_link (
  contentclass_attribute_id,
  contentclass_id,
  contentobject_id,
  frequency,
  id,
  identifier,
  integer_value,
  next_word_id,
  placement,
  prev_word_id,
  published,
  section_id,
  word_id
) VALUES (
  156,
  1,
  1,
  0,
  3445,
  '',
  0,
  70,
  318,
  350,
  1033917596,
  1,
  351
);
INSERT INTO ezsearch_object_word_link (
  contentclass_attribute_id,
  contentclass_id,
  contentobject_id,
  frequency,
  id,
  identifier,
  integer_value,
  next_word_id,
  placement,
  prev_word_id,
  published,
  section_id,
  word_id
) VALUES (
  156,
  1,
  1,
  0,
  3446,
  '',
  0,
  280,
  319,
  351,
  1033917596,
  1,
  70
);
INSERT INTO ezsearch_object_word_link (
  contentclass_attribute_id,
  contentclass_id,
  contentobject_id,
  frequency,
  id,
  identifier,
  integer_value,
  next_word_id,
  placement,
  prev_word_id,
  published,
  section_id,
  word_id
) VALUES (
  156,
  1,
  1,
  0,
  3447,
  '',
  0,
  281,
  320,
  70,
  1033917596,
  1,
  280
);
INSERT INTO ezsearch_object_word_link (
  contentclass_attribute_id,
  contentclass_id,
  contentobject_id,
  frequency,
  id,
  identifier,
  integer_value,
  next_word_id,
  placement,
  prev_word_id,
  published,
  section_id,
  word_id
) VALUES (
  156,
  1,
  1,
  0,
  3448,
  '',
  0,
  352,
  321,
  280,
  1033917596,
  1,
  281
);
INSERT INTO ezsearch_object_word_link (
  contentclass_attribute_id,
  contentclass_id,
  contentobject_id,
  frequency,
  id,
  identifier,
  integer_value,
  next_word_id,
  placement,
  prev_word_id,
  published,
  section_id,
  word_id
) VALUES (
  156,
  1,
  1,
  0,
  3449,
  '',
  0,
  353,
  322,
  281,
  1033917596,
  1,
  352
);
INSERT INTO ezsearch_object_word_link (
  contentclass_attribute_id,
  contentclass_id,
  contentobject_id,
  frequency,
  id,
  identifier,
  integer_value,
  next_word_id,
  placement,
  prev_word_id,
  published,
  section_id,
  word_id
) VALUES (
  156,
  1,
  1,
  0,
  3450,
  '',
  0,
  354,
  323,
  352,
  1033917596,
  1,
  353
);
INSERT INTO ezsearch_object_word_link (
  contentclass_attribute_id,
  contentclass_id,
  contentobject_id,
  frequency,
  id,
  identifier,
  integer_value,
  next_word_id,
  placement,
  prev_word_id,
  published,
  section_id,
  word_id
) VALUES (
  156,
  1,
  1,
  0,
  3451,
  '',
  0,
  355,
  324,
  353,
  1033917596,
  1,
  354
);
INSERT INTO ezsearch_object_word_link (
  contentclass_attribute_id,
  contentclass_id,
  contentobject_id,
  frequency,
  id,
  identifier,
  integer_value,
  next_word_id,
  placement,
  prev_word_id,
  published,
  section_id,
  word_id
) VALUES (
  156,
  1,
  1,
  0,
  3452,
  '',
  0,
  356,
  325,
  354,
  1033917596,
  1,
  355
);
INSERT INTO ezsearch_object_word_link (
  contentclass_attribute_id,
  contentclass_id,
  contentobject_id,
  frequency,
  id,
  identifier,
  integer_value,
  next_word_id,
  placement,
  prev_word_id,
  published,
  section_id,
  word_id
) VALUES (
  156,
  1,
  1,
  0,
  3453,
  '',
  0,
  357,
  326,
  355,
  1033917596,
  1,
  356
);
INSERT INTO ezsearch_object_word_link (
  contentclass_attribute_id,
  contentclass_id,
  contentobject_id,
  frequency,
  id,
  identifier,
  integer_value,
  next_word_id,
  placement,
  prev_word_id,
  published,
  section_id,
  word_id
) VALUES (
  156,
  1,
  1,
  0,
  3454,
  '',
  0,
  279,
  327,
  356,
  1033917596,
  1,
  357
);
INSERT INTO ezsearch_object_word_link (
  contentclass_attribute_id,
  contentclass_id,
  contentobject_id,
  frequency,
  id,
  identifier,
  integer_value,
  next_word_id,
  placement,
  prev_word_id,
  published,
  section_id,
  word_id
) VALUES (
  156,
  1,
  1,
  0,
  3455,
  '',
  0,
  358,
  328,
  357,
  1033917596,
  1,
  279
);
INSERT INTO ezsearch_object_word_link (
  contentclass_attribute_id,
  contentclass_id,
  contentobject_id,
  frequency,
  id,
  identifier,
  integer_value,
  next_word_id,
  placement,
  prev_word_id,
  published,
  section_id,
  word_id
) VALUES (
  156,
  1,
  1,
  0,
  3456,
  '',
  0,
  359,
  329,
  279,
  1033917596,
  1,
  358
);
INSERT INTO ezsearch_object_word_link (
  contentclass_attribute_id,
  contentclass_id,
  contentobject_id,
  frequency,
  id,
  identifier,
  integer_value,
  next_word_id,
  placement,
  prev_word_id,
  published,
  section_id,
  word_id
) VALUES (
  156,
  1,
  1,
  0,
  3457,
  '',
  0,
  360,
  330,
  358,
  1033917596,
  1,
  359
);
INSERT INTO ezsearch_object_word_link (
  contentclass_attribute_id,
  contentclass_id,
  contentobject_id,
  frequency,
  id,
  identifier,
  integer_value,
  next_word_id,
  placement,
  prev_word_id,
  published,
  section_id,
  word_id
) VALUES (
  156,
  1,
  1,
  0,
  3458,
  '',
  0,
  361,
  331,
  359,
  1033917596,
  1,
  360
);
INSERT INTO ezsearch_object_word_link (
  contentclass_attribute_id,
  contentclass_id,
  contentobject_id,
  frequency,
  id,
  identifier,
  integer_value,
  next_word_id,
  placement,
  prev_word_id,
  published,
  section_id,
  word_id
) VALUES (
  156,
  1,
  1,
  0,
  3459,
  '',
  0,
  279,
  332,
  360,
  1033917596,
  1,
  361
);
INSERT INTO ezsearch_object_word_link (
  contentclass_attribute_id,
  contentclass_id,
  contentobject_id,
  frequency,
  id,
  identifier,
  integer_value,
  next_word_id,
  placement,
  prev_word_id,
  published,
  section_id,
  word_id
) VALUES (
  156,
  1,
  1,
  0,
  3460,
  '',
  0,
  283,
  333,
  361,
  1033917596,
  1,
  279
);
INSERT INTO ezsearch_object_word_link (
  contentclass_attribute_id,
  contentclass_id,
  contentobject_id,
  frequency,
  id,
  identifier,
  integer_value,
  next_word_id,
  placement,
  prev_word_id,
  published,
  section_id,
  word_id
) VALUES (
  156,
  1,
  1,
  0,
  3461,
  '',
  0,
  362,
  334,
  279,
  1033917596,
  1,
  283
);
INSERT INTO ezsearch_object_word_link (
  contentclass_attribute_id,
  contentclass_id,
  contentobject_id,
  frequency,
  id,
  identifier,
  integer_value,
  next_word_id,
  placement,
  prev_word_id,
  published,
  section_id,
  word_id
) VALUES (
  156,
  1,
  1,
  0,
  3462,
  '',
  0,
  363,
  335,
  283,
  1033917596,
  1,
  362
);
INSERT INTO ezsearch_object_word_link (
  contentclass_attribute_id,
  contentclass_id,
  contentobject_id,
  frequency,
  id,
  identifier,
  integer_value,
  next_word_id,
  placement,
  prev_word_id,
  published,
  section_id,
  word_id
) VALUES (
  156,
  1,
  1,
  0,
  3463,
  '',
  0,
  364,
  336,
  362,
  1033917596,
  1,
  363
);
INSERT INTO ezsearch_object_word_link (
  contentclass_attribute_id,
  contentclass_id,
  contentobject_id,
  frequency,
  id,
  identifier,
  integer_value,
  next_word_id,
  placement,
  prev_word_id,
  published,
  section_id,
  word_id
) VALUES (
  156,
  1,
  1,
  0,
  3464,
  '',
  0,
  365,
  337,
  363,
  1033917596,
  1,
  364
);
INSERT INTO ezsearch_object_word_link (
  contentclass_attribute_id,
  contentclass_id,
  contentobject_id,
  frequency,
  id,
  identifier,
  integer_value,
  next_word_id,
  placement,
  prev_word_id,
  published,
  section_id,
  word_id
) VALUES (
  156,
  1,
  1,
  0,
  3465,
  '',
  0,
  70,
  338,
  364,
  1033917596,
  1,
  365
);
INSERT INTO ezsearch_object_word_link (
  contentclass_attribute_id,
  contentclass_id,
  contentobject_id,
  frequency,
  id,
  identifier,
  integer_value,
  next_word_id,
  placement,
  prev_word_id,
  published,
  section_id,
  word_id
) VALUES (
  156,
  1,
  1,
  0,
  3466,
  '',
  0,
  335,
  339,
  365,
  1033917596,
  1,
  70
);
INSERT INTO ezsearch_object_word_link (
  contentclass_attribute_id,
  contentclass_id,
  contentobject_id,
  frequency,
  id,
  identifier,
  integer_value,
  next_word_id,
  placement,
  prev_word_id,
  published,
  section_id,
  word_id
) VALUES (
  156,
  1,
  1,
  0,
  3467,
  '',
  0,
  366,
  340,
  70,
  1033917596,
  1,
  335
);
INSERT INTO ezsearch_object_word_link (
  contentclass_attribute_id,
  contentclass_id,
  contentobject_id,
  frequency,
  id,
  identifier,
  integer_value,
  next_word_id,
  placement,
  prev_word_id,
  published,
  section_id,
  word_id
) VALUES (
  156,
  1,
  1,
  0,
  3468,
  '',
  0,
  355,
  341,
  335,
  1033917596,
  1,
  366
);
INSERT INTO ezsearch_object_word_link (
  contentclass_attribute_id,
  contentclass_id,
  contentobject_id,
  frequency,
  id,
  identifier,
  integer_value,
  next_word_id,
  placement,
  prev_word_id,
  published,
  section_id,
  word_id
) VALUES (
  156,
  1,
  1,
  0,
  3469,
  '',
  0,
  348,
  342,
  366,
  1033917596,
  1,
  355
);
INSERT INTO ezsearch_object_word_link (
  contentclass_attribute_id,
  contentclass_id,
  contentobject_id,
  frequency,
  id,
  identifier,
  integer_value,
  next_word_id,
  placement,
  prev_word_id,
  published,
  section_id,
  word_id
) VALUES (
  156,
  1,
  1,
  0,
  3470,
  '',
  0,
  367,
  343,
  355,
  1033917596,
  1,
  348
);
INSERT INTO ezsearch_object_word_link (
  contentclass_attribute_id,
  contentclass_id,
  contentobject_id,
  frequency,
  id,
  identifier,
  integer_value,
  next_word_id,
  placement,
  prev_word_id,
  published,
  section_id,
  word_id
) VALUES (
  156,
  1,
  1,
  0,
  3471,
  '',
  0,
  341,
  344,
  348,
  1033917596,
  1,
  367
);
INSERT INTO ezsearch_object_word_link (
  contentclass_attribute_id,
  contentclass_id,
  contentobject_id,
  frequency,
  id,
  identifier,
  integer_value,
  next_word_id,
  placement,
  prev_word_id,
  published,
  section_id,
  word_id
) VALUES (
  156,
  1,
  1,
  0,
  3472,
  '',
  0,
  295,
  345,
  367,
  1033917596,
  1,
  341
);
INSERT INTO ezsearch_object_word_link (
  contentclass_attribute_id,
  contentclass_id,
  contentobject_id,
  frequency,
  id,
  identifier,
  integer_value,
  next_word_id,
  placement,
  prev_word_id,
  published,
  section_id,
  word_id
) VALUES (
  156,
  1,
  1,
  0,
  3473,
  '',
  0,
  70,
  346,
  341,
  1033917596,
  1,
  295
);
INSERT INTO ezsearch_object_word_link (
  contentclass_attribute_id,
  contentclass_id,
  contentobject_id,
  frequency,
  id,
  identifier,
  integer_value,
  next_word_id,
  placement,
  prev_word_id,
  published,
  section_id,
  word_id
) VALUES (
  156,
  1,
  1,
  0,
  3474,
  '',
  0,
  368,
  347,
  295,
  1033917596,
  1,
  70
);
INSERT INTO ezsearch_object_word_link (
  contentclass_attribute_id,
  contentclass_id,
  contentobject_id,
  frequency,
  id,
  identifier,
  integer_value,
  next_word_id,
  placement,
  prev_word_id,
  published,
  section_id,
  word_id
) VALUES (
  156,
  1,
  1,
  0,
  3475,
  '',
  0,
  280,
  348,
  70,
  1033917596,
  1,
  368
);
INSERT INTO ezsearch_object_word_link (
  contentclass_attribute_id,
  contentclass_id,
  contentobject_id,
  frequency,
  id,
  identifier,
  integer_value,
  next_word_id,
  placement,
  prev_word_id,
  published,
  section_id,
  word_id
) VALUES (
  156,
  1,
  1,
  0,
  3476,
  '',
  0,
  281,
  349,
  368,
  1033917596,
  1,
  280
);
INSERT INTO ezsearch_object_word_link (
  contentclass_attribute_id,
  contentclass_id,
  contentobject_id,
  frequency,
  id,
  identifier,
  integer_value,
  next_word_id,
  placement,
  prev_word_id,
  published,
  section_id,
  word_id
) VALUES (
  156,
  1,
  1,
  0,
  3477,
  '',
  0,
  369,
  350,
  280,
  1033917596,
  1,
  281
);
INSERT INTO ezsearch_object_word_link (
  contentclass_attribute_id,
  contentclass_id,
  contentobject_id,
  frequency,
  id,
  identifier,
  integer_value,
  next_word_id,
  placement,
  prev_word_id,
  published,
  section_id,
  word_id
) VALUES (
  156,
  1,
  1,
  0,
  3478,
  '',
  0,
  344,
  351,
  281,
  1033917596,
  1,
  369
);
INSERT INTO ezsearch_object_word_link (
  contentclass_attribute_id,
  contentclass_id,
  contentobject_id,
  frequency,
  id,
  identifier,
  integer_value,
  next_word_id,
  placement,
  prev_word_id,
  published,
  section_id,
  word_id
) VALUES (
  156,
  1,
  1,
  0,
  3479,
  '',
  0,
  345,
  352,
  369,
  1033917596,
  1,
  344
);
INSERT INTO ezsearch_object_word_link (
  contentclass_attribute_id,
  contentclass_id,
  contentobject_id,
  frequency,
  id,
  identifier,
  integer_value,
  next_word_id,
  placement,
  prev_word_id,
  published,
  section_id,
  word_id
) VALUES (
  156,
  1,
  1,
  0,
  3480,
  '',
  0,
  370,
  353,
  344,
  1033917596,
  1,
  345
);
INSERT INTO ezsearch_object_word_link (
  contentclass_attribute_id,
  contentclass_id,
  contentobject_id,
  frequency,
  id,
  identifier,
  integer_value,
  next_word_id,
  placement,
  prev_word_id,
  published,
  section_id,
  word_id
) VALUES (
  156,
  1,
  1,
  0,
  3481,
  '',
  0,
  296,
  354,
  345,
  1033917596,
  1,
  370
);
INSERT INTO ezsearch_object_word_link (
  contentclass_attribute_id,
  contentclass_id,
  contentobject_id,
  frequency,
  id,
  identifier,
  integer_value,
  next_word_id,
  placement,
  prev_word_id,
  published,
  section_id,
  word_id
) VALUES (
  156,
  1,
  1,
  0,
  3482,
  '',
  0,
  371,
  355,
  370,
  1033917596,
  1,
  296
);
INSERT INTO ezsearch_object_word_link (
  contentclass_attribute_id,
  contentclass_id,
  contentobject_id,
  frequency,
  id,
  identifier,
  integer_value,
  next_word_id,
  placement,
  prev_word_id,
  published,
  section_id,
  word_id
) VALUES (
  156,
  1,
  1,
  0,
  3483,
  '',
  0,
  348,
  356,
  296,
  1033917596,
  1,
  371
);
INSERT INTO ezsearch_object_word_link (
  contentclass_attribute_id,
  contentclass_id,
  contentobject_id,
  frequency,
  id,
  identifier,
  integer_value,
  next_word_id,
  placement,
  prev_word_id,
  published,
  section_id,
  word_id
) VALUES (
  156,
  1,
  1,
  0,
  3484,
  '',
  0,
  372,
  357,
  371,
  1033917596,
  1,
  348
);
INSERT INTO ezsearch_object_word_link (
  contentclass_attribute_id,
  contentclass_id,
  contentobject_id,
  frequency,
  id,
  identifier,
  integer_value,
  next_word_id,
  placement,
  prev_word_id,
  published,
  section_id,
  word_id
) VALUES (
  156,
  1,
  1,
  0,
  3485,
  '',
  0,
  373,
  358,
  348,
  1033917596,
  1,
  372
);
INSERT INTO ezsearch_object_word_link (
  contentclass_attribute_id,
  contentclass_id,
  contentobject_id,
  frequency,
  id,
  identifier,
  integer_value,
  next_word_id,
  placement,
  prev_word_id,
  published,
  section_id,
  word_id
) VALUES (
  156,
  1,
  1,
  0,
  3486,
  '',
  0,
  374,
  359,
  372,
  1033917596,
  1,
  373
);
INSERT INTO ezsearch_object_word_link (
  contentclass_attribute_id,
  contentclass_id,
  contentobject_id,
  frequency,
  id,
  identifier,
  integer_value,
  next_word_id,
  placement,
  prev_word_id,
  published,
  section_id,
  word_id
) VALUES (
  156,
  1,
  1,
  0,
  3487,
  '',
  0,
  375,
  360,
  373,
  1033917596,
  1,
  374
);
INSERT INTO ezsearch_object_word_link (
  contentclass_attribute_id,
  contentclass_id,
  contentobject_id,
  frequency,
  id,
  identifier,
  integer_value,
  next_word_id,
  placement,
  prev_word_id,
  published,
  section_id,
  word_id
) VALUES (
  156,
  1,
  1,
  0,
  3488,
  '',
  0,
  376,
  361,
  374,
  1033917596,
  1,
  375
);
INSERT INTO ezsearch_object_word_link (
  contentclass_attribute_id,
  contentclass_id,
  contentobject_id,
  frequency,
  id,
  identifier,
  integer_value,
  next_word_id,
  placement,
  prev_word_id,
  published,
  section_id,
  word_id
) VALUES (
  156,
  1,
  1,
  0,
  3489,
  '',
  0,
  293,
  362,
  375,
  1033917596,
  1,
  376
);
INSERT INTO ezsearch_object_word_link (
  contentclass_attribute_id,
  contentclass_id,
  contentobject_id,
  frequency,
  id,
  identifier,
  integer_value,
  next_word_id,
  placement,
  prev_word_id,
  published,
  section_id,
  word_id
) VALUES (
  156,
  1,
  1,
  0,
  3490,
  '',
  0,
  282,
  363,
  376,
  1033917596,
  1,
  293
);
INSERT INTO ezsearch_object_word_link (
  contentclass_attribute_id,
  contentclass_id,
  contentobject_id,
  frequency,
  id,
  identifier,
  integer_value,
  next_word_id,
  placement,
  prev_word_id,
  published,
  section_id,
  word_id
) VALUES (
  156,
  1,
  1,
  0,
  3491,
  '',
  0,
  342,
  364,
  293,
  1033917596,
  1,
  282
);
INSERT INTO ezsearch_object_word_link (
  contentclass_attribute_id,
  contentclass_id,
  contentobject_id,
  frequency,
  id,
  identifier,
  integer_value,
  next_word_id,
  placement,
  prev_word_id,
  published,
  section_id,
  word_id
) VALUES (
  156,
  1,
  1,
  0,
  3492,
  '',
  0,
  377,
  365,
  282,
  1033917596,
  1,
  342
);
INSERT INTO ezsearch_object_word_link (
  contentclass_attribute_id,
  contentclass_id,
  contentobject_id,
  frequency,
  id,
  identifier,
  integer_value,
  next_word_id,
  placement,
  prev_word_id,
  published,
  section_id,
  word_id
) VALUES (
  156,
  1,
  1,
  0,
  3493,
  '',
  0,
  279,
  366,
  342,
  1033917596,
  1,
  377
);
INSERT INTO ezsearch_object_word_link (
  contentclass_attribute_id,
  contentclass_id,
  contentobject_id,
  frequency,
  id,
  identifier,
  integer_value,
  next_word_id,
  placement,
  prev_word_id,
  published,
  section_id,
  word_id
) VALUES (
  156,
  1,
  1,
  0,
  3494,
  '',
  0,
  378,
  367,
  377,
  1033917596,
  1,
  279
);
INSERT INTO ezsearch_object_word_link (
  contentclass_attribute_id,
  contentclass_id,
  contentobject_id,
  frequency,
  id,
  identifier,
  integer_value,
  next_word_id,
  placement,
  prev_word_id,
  published,
  section_id,
  word_id
) VALUES (
  156,
  1,
  1,
  0,
  3495,
  '',
  0,
  379,
  368,
  279,
  1033917596,
  1,
  378
);
INSERT INTO ezsearch_object_word_link (
  contentclass_attribute_id,
  contentclass_id,
  contentobject_id,
  frequency,
  id,
  identifier,
  integer_value,
  next_word_id,
  placement,
  prev_word_id,
  published,
  section_id,
  word_id
) VALUES (
  156,
  1,
  1,
  0,
  3496,
  '',
  0,
  69,
  369,
  378,
  1033917596,
  1,
  379
);
INSERT INTO ezsearch_object_word_link (
  contentclass_attribute_id,
  contentclass_id,
  contentobject_id,
  frequency,
  id,
  identifier,
  integer_value,
  next_word_id,
  placement,
  prev_word_id,
  published,
  section_id,
  word_id
) VALUES (
  156,
  1,
  1,
  0,
  3497,
  '',
  0,
  380,
  370,
  379,
  1033917596,
  1,
  69
);
INSERT INTO ezsearch_object_word_link (
  contentclass_attribute_id,
  contentclass_id,
  contentobject_id,
  frequency,
  id,
  identifier,
  integer_value,
  next_word_id,
  placement,
  prev_word_id,
  published,
  section_id,
  word_id
) VALUES (
  156,
  1,
  1,
  0,
  3498,
  '',
  0,
  381,
  371,
  69,
  1033917596,
  1,
  380
);
INSERT INTO ezsearch_object_word_link (
  contentclass_attribute_id,
  contentclass_id,
  contentobject_id,
  frequency,
  id,
  identifier,
  integer_value,
  next_word_id,
  placement,
  prev_word_id,
  published,
  section_id,
  word_id
) VALUES (
  156,
  1,
  1,
  0,
  3499,
  '',
  0,
  382,
  372,
  380,
  1033917596,
  1,
  381
);
INSERT INTO ezsearch_object_word_link (
  contentclass_attribute_id,
  contentclass_id,
  contentobject_id,
  frequency,
  id,
  identifier,
  integer_value,
  next_word_id,
  placement,
  prev_word_id,
  published,
  section_id,
  word_id
) VALUES (
  156,
  1,
  1,
  0,
  3500,
  '',
  0,
  69,
  373,
  381,
  1033917596,
  1,
  382
);
INSERT INTO ezsearch_object_word_link (
  contentclass_attribute_id,
  contentclass_id,
  contentobject_id,
  frequency,
  id,
  identifier,
  integer_value,
  next_word_id,
  placement,
  prev_word_id,
  published,
  section_id,
  word_id
) VALUES (
  156,
  1,
  1,
  0,
  3501,
  '',
  0,
  383,
  374,
  382,
  1033917596,
  1,
  69
);
INSERT INTO ezsearch_object_word_link (
  contentclass_attribute_id,
  contentclass_id,
  contentobject_id,
  frequency,
  id,
  identifier,
  integer_value,
  next_word_id,
  placement,
  prev_word_id,
  published,
  section_id,
  word_id
) VALUES (
  156,
  1,
  1,
  0,
  3502,
  '',
  0,
  384,
  375,
  69,
  1033917596,
  1,
  383
);
INSERT INTO ezsearch_object_word_link (
  contentclass_attribute_id,
  contentclass_id,
  contentobject_id,
  frequency,
  id,
  identifier,
  integer_value,
  next_word_id,
  placement,
  prev_word_id,
  published,
  section_id,
  word_id
) VALUES (
  156,
  1,
  1,
  0,
  3503,
  '',
  0,
  385,
  376,
  383,
  1033917596,
  1,
  384
);
INSERT INTO ezsearch_object_word_link (
  contentclass_attribute_id,
  contentclass_id,
  contentobject_id,
  frequency,
  id,
  identifier,
  integer_value,
  next_word_id,
  placement,
  prev_word_id,
  published,
  section_id,
  word_id
) VALUES (
  156,
  1,
  1,
  0,
  3504,
  '',
  0,
  280,
  377,
  384,
  1033917596,
  1,
  385
);
INSERT INTO ezsearch_object_word_link (
  contentclass_attribute_id,
  contentclass_id,
  contentobject_id,
  frequency,
  id,
  identifier,
  integer_value,
  next_word_id,
  placement,
  prev_word_id,
  published,
  section_id,
  word_id
) VALUES (
  156,
  1,
  1,
  0,
  3505,
  '',
  0,
  281,
  378,
  385,
  1033917596,
  1,
  280
);
INSERT INTO ezsearch_object_word_link (
  contentclass_attribute_id,
  contentclass_id,
  contentobject_id,
  frequency,
  id,
  identifier,
  integer_value,
  next_word_id,
  placement,
  prev_word_id,
  published,
  section_id,
  word_id
) VALUES (
  156,
  1,
  1,
  0,
  3506,
  '',
  0,
  290,
  379,
  280,
  1033917596,
  1,
  281
);
INSERT INTO ezsearch_object_word_link (
  contentclass_attribute_id,
  contentclass_id,
  contentobject_id,
  frequency,
  id,
  identifier,
  integer_value,
  next_word_id,
  placement,
  prev_word_id,
  published,
  section_id,
  word_id
) VALUES (
  156,
  1,
  1,
  0,
  3507,
  '',
  0,
  321,
  380,
  281,
  1033917596,
  1,
  290
);
INSERT INTO ezsearch_object_word_link (
  contentclass_attribute_id,
  contentclass_id,
  contentobject_id,
  frequency,
  id,
  identifier,
  integer_value,
  next_word_id,
  placement,
  prev_word_id,
  published,
  section_id,
  word_id
) VALUES (
  156,
  1,
  1,
  0,
  3508,
  '',
  0,
  386,
  381,
  290,
  1033917596,
  1,
  321
);
INSERT INTO ezsearch_object_word_link (
  contentclass_attribute_id,
  contentclass_id,
  contentobject_id,
  frequency,
  id,
  identifier,
  integer_value,
  next_word_id,
  placement,
  prev_word_id,
  published,
  section_id,
  word_id
) VALUES (
  156,
  1,
  1,
  0,
  3509,
  '',
  0,
  376,
  382,
  321,
  1033917596,
  1,
  386
);
INSERT INTO ezsearch_object_word_link (
  contentclass_attribute_id,
  contentclass_id,
  contentobject_id,
  frequency,
  id,
  identifier,
  integer_value,
  next_word_id,
  placement,
  prev_word_id,
  published,
  section_id,
  word_id
) VALUES (
  156,
  1,
  1,
  0,
  3510,
  '',
  0,
  306,
  383,
  386,
  1033917596,
  1,
  376
);
INSERT INTO ezsearch_object_word_link (
  contentclass_attribute_id,
  contentclass_id,
  contentobject_id,
  frequency,
  id,
  identifier,
  integer_value,
  next_word_id,
  placement,
  prev_word_id,
  published,
  section_id,
  word_id
) VALUES (
  156,
  1,
  1,
  0,
  3511,
  '',
  0,
  280,
  384,
  376,
  1033917596,
  1,
  306
);
INSERT INTO ezsearch_object_word_link (
  contentclass_attribute_id,
  contentclass_id,
  contentobject_id,
  frequency,
  id,
  identifier,
  integer_value,
  next_word_id,
  placement,
  prev_word_id,
  published,
  section_id,
  word_id
) VALUES (
  156,
  1,
  1,
  0,
  3512,
  '',
  0,
  387,
  385,
  306,
  1033917596,
  1,
  280
);
INSERT INTO ezsearch_object_word_link (
  contentclass_attribute_id,
  contentclass_id,
  contentobject_id,
  frequency,
  id,
  identifier,
  integer_value,
  next_word_id,
  placement,
  prev_word_id,
  published,
  section_id,
  word_id
) VALUES (
  156,
  1,
  1,
  0,
  3513,
  '',
  0,
  388,
  386,
  280,
  1033917596,
  1,
  387
);
INSERT INTO ezsearch_object_word_link (
  contentclass_attribute_id,
  contentclass_id,
  contentobject_id,
  frequency,
  id,
  identifier,
  integer_value,
  next_word_id,
  placement,
  prev_word_id,
  published,
  section_id,
  word_id
) VALUES (
  156,
  1,
  1,
  0,
  3514,
  '',
  0,
  389,
  387,
  387,
  1033917596,
  1,
  388
);
INSERT INTO ezsearch_object_word_link (
  contentclass_attribute_id,
  contentclass_id,
  contentobject_id,
  frequency,
  id,
  identifier,
  integer_value,
  next_word_id,
  placement,
  prev_word_id,
  published,
  section_id,
  word_id
) VALUES (
  156,
  1,
  1,
  0,
  3515,
  '',
  0,
  390,
  388,
  388,
  1033917596,
  1,
  389
);
INSERT INTO ezsearch_object_word_link (
  contentclass_attribute_id,
  contentclass_id,
  contentobject_id,
  frequency,
  id,
  identifier,
  integer_value,
  next_word_id,
  placement,
  prev_word_id,
  published,
  section_id,
  word_id
) VALUES (
  156,
  1,
  1,
  0,
  3516,
  '',
  0,
  0,
  389,
  389,
  1033917596,
  1,
  390
);

INSERT INTO ezsearch_word (
  id,
  object_count,
  word
) VALUES (
  57,
  1,
  'guest'
);
INSERT INTO ezsearch_word (
  id,
  object_count,
  word
) VALUES (
  58,
  1,
  'accounts'
);
INSERT INTO ezsearch_word (
  id,
  object_count,
  word
) VALUES (
  61,
  2,
  'administrator'
);
INSERT INTO ezsearch_word (
  id,
  object_count,
  word
) VALUES (
  62,
  2,
  'users'
);
INSERT INTO ezsearch_word (
  id,
  object_count,
  word
) VALUES (
  63,
  3,
  'user'
);
INSERT INTO ezsearch_word (
  id,
  object_count,
  word
) VALUES (
  64,
  1,
  'admin'
);
INSERT INTO ezsearch_word (
  id,
  object_count,
  word
) VALUES (
  65,
  2,
  'nospam@ez.no'
);
INSERT INTO ezsearch_word (
  id,
  object_count,
  word
) VALUES (
  66,
  1,
  'editors'
);
INSERT INTO ezsearch_word (
  id,
  object_count,
  word
) VALUES (
  67,
  2,
  'anonymous'
);
INSERT INTO ezsearch_word (
  id,
  object_count,
  word
) VALUES (
  68,
  1,
  'group'
);
INSERT INTO ezsearch_word (
  id,
  object_count,
  word
) VALUES (
  69,
  2,
  'for'
);
INSERT INTO ezsearch_word (
  id,
  object_count,
  word
) VALUES (
  70,
  2,
  'the'
);
INSERT INTO ezsearch_word (
  id,
  object_count,
  word
) VALUES (
  79,
  3,
  '1'
);
INSERT INTO ezsearch_word (
  id,
  object_count,
  word
) VALUES (
  85,
  2,
  'setup'
);
INSERT INTO ezsearch_word (
  id,
  object_count,
  word
) VALUES (
  86,
  1,
  '0'
);
INSERT INTO ezsearch_word (
  id,
  object_count,
  word
) VALUES (
  90,
  1,
  'images'
);
INSERT INTO ezsearch_word (
  id,
  object_count,
  word
) VALUES (
  101,
  1,
  'files'
);
INSERT INTO ezsearch_word (
  id,
  object_count,
  word
) VALUES (
  102,
  1,
  'multimedia'
);
INSERT INTO ezsearch_word (
  id,
  object_count,
  word
) VALUES (
  103,
  2,
  'common'
);
INSERT INTO ezsearch_word (
  id,
  object_count,
  word
) VALUES (
  104,
  1,
  'ini'
);
INSERT INTO ezsearch_word (
  id,
  object_count,
  word
) VALUES (
  105,
  1,
  'settings'
);
INSERT INTO ezsearch_word (
  id,
  object_count,
  word
) VALUES (
  106,
  1,
  'sitestyle_identifier'
);
INSERT INTO ezsearch_word (
  id,
  object_count,
  word
) VALUES (
  278,
  1,
  'welcome'
);
INSERT INTO ezsearch_word (
  id,
  object_count,
  word
) VALUES (
  279,
  1,
  'to'
);
INSERT INTO ezsearch_word (
  id,
  object_count,
  word
) VALUES (
  280,
  1,
  'ez'
);
INSERT INTO ezsearch_word (
  id,
  object_count,
  word
) VALUES (
  281,
  1,
  'publish'
);
INSERT INTO ezsearch_word (
  id,
  object_count,
  word
) VALUES (
  282,
  1,
  'is'
);
INSERT INTO ezsearch_word (
  id,
  object_count,
  word
) VALUES (
  283,
  1,
  'a'
);
INSERT INTO ezsearch_word (
  id,
  object_count,
  word
) VALUES (
  284,
  1,
  'popular'
);
INSERT INTO ezsearch_word (
  id,
  object_count,
  word
) VALUES (
  285,
  1,
  'open'
);
INSERT INTO ezsearch_word (
  id,
  object_count,
  word
) VALUES (
  286,
  1,
  'source'
);
INSERT INTO ezsearch_word (
  id,
  object_count,
  word
) VALUES (
  287,
  1,
  'content'
);
INSERT INTO ezsearch_word (
  id,
  object_count,
  word
) VALUES (
  288,
  1,
  'management'
);
INSERT INTO ezsearch_word (
  id,
  object_count,
  word
) VALUES (
  289,
  1,
  'system'
);
INSERT INTO ezsearch_word (
  id,
  object_count,
  word
) VALUES (
  290,
  1,
  'and'
);
INSERT INTO ezsearch_word (
  id,
  object_count,
  word
) VALUES (
  291,
  1,
  'development'
);
INSERT INTO ezsearch_word (
  id,
  object_count,
  word
) VALUES (
  292,
  1,
  'framework'
);
INSERT INTO ezsearch_word (
  id,
  object_count,
  word
) VALUES (
  293,
  1,
  'it'
);
INSERT INTO ezsearch_word (
  id,
  object_count,
  word
) VALUES (
  294,
  1,
  'allows'
);
INSERT INTO ezsearch_word (
  id,
  object_count,
  word
) VALUES (
  295,
  1,
  'of'
);
INSERT INTO ezsearch_word (
  id,
  object_count,
  word
) VALUES (
  296,
  1,
  'professional'
);
INSERT INTO ezsearch_word (
  id,
  object_count,
  word
) VALUES (
  297,
  1,
  'customized'
);
INSERT INTO ezsearch_word (
  id,
  object_count,
  word
) VALUES (
  298,
  1,
  'dynamic'
);
INSERT INTO ezsearch_word (
  id,
  object_count,
  word
) VALUES (
  299,
  1,
  'web'
);
INSERT INTO ezsearch_word (
  id,
  object_count,
  word
) VALUES (
  300,
  1,
  'solutions'
);
INSERT INTO ezsearch_word (
  id,
  object_count,
  word
) VALUES (
  301,
  1,
  'can'
);
INSERT INTO ezsearch_word (
  id,
  object_count,
  word
) VALUES (
  302,
  1,
  'be'
);
INSERT INTO ezsearch_word (
  id,
  object_count,
  word
) VALUES (
  303,
  1,
  'used'
);
INSERT INTO ezsearch_word (
  id,
  object_count,
  word
) VALUES (
  304,
  1,
  'build'
);
INSERT INTO ezsearch_word (
  id,
  object_count,
  word
) VALUES (
  305,
  1,
  'anything'
);
INSERT INTO ezsearch_word (
  id,
  object_count,
  word
) VALUES (
  306,
  1,
  'from'
);
INSERT INTO ezsearch_word (
  id,
  object_count,
  word
) VALUES (
  307,
  1,
  'personal'
);
INSERT INTO ezsearch_word (
  id,
  object_count,
  word
) VALUES (
  308,
  1,
  'homepage'
);
INSERT INTO ezsearch_word (
  id,
  object_count,
  word
) VALUES (
  309,
  1,
  'multinational'
);
INSERT INTO ezsearch_word (
  id,
  object_count,
  word
) VALUES (
  310,
  1,
  'corporate'
);
INSERT INTO ezsearch_word (
  id,
  object_count,
  word
) VALUES (
  311,
  1,
  'website'
);
INSERT INTO ezsearch_word (
  id,
  object_count,
  word
) VALUES (
  312,
  1,
  'with'
);
INSERT INTO ezsearch_word (
  id,
  object_count,
  word
) VALUES (
  313,
  1,
  'role'
);
INSERT INTO ezsearch_word (
  id,
  object_count,
  word
) VALUES (
  314,
  1,
  'based'
);
INSERT INTO ezsearch_word (
  id,
  object_count,
  word
) VALUES (
  315,
  1,
  'multiuser'
);
INSERT INTO ezsearch_word (
  id,
  object_count,
  word
) VALUES (
  316,
  1,
  'access'
);
INSERT INTO ezsearch_word (
  id,
  object_count,
  word
) VALUES (
  317,
  1,
  'online'
);
INSERT INTO ezsearch_word (
  id,
  object_count,
  word
) VALUES (
  318,
  1,
  'shopping'
);
INSERT INTO ezsearch_word (
  id,
  object_count,
  word
) VALUES (
  319,
  1,
  'discussion'
);
INSERT INTO ezsearch_word (
  id,
  object_count,
  word
) VALUES (
  320,
  1,
  'forums'
);
INSERT INTO ezsearch_word (
  id,
  object_count,
  word
) VALUES (
  321,
  1,
  'other'
);
INSERT INTO ezsearch_word (
  id,
  object_count,
  word
) VALUES (
  322,
  1,
  'advanced'
);
INSERT INTO ezsearch_word (
  id,
  object_count,
  word
) VALUES (
  323,
  1,
  'functionality'
);
INSERT INTO ezsearch_word (
  id,
  object_count,
  word
) VALUES (
  324,
  1,
  'in'
);
INSERT INTO ezsearch_word (
  id,
  object_count,
  word
) VALUES (
  325,
  1,
  'addition'
);
INSERT INTO ezsearch_word (
  id,
  object_count,
  word
) VALUES (
  326,
  1,
  'because'
);
INSERT INTO ezsearch_word (
  id,
  object_count,
  word
) VALUES (
  327,
  1,
  'its'
);
INSERT INTO ezsearch_word (
  id,
  object_count,
  word
) VALUES (
  328,
  1,
  'nature'
);
INSERT INTO ezsearch_word (
  id,
  object_count,
  word
) VALUES (
  329,
  1,
  'easily'
);
INSERT INTO ezsearch_word (
  id,
  object_count,
  word
) VALUES (
  330,
  1,
  'plugged'
);
INSERT INTO ezsearch_word (
  id,
  object_count,
  word
) VALUES (
  331,
  1,
  'into'
);
INSERT INTO ezsearch_word (
  id,
  object_count,
  word
) VALUES (
  332,
  1,
  'communicate'
);
INSERT INTO ezsearch_word (
  id,
  object_count,
  word
) VALUES (
  333,
  1,
  'coexist'
);
INSERT INTO ezsearch_word (
  id,
  object_count,
  word
) VALUES (
  334,
  1,
  'existing'
);
INSERT INTO ezsearch_word (
  id,
  object_count,
  word
) VALUES (
  335,
  1,
  'documentation'
);
INSERT INTO ezsearch_word (
  id,
  object_count,
  word
) VALUES (
  336,
  1,
  'guidance'
);
INSERT INTO ezsearch_word (
  id,
  object_count,
  word
) VALUES (
  337,
  1,
  'covers'
);
INSERT INTO ezsearch_word (
  id,
  object_count,
  word
) VALUES (
  338,
  1,
  'topics'
);
INSERT INTO ezsearch_word (
  id,
  object_count,
  word
) VALUES (
  339,
  1,
  'related'
);
INSERT INTO ezsearch_word (
  id,
  object_count,
  word
) VALUES (
  340,
  1,
  'daily'
);
INSERT INTO ezsearch_word (
  id,
  object_count,
  word
) VALUES (
  341,
  1,
  'use'
);
INSERT INTO ezsearch_word (
  id,
  object_count,
  word
) VALUES (
  342,
  1,
  'also'
);
INSERT INTO ezsearch_word (
  id,
  object_count,
  word
) VALUES (
  343,
  1,
  'some'
);
INSERT INTO ezsearch_word (
  id,
  object_count,
  word
) VALUES (
  344,
  1,
  'people'
);
INSERT INTO ezsearch_word (
  id,
  object_count,
  word
) VALUES (
  345,
  1,
  'who'
);
INSERT INTO ezsearch_word (
  id,
  object_count,
  word
) VALUES (
  346,
  1,
  'are'
);
INSERT INTO ezsearch_word (
  id,
  object_count,
  word
) VALUES (
  347,
  1,
  'unfamiliar'
);
INSERT INTO ezsearch_word (
  id,
  object_count,
  word
) VALUES (
  348,
  1,
  'should'
);
INSERT INTO ezsearch_word (
  id,
  object_count,
  word
) VALUES (
  349,
  1,
  'at'
);
INSERT INTO ezsearch_word (
  id,
  object_count,
  word
) VALUES (
  350,
  1,
  'least'
);
INSERT INTO ezsearch_word (
  id,
  object_count,
  word
) VALUES (
  351,
  1,
  'read'
);
INSERT INTO ezsearch_word (
  id,
  object_count,
  word
) VALUES (
  352,
  1,
  'basics'
);
INSERT INTO ezsearch_word (
  id,
  object_count,
  word
) VALUES (
  353,
  1,
  'chapter'
);
INSERT INTO ezsearch_word (
  id,
  object_count,
  word
) VALUES (
  354,
  1,
  'if'
);
INSERT INTO ezsearch_word (
  id,
  object_count,
  word
) VALUES (
  355,
  1,
  'you'
);
INSERT INTO ezsearch_word (
  id,
  object_count,
  word
) VALUES (
  356,
  1,
  're'
);
INSERT INTO ezsearch_word (
  id,
  object_count,
  word
) VALUES (
  357,
  1,
  'unable'
);
INSERT INTO ezsearch_word (
  id,
  object_count,
  word
) VALUES (
  358,
  1,
  'find'
);
INSERT INTO ezsearch_word (
  id,
  object_count,
  word
) VALUES (
  359,
  1,
  'an'
);
INSERT INTO ezsearch_word (
  id,
  object_count,
  word
) VALUES (
  360,
  1,
  'answer'
);
INSERT INTO ezsearch_word (
  id,
  object_count,
  word
) VALUES (
  361,
  1,
  'solution'
);
INSERT INTO ezsearch_word (
  id,
  object_count,
  word
) VALUES (
  362,
  1,
  'specific'
);
INSERT INTO ezsearch_word (
  id,
  object_count,
  word
) VALUES (
  363,
  1,
  'question'
);
INSERT INTO ezsearch_word (
  id,
  object_count,
  word
) VALUES (
  364,
  1,
  'problem'
);
INSERT INTO ezsearch_word (
  id,
  object_count,
  word
) VALUES (
  365,
  1,
  'within'
);
INSERT INTO ezsearch_word (
  id,
  object_count,
  word
) VALUES (
  366,
  1,
  'pages'
);
INSERT INTO ezsearch_word (
  id,
  object_count,
  word
) VALUES (
  367,
  1,
  'make'
);
INSERT INTO ezsearch_word (
  id,
  object_count,
  word
) VALUES (
  368,
  1,
  'official'
);
INSERT INTO ezsearch_word (
  id,
  object_count,
  word
) VALUES (
  369,
  1,
  'forum'
);
INSERT INTO ezsearch_word (
  id,
  object_count,
  word
) VALUES (
  370,
  1,
  'need'
);
INSERT INTO ezsearch_word (
  id,
  object_count,
  word
) VALUES (
  371,
  1,
  'help'
);
INSERT INTO ezsearch_word (
  id,
  object_count,
  word
) VALUES (
  372,
  1,
  'purchase'
);
INSERT INTO ezsearch_word (
  id,
  object_count,
  word
) VALUES (
  373,
  1,
  'support'
);
INSERT INTO ezsearch_word (
  id,
  object_count,
  word
) VALUES (
  374,
  1,
  'or'
);
INSERT INTO ezsearch_word (
  id,
  object_count,
  word
) VALUES (
  375,
  1,
  'consulting'
);
INSERT INTO ezsearch_word (
  id,
  object_count,
  word
) VALUES (
  376,
  1,
  'services'
);
INSERT INTO ezsearch_word (
  id,
  object_count,
  word
) VALUES (
  377,
  1,
  'possible'
);
INSERT INTO ezsearch_word (
  id,
  object_count,
  word
) VALUES (
  378,
  1,
  'sign'
);
INSERT INTO ezsearch_word (
  id,
  object_count,
  word
) VALUES (
  379,
  1,
  'up'
);
INSERT INTO ezsearch_word (
  id,
  object_count,
  word
) VALUES (
  380,
  1,
  'various'
);
INSERT INTO ezsearch_word (
  id,
  object_count,
  word
) VALUES (
  381,
  1,
  'training'
);
INSERT INTO ezsearch_word (
  id,
  object_count,
  word
) VALUES (
  382,
  1,
  'sessions'
);
INSERT INTO ezsearch_word (
  id,
  object_count,
  word
) VALUES (
  383,
  1,
  'more'
);
INSERT INTO ezsearch_word (
  id,
  object_count,
  word
) VALUES (
  384,
  1,
  'information'
);
INSERT INTO ezsearch_word (
  id,
  object_count,
  word
) VALUES (
  385,
  1,
  'about'
);
INSERT INTO ezsearch_word (
  id,
  object_count,
  word
) VALUES (
  386,
  1,
  'products'
);
INSERT INTO ezsearch_word (
  id,
  object_count,
  word
) VALUES (
  387,
  1,
  'systems'
);
INSERT INTO ezsearch_word (
  id,
  object_count,
  word
) VALUES (
  388,
  1,
  'please'
);
INSERT INTO ezsearch_word (
  id,
  object_count,
  word
) VALUES (
  389,
  1,
  'visit'
);
INSERT INTO ezsearch_word (
  id,
  object_count,
  word
) VALUES (
  390,
  1,
  'ez.no'
);

INSERT INTO ezsection (
  id,
  locale,
  name,
  navigation_part_identifier
) VALUES (
  1,
  '',
  'Standard',
  'ezcontentnavigationpart'
);
INSERT INTO ezsection (
  id,
  locale,
  name,
  navigation_part_identifier
) VALUES (
  2,
  '',
  'Users',
  'ezusernavigationpart'
);
INSERT INTO ezsection (
  id,
  locale,
  name,
  navigation_part_identifier
) VALUES (
  3,
  '',
  'Media',
  'ezmedianavigationpart'
);
INSERT INTO ezsection (
  id,
  locale,
  name,
  navigation_part_identifier
) VALUES (
  4,
  '',
  'Setup',
  'ezsetupnavigationpart'
);
INSERT INTO ezsection (
  id,
  locale,
  name,
  navigation_part_identifier
) VALUES (
  5,
  '',
  'Design',
  'ezvisualnavigationpart'
);

INSERT INTO ezsite_data (
  name,
  value
) VALUES (
  'ezpublish-release',
  '1'
);
INSERT INTO ezsite_data (
  name,
  value
) VALUES (
  'ezpublish-version',
  '4.3.0'
);

INSERT INTO ezurl (
  created,
  id,
  is_valid,
  last_checked,
  modified,
  original_url_md5,
  url
) VALUES (
  1082368571,
  1,
  1,
  0,
  1082368571,
  '1c4c1d746fbd23350bcfa5e978841f23',
  'http://ez.no/ez_publish/documentation'
);
INSERT INTO ezurl (
  created,
  id,
  is_valid,
  last_checked,
  modified,
  original_url_md5,
  url
) VALUES (
  1082368571,
  4,
  1,
  0,
  1082368571,
  '41caff1d7f5ad51e70ad46abbcf28fb7',
  'http://ez.no/community/forum'
);
INSERT INTO ezurl (
  created,
  id,
  is_valid,
  last_checked,
  modified,
  original_url_md5,
  url
) VALUES (
  1082368571,
  5,
  1,
  0,
  1082368571,
  '7f0bed2dad9e69cc2c573d0868fe1a00',
  'http://ez.no/services/support'
);
INSERT INTO ezurl (
  created,
  id,
  is_valid,
  last_checked,
  modified,
  original_url_md5,
  url
) VALUES (
  1082368571,
  6,
  1,
  0,
  1082368571,
  '90c2b2894d43ee98fd5df8452dbfbfbd',
  'http://ez.no/services/consulting'
);
INSERT INTO ezurl (
  created,
  id,
  is_valid,
  last_checked,
  modified,
  original_url_md5,
  url
) VALUES (
  1082368571,
  7,
  1,
  0,
  1082368571,
  '23b22a1f1e566e15dead54b6d1b42706',
  'http://ez.no/services/training'
);
INSERT INTO ezurl (
  created,
  id,
  is_valid,
  last_checked,
  modified,
  original_url_md5,
  url
) VALUES (
  1082368571,
  8,
  1,
  0,
  1082368571,
  'dfcdb471b240d964dc3f57b998eb0533',
  'http://ez.no'
);

INSERT INTO ezurl_object_link (
  contentobject_attribute_id,
  contentobject_attribute_version,
  url_id
) VALUES (
  104,
  3,
  1
);
INSERT INTO ezurl_object_link (
  contentobject_attribute_id,
  contentobject_attribute_version,
  url_id
) VALUES (
  104,
  3,
  4
);
INSERT INTO ezurl_object_link (
  contentobject_attribute_id,
  contentobject_attribute_version,
  url_id
) VALUES (
  104,
  3,
  5
);
INSERT INTO ezurl_object_link (
  contentobject_attribute_id,
  contentobject_attribute_version,
  url_id
) VALUES (
  104,
  3,
  6
);
INSERT INTO ezurl_object_link (
  contentobject_attribute_id,
  contentobject_attribute_version,
  url_id
) VALUES (
  104,
  3,
  7
);
INSERT INTO ezurl_object_link (
  contentobject_attribute_id,
  contentobject_attribute_version,
  url_id
) VALUES (
  104,
  3,
  8
);

INSERT INTO ezurlalias (
  destination_url,
  forward_to_id,
  id,
  is_imported,
  is_internal,
  is_wildcard,
  source_md5,
  source_url
) VALUES (
  'content/view/full/2',
  0,
  12,
  1,
  1,
  0,
  'd41d8cd98f00b204e9800998ecf8427e',
  ''
);
INSERT INTO ezurlalias (
  destination_url,
  forward_to_id,
  id,
  is_imported,
  is_internal,
  is_wildcard,
  source_md5,
  source_url
) VALUES (
  'content/view/full/5',
  0,
  13,
  1,
  1,
  0,
  '9bc65c2abec141778ffaa729489f3e87',
  'users'
);
INSERT INTO ezurlalias (
  destination_url,
  forward_to_id,
  id,
  is_imported,
  is_internal,
  is_wildcard,
  source_md5,
  source_url
) VALUES (
  'content/view/full/12',
  0,
  15,
  1,
  1,
  0,
  '02d4e844e3a660857a3f81585995ffe1',
  'users/guest_accounts'
);
INSERT INTO ezurlalias (
  destination_url,
  forward_to_id,
  id,
  is_imported,
  is_internal,
  is_wildcard,
  source_md5,
  source_url
) VALUES (
  'content/view/full/13',
  0,
  16,
  1,
  1,
  0,
  '1b1d79c16700fd6003ea7be233e754ba',
  'users/administrator_users'
);
INSERT INTO ezurlalias (
  destination_url,
  forward_to_id,
  id,
  is_imported,
  is_internal,
  is_wildcard,
  source_md5,
  source_url
) VALUES (
  'content/view/full/14',
  0,
  17,
  1,
  1,
  0,
  '0bb9dd665c96bbc1cf36b79180786dea',
  'users/editors'
);
INSERT INTO ezurlalias (
  destination_url,
  forward_to_id,
  id,
  is_imported,
  is_internal,
  is_wildcard,
  source_md5,
  source_url
) VALUES (
  'content/view/full/15',
  0,
  18,
  1,
  1,
  0,
  'f1305ac5f327a19b451d82719e0c3f5d',
  'users/administrator_users/administrator_user'
);
INSERT INTO ezurlalias (
  destination_url,
  forward_to_id,
  id,
  is_imported,
  is_internal,
  is_wildcard,
  source_md5,
  source_url
) VALUES (
  'content/view/full/43',
  0,
  20,
  1,
  1,
  0,
  '62933a2951ef01f4eafd9bdf4d3cd2f0',
  'media'
);
INSERT INTO ezurlalias (
  destination_url,
  forward_to_id,
  id,
  is_imported,
  is_internal,
  is_wildcard,
  source_md5,
  source_url
) VALUES (
  'content/view/full/44',
  0,
  21,
  1,
  1,
  0,
  '3ae1aac958e1c82013689d917d34967a',
  'users/anonymous_users'
);
INSERT INTO ezurlalias (
  destination_url,
  forward_to_id,
  id,
  is_imported,
  is_internal,
  is_wildcard,
  source_md5,
  source_url
) VALUES (
  'content/view/full/45',
  0,
  22,
  1,
  1,
  0,
  'aad93975f09371695ba08292fd9698db',
  'users/anonymous_users/anonymous_user'
);
INSERT INTO ezurlalias (
  destination_url,
  forward_to_id,
  id,
  is_imported,
  is_internal,
  is_wildcard,
  source_md5,
  source_url
) VALUES (
  'content/view/full/48',
  0,
  25,
  1,
  1,
  0,
  'a0f848942ce863cf53c0fa6cc684007d',
  'setup'
);
INSERT INTO ezurlalias (
  destination_url,
  forward_to_id,
  id,
  is_imported,
  is_internal,
  is_wildcard,
  source_md5,
  source_url
) VALUES (
  'content/view/full/50',
  0,
  27,
  1,
  1,
  0,
  'c60212835de76414f9bfd21eecb8f221',
  'foo_bar_folder/images/vbanner'
);
INSERT INTO ezurlalias (
  destination_url,
  forward_to_id,
  id,
  is_imported,
  is_internal,
  is_wildcard,
  source_md5,
  source_url
) VALUES (
  'content/view/full/51',
  0,
  28,
  1,
  1,
  0,
  '38985339d4a5aadfc41ab292b4527046',
  'media/images'
);
INSERT INTO ezurlalias (
  destination_url,
  forward_to_id,
  id,
  is_imported,
  is_internal,
  is_wildcard,
  source_md5,
  source_url
) VALUES (
  'content/view/full/52',
  0,
  29,
  1,
  1,
  0,
  'ad5a8c6f6aac3b1b9df267fe22e7aef6',
  'media/files'
);
INSERT INTO ezurlalias (
  destination_url,
  forward_to_id,
  id,
  is_imported,
  is_internal,
  is_wildcard,
  source_md5,
  source_url
) VALUES (
  'content/view/full/53',
  0,
  30,
  1,
  1,
  0,
  '562a0ac498571c6c3529173184a2657c',
  'media/multimedia'
);
INSERT INTO ezurlalias (
  destination_url,
  forward_to_id,
  id,
  is_imported,
  is_internal,
  is_wildcard,
  source_md5,
  source_url
) VALUES (
  'content/view/full/54',
  0,
  31,
  1,
  1,
  0,
  'e501fe6c81ed14a5af2b322d248102d8',
  'setup/common_ini_settings'
);
INSERT INTO ezurlalias (
  destination_url,
  forward_to_id,
  id,
  is_imported,
  is_internal,
  is_wildcard,
  source_md5,
  source_url
) VALUES (
  'content/view/full/56',
  0,
  32,
  1,
  1,
  0,
  '2dd3db5dc7122ea5f3ee539bb18fe97d',
  'design/ez_publish'
);
INSERT INTO ezurlalias (
  destination_url,
  forward_to_id,
  id,
  is_imported,
  is_internal,
  is_wildcard,
  source_md5,
  source_url
) VALUES (
  'content/view/full/58',
  0,
  33,
  1,
  1,
  0,
  '31c13f47ad87dd7baa2d558a91e0fbb9',
  'design'
);

INSERT INTO ezurlalias_ml (
  action,
  action_type,
  alias_redirects,
  id,
  is_alias,
  is_original,
  lang_mask,
  link,
  parent,
  text,
  text_md5
) VALUES (
  'nop:',
  'nop',
  1,
  14,
  0,
  0,
  1,
  14,
  0,
  'foo_bar_folder',
  '0288b6883046492fa92e4a84eb67acc9'
);
INSERT INTO ezurlalias_ml (
  action,
  action_type,
  alias_redirects,
  id,
  is_alias,
  is_original,
  lang_mask,
  link,
  parent,
  text,
  text_md5
) VALUES (
  'eznode:58',
  'eznode',
  1,
  25,
  0,
  1,
  3,
  25,
  0,
  'Design',
  '31c13f47ad87dd7baa2d558a91e0fbb9'
);
INSERT INTO ezurlalias_ml (
  action,
  action_type,
  alias_redirects,
  id,
  is_alias,
  is_original,
  lang_mask,
  link,
  parent,
  text,
  text_md5
) VALUES (
  'eznode:48',
  'eznode',
  1,
  13,
  0,
  1,
  3,
  13,
  0,
  'Setup2',
  '475e97c0146bfb1c490339546d9e72ee'
);
INSERT INTO ezurlalias_ml (
  action,
  action_type,
  alias_redirects,
  id,
  is_alias,
  is_original,
  lang_mask,
  link,
  parent,
  text,
  text_md5
) VALUES (
  'nop:',
  'nop',
  1,
  17,
  0,
  0,
  1,
  17,
  0,
  'media2',
  '50e2736330de124f6edea9b008556fe6'
);
INSERT INTO ezurlalias_ml (
  action,
  action_type,
  alias_redirects,
  id,
  is_alias,
  is_original,
  lang_mask,
  link,
  parent,
  text,
  text_md5
) VALUES (
  'eznode:43',
  'eznode',
  1,
  9,
  0,
  1,
  3,
  9,
  0,
  'Media',
  '62933a2951ef01f4eafd9bdf4d3cd2f0'
);
INSERT INTO ezurlalias_ml (
  action,
  action_type,
  alias_redirects,
  id,
  is_alias,
  is_original,
  lang_mask,
  link,
  parent,
  text,
  text_md5
) VALUES (
  'nop:',
  'nop',
  1,
  21,
  0,
  0,
  1,
  21,
  0,
  'setup3',
  '732cefcf28bf4547540609fb1a786a30'
);
INSERT INTO ezurlalias_ml (
  action,
  action_type,
  alias_redirects,
  id,
  is_alias,
  is_original,
  lang_mask,
  link,
  parent,
  text,
  text_md5
) VALUES (
  'nop:',
  'nop',
  1,
  3,
  0,
  0,
  1,
  3,
  0,
  'users2',
  '86425c35a33507d479f71ade53a669aa'
);
INSERT INTO ezurlalias_ml (
  action,
  action_type,
  alias_redirects,
  id,
  is_alias,
  is_original,
  lang_mask,
  link,
  parent,
  text,
  text_md5
) VALUES (
  'eznode:5',
  'eznode',
  1,
  2,
  0,
  1,
  3,
  2,
  0,
  'Users',
  '9bc65c2abec141778ffaa729489f3e87'
);
INSERT INTO ezurlalias_ml (
  action,
  action_type,
  alias_redirects,
  id,
  is_alias,
  is_original,
  lang_mask,
  link,
  parent,
  text,
  text_md5
) VALUES (
  'eznode:2',
  'eznode',
  1,
  1,
  0,
  1,
  3,
  1,
  0,
  '',
  'd41d8cd98f00b204e9800998ecf8427e'
);
INSERT INTO ezurlalias_ml (
  action,
  action_type,
  alias_redirects,
  id,
  is_alias,
  is_original,
  lang_mask,
  link,
  parent,
  text,
  text_md5
) VALUES (
  'eznode:14',
  'eznode',
  1,
  6,
  0,
  1,
  3,
  6,
  2,
  'Editors',
  'a147e136bfa717592f2bd70bd4b53b17'
);
INSERT INTO ezurlalias_ml (
  action,
  action_type,
  alias_redirects,
  id,
  is_alias,
  is_original,
  lang_mask,
  link,
  parent,
  text,
  text_md5
) VALUES (
  'eznode:44',
  'eznode',
  1,
  10,
  0,
  1,
  3,
  10,
  2,
  'Anonymous-Users',
  'c2803c3fa1b0b5423237b4e018cae755'
);
INSERT INTO ezurlalias_ml (
  action,
  action_type,
  alias_redirects,
  id,
  is_alias,
  is_original,
  lang_mask,
  link,
  parent,
  text,
  text_md5
) VALUES (
  'eznode:12',
  'eznode',
  1,
  4,
  0,
  1,
  3,
  4,
  2,
  'Guest-accounts',
  'e57843d836e3af8ab611fde9e2139b3a'
);
INSERT INTO ezurlalias_ml (
  action,
  action_type,
  alias_redirects,
  id,
  is_alias,
  is_original,
  lang_mask,
  link,
  parent,
  text,
  text_md5
) VALUES (
  'eznode:13',
  'eznode',
  1,
  5,
  0,
  1,
  3,
  5,
  2,
  'Administrator-users',
  'f89fad7f8a3abc8c09e1deb46a420007'
);
INSERT INTO ezurlalias_ml (
  action,
  action_type,
  alias_redirects,
  id,
  is_alias,
  is_original,
  lang_mask,
  link,
  parent,
  text,
  text_md5
) VALUES (
  'nop:',
  'nop',
  1,
  11,
  0,
  0,
  1,
  11,
  3,
  'anonymous_users2',
  '505e93077a6dde9034ad97a14ab022b1'
);
INSERT INTO ezurlalias_ml (
  action,
  action_type,
  alias_redirects,
  id,
  is_alias,
  is_original,
  lang_mask,
  link,
  parent,
  text,
  text_md5
) VALUES (
  'eznode:12',
  'eznode',
  1,
  26,
  0,
  0,
  1,
  4,
  3,
  'guest_accounts',
  '70bb992820e73638731aa8de79b3329e'
);
INSERT INTO ezurlalias_ml (
  action,
  action_type,
  alias_redirects,
  id,
  is_alias,
  is_original,
  lang_mask,
  link,
  parent,
  text,
  text_md5
) VALUES (
  'eznode:14',
  'eznode',
  1,
  29,
  0,
  0,
  1,
  6,
  3,
  'editors',
  'a147e136bfa717592f2bd70bd4b53b17'
);
INSERT INTO ezurlalias_ml (
  action,
  action_type,
  alias_redirects,
  id,
  is_alias,
  is_original,
  lang_mask,
  link,
  parent,
  text,
  text_md5
) VALUES (
  'nop:',
  'nop',
  1,
  7,
  0,
  0,
  1,
  7,
  3,
  'administrator_users2',
  'a7da338c20bf65f9f789c87296379c2a'
);
INSERT INTO ezurlalias_ml (
  action,
  action_type,
  alias_redirects,
  id,
  is_alias,
  is_original,
  lang_mask,
  link,
  parent,
  text,
  text_md5
) VALUES (
  'eznode:13',
  'eznode',
  1,
  27,
  0,
  0,
  1,
  5,
  3,
  'administrator_users',
  'aeb8609aa933b0899aa012c71139c58c'
);
INSERT INTO ezurlalias_ml (
  action,
  action_type,
  alias_redirects,
  id,
  is_alias,
  is_original,
  lang_mask,
  link,
  parent,
  text,
  text_md5
) VALUES (
  'eznode:44',
  'eznode',
  1,
  30,
  0,
  0,
  1,
  10,
  3,
  'anonymous_users',
  'e9e5ad0c05ee1a43715572e5cc545926'
);
INSERT INTO ezurlalias_ml (
  action,
  action_type,
  alias_redirects,
  id,
  is_alias,
  is_original,
  lang_mask,
  link,
  parent,
  text,
  text_md5
) VALUES (
  'eznode:15',
  'eznode',
  1,
  8,
  0,
  1,
  3,
  8,
  5,
  'Administrator-User',
  '5a9d7b0ec93173ef4fedee023209cb61'
);
INSERT INTO ezurlalias_ml (
  action,
  action_type,
  alias_redirects,
  id,
  is_alias,
  is_original,
  lang_mask,
  link,
  parent,
  text,
  text_md5
) VALUES (
  'eznode:15',
  'eznode',
  1,
  28,
  0,
  0,
  1,
  8,
  7,
  'administrator_user',
  'a3cca2de936df1e2f805710399989971'
);
INSERT INTO ezurlalias_ml (
  action,
  action_type,
  alias_redirects,
  id,
  is_alias,
  is_original,
  lang_mask,
  link,
  parent,
  text,
  text_md5
) VALUES (
  'eznode:53',
  'eznode',
  1,
  20,
  0,
  1,
  3,
  20,
  9,
  'Multimedia',
  '2e5bc8831f7ae6a29530e7f1bbf2de9c'
);
INSERT INTO ezurlalias_ml (
  action,
  action_type,
  alias_redirects,
  id,
  is_alias,
  is_original,
  lang_mask,
  link,
  parent,
  text,
  text_md5
) VALUES (
  'eznode:52',
  'eznode',
  1,
  19,
  0,
  1,
  3,
  19,
  9,
  'Files',
  '45b963397aa40d4a0063e0d85e4fe7a1'
);
INSERT INTO ezurlalias_ml (
  action,
  action_type,
  alias_redirects,
  id,
  is_alias,
  is_original,
  lang_mask,
  link,
  parent,
  text,
  text_md5
) VALUES (
  'eznode:51',
  'eznode',
  1,
  18,
  0,
  1,
  3,
  18,
  9,
  'Images',
  '59b514174bffe4ae402b3d63aad79fe0'
);
INSERT INTO ezurlalias_ml (
  action,
  action_type,
  alias_redirects,
  id,
  is_alias,
  is_original,
  lang_mask,
  link,
  parent,
  text,
  text_md5
) VALUES (
  'eznode:45',
  'eznode',
  1,
  12,
  0,
  1,
  3,
  12,
  10,
  'Anonymous-User',
  'ccb62ebca03a31272430bc414bd5cd5b'
);
INSERT INTO ezurlalias_ml (
  action,
  action_type,
  alias_redirects,
  id,
  is_alias,
  is_original,
  lang_mask,
  link,
  parent,
  text,
  text_md5
) VALUES (
  'eznode:45',
  'eznode',
  1,
  31,
  0,
  0,
  1,
  12,
  11,
  'anonymous_user',
  'c593ec85293ecb0e02d50d4c5c6c20eb'
);
INSERT INTO ezurlalias_ml (
  action,
  action_type,
  alias_redirects,
  id,
  is_alias,
  is_original,
  lang_mask,
  link,
  parent,
  text,
  text_md5
) VALUES (
  'eznode:54',
  'eznode',
  1,
  22,
  0,
  1,
  2,
  22,
  13,
  'Common-INI-settings',
  '4434993ac013ae4d54bb1f51034d6401'
);
INSERT INTO ezurlalias_ml (
  action,
  action_type,
  alias_redirects,
  id,
  is_alias,
  is_original,
  lang_mask,
  link,
  parent,
  text,
  text_md5
) VALUES (
  'nop:',
  'nop',
  1,
  15,
  0,
  0,
  1,
  15,
  14,
  'images',
  '59b514174bffe4ae402b3d63aad79fe0'
);
INSERT INTO ezurlalias_ml (
  action,
  action_type,
  alias_redirects,
  id,
  is_alias,
  is_original,
  lang_mask,
  link,
  parent,
  text,
  text_md5
) VALUES (
  'eznode:50',
  'eznode',
  1,
  16,
  0,
  1,
  2,
  16,
  15,
  'vbanner',
  'c54e2d1b93642e280bdc5d99eab2827d'
);
INSERT INTO ezurlalias_ml (
  action,
  action_type,
  alias_redirects,
  id,
  is_alias,
  is_original,
  lang_mask,
  link,
  parent,
  text,
  text_md5
) VALUES (
  'eznode:53',
  'eznode',
  1,
  34,
  0,
  0,
  1,
  20,
  17,
  'multimedia',
  '2e5bc8831f7ae6a29530e7f1bbf2de9c'
);
INSERT INTO ezurlalias_ml (
  action,
  action_type,
  alias_redirects,
  id,
  is_alias,
  is_original,
  lang_mask,
  link,
  parent,
  text,
  text_md5
) VALUES (
  'eznode:52',
  'eznode',
  1,
  33,
  0,
  0,
  1,
  19,
  17,
  'files',
  '45b963397aa40d4a0063e0d85e4fe7a1'
);
INSERT INTO ezurlalias_ml (
  action,
  action_type,
  alias_redirects,
  id,
  is_alias,
  is_original,
  lang_mask,
  link,
  parent,
  text,
  text_md5
) VALUES (
  'eznode:51',
  'eznode',
  1,
  32,
  0,
  0,
  1,
  18,
  17,
  'images',
  '59b514174bffe4ae402b3d63aad79fe0'
);
INSERT INTO ezurlalias_ml (
  action,
  action_type,
  alias_redirects,
  id,
  is_alias,
  is_original,
  lang_mask,
  link,
  parent,
  text,
  text_md5
) VALUES (
  'eznode:54',
  'eznode',
  1,
  35,
  0,
  0,
  1,
  22,
  21,
  'common_ini_settings',
  'e59d6834e86cee752ed841f9cd8d5baf'
);
INSERT INTO ezurlalias_ml (
  action,
  action_type,
  alias_redirects,
  id,
  is_alias,
  is_original,
  lang_mask,
  link,
  parent,
  text,
  text_md5
) VALUES (
  'eznode:56',
  'eznode',
  1,
  24,
  0,
  1,
  2,
  24,
  25,
  'eZ-publish',
  '10e4c3cb527fb9963258469986c16240'
);

INSERT INTO ezurlalias_ml_incr (
  id
) VALUES (
  1
);
INSERT INTO ezurlalias_ml_incr (
  id
) VALUES (
  2
);
INSERT INTO ezurlalias_ml_incr (
  id
) VALUES (
  3
);
INSERT INTO ezurlalias_ml_incr (
  id
) VALUES (
  4
);
INSERT INTO ezurlalias_ml_incr (
  id
) VALUES (
  5
);
INSERT INTO ezurlalias_ml_incr (
  id
) VALUES (
  6
);
INSERT INTO ezurlalias_ml_incr (
  id
) VALUES (
  7
);
INSERT INTO ezurlalias_ml_incr (
  id
) VALUES (
  8
);
INSERT INTO ezurlalias_ml_incr (
  id
) VALUES (
  9
);
INSERT INTO ezurlalias_ml_incr (
  id
) VALUES (
  10
);
INSERT INTO ezurlalias_ml_incr (
  id
) VALUES (
  11
);
INSERT INTO ezurlalias_ml_incr (
  id
) VALUES (
  12
);
INSERT INTO ezurlalias_ml_incr (
  id
) VALUES (
  13
);
INSERT INTO ezurlalias_ml_incr (
  id
) VALUES (
  14
);
INSERT INTO ezurlalias_ml_incr (
  id
) VALUES (
  15
);
INSERT INTO ezurlalias_ml_incr (
  id
) VALUES (
  16
);
INSERT INTO ezurlalias_ml_incr (
  id
) VALUES (
  17
);
INSERT INTO ezurlalias_ml_incr (
  id
) VALUES (
  18
);
INSERT INTO ezurlalias_ml_incr (
  id
) VALUES (
  19
);
INSERT INTO ezurlalias_ml_incr (
  id
) VALUES (
  20
);
INSERT INTO ezurlalias_ml_incr (
  id
) VALUES (
  21
);
INSERT INTO ezurlalias_ml_incr (
  id
) VALUES (
  22
);
INSERT INTO ezurlalias_ml_incr (
  id
) VALUES (
  24
);
INSERT INTO ezurlalias_ml_incr (
  id
) VALUES (
  25
);
INSERT INTO ezurlalias_ml_incr (
  id
) VALUES (
  26
);
INSERT INTO ezurlalias_ml_incr (
  id
) VALUES (
  27
);
INSERT INTO ezurlalias_ml_incr (
  id
) VALUES (
  28
);
INSERT INTO ezurlalias_ml_incr (
  id
) VALUES (
  29
);
INSERT INTO ezurlalias_ml_incr (
  id
) VALUES (
  30
);
INSERT INTO ezurlalias_ml_incr (
  id
) VALUES (
  31
);
INSERT INTO ezurlalias_ml_incr (
  id
) VALUES (
  32
);
INSERT INTO ezurlalias_ml_incr (
  id
) VALUES (
  33
);
INSERT INTO ezurlalias_ml_incr (
  id
) VALUES (
  34
);
INSERT INTO ezurlalias_ml_incr (
  id
) VALUES (
  35
);

INSERT INTO ezuser (
  contentobject_id,
  email,
  login,
  password_hash,
  password_hash_type
) VALUES (
  10,
  'nospam@ez.no',
  'anonymous',
  '4e6f6184135228ccd45f8233d72a0363',
  2
);
INSERT INTO ezuser (
  contentobject_id,
  email,
  login,
  password_hash,
  password_hash_type
) VALUES (
  14,
  'nospam@ez.no',
  'admin',
  'c78e3b0f3d9244ed8c6d1c29464bdff9',
  2
);

INSERT INTO ezuser_role (
  contentobject_id,
  id,
  limit_identifier,
  limit_value,
  role_id
) VALUES (
  12,
  25,
  '',
  '',
  2
);
INSERT INTO ezuser_role (
  contentobject_id,
  id,
  limit_identifier,
  limit_value,
  role_id
) VALUES (
  11,
  28,
  '',
  '',
  1
);
INSERT INTO ezuser_role (
  contentobject_id,
  id,
  limit_identifier,
  limit_value,
  role_id
) VALUES (
  42,
  31,
  '',
  '',
  1
);
INSERT INTO ezuser_role (
  contentobject_id,
  id,
  limit_identifier,
  limit_value,
  role_id
) VALUES (
  13,
  32,
  'Subtree',
  '/1/2/',
  3
);
INSERT INTO ezuser_role (
  contentobject_id,
  id,
  limit_identifier,
  limit_value,
  role_id
) VALUES (
  13,
  33,
  'Subtree',
  '/1/43/',
  3
);

INSERT INTO ezuser_setting (
  is_enabled,
  max_login,
  user_id
) VALUES (
  1,
  1000,
  10
);
INSERT INTO ezuser_setting (
  is_enabled,
  max_login,
  user_id
) VALUES (
  1,
  10,
  14
);

INSERT INTO ezvattype (
  id,
  name,
  percentage
) VALUES (
  1,
  'Std',
  0
);

INSERT INTO ezworkflow_group (
  created,
  creator_id,
  id,
  modified,
  modifier_id,
  name
) VALUES (
  1024392098,
  14,
  1,
  1024392098,
  14,
  'Standard'
);